{"id":5149,"date":"2024-09-25T11:41:33","date_gmt":"2024-09-25T09:41:33","guid":{"rendered":"https:\/\/devs.openbaz.be\/stics\/?post_type=publications&#038;p=5149"},"modified":"2026-01-12T16:07:21","modified_gmt":"2026-01-12T15:07:21","slug":"assises-du-logement-et-du-travail-social-actes-du-colloque-du-jeudi-18-avril-2024","status":"publish","type":"ressource_n","link":"https:\/\/devs.openbaz.be\/stics\/ressource\/assises-du-logement-et-du-travail-social-actes-du-colloque-du-jeudi-18-avril-2024\/","title":{"rendered":"Assises du Logement et du Travail social &#8211; Actes du colloque du jeudi 18 avril 2024"},"content":{"rendered":"<p class=\"p1\">Le jeudi 18 avril 2024, un colloque sur le logement et le travail social a \u00e9t\u00e9 organis\u00e9 au cin\u00e9ma Nova \u00e0 Bruxelles, \u00e0 l\u2019initiative du Syndicat des Locataires, avec le soutien du Stics asbl, du CPAS d\u2019Anderlecht, de Mme Nawal Ben Hamou, Secr\u00e9taire d&#8217;\u00c9tat au Logement. Cette journ\u00e9e de r\u00e9flexion et de d\u00e9bat faisait suite \u00e0 un processus de concertation entre acteurs associatifs, acad\u00e9miques et publics d\u00e9but\u00e9 fin 2023 ayant pour but de soumettre des recommandations aux candidat\u00b7e\u00b7s aux \u00e9lections r\u00e9gionales de juin 2024 et aux \u00e9lections communales d&#8217;octobre 2024.<\/p>\n<p class=\"p1\">\u00c0 l&#8217;issue de cette journ\u00e9e de d\u00e9bat et de r\u00e9flexion, nous avons produit un rapport final reprenant le compte-rendu d\u00e9taill\u00e9 des interventions des organisateurs, des experts et t\u00e9moins et du panel politique, des \u00e9changes avec le public pr\u00e9sent, ainsi que l&#8217;ensemble des pistes et recommandations d&#8217;\u00e9volutions l\u00e9gislatives en mati\u00e8re de loyers, de baux, de fiscalit\u00e9, de cohabitation et d&#8217;inoccupation.<\/p>","protected":false},"excerpt":{"rendered":"<p>Le jeudi 18 avril 2024, un colloque sur le logement et le travail social a \u00e9t\u00e9 organis\u00e9 au cin\u00e9ma Nova \u00e0 Bruxelles, \u00e0 l\u2019initiative du Syndicat des Locataires, avec le soutien du Stics asbl, du CPAS d\u2019Anderlecht, de Mme Nawal Ben Hamou, Secr\u00e9taire d&#8217;\u00c9tat au Logement. Cette journ\u00e9e de r\u00e9flexion et de d\u00e9bat faisait suite [&hellip;]<\/p>","protected":false},"author":1,"featured_media":5669,"parent":0,"template":"","meta":{"_acf_changed":false,"_seopress_robots_primary_cat":"","_seopress_titles_title":"","_seopress_titles_desc":"","_seopress_robots_index":"","_formation_external_id":"","_formation_date_debut":"","_formation_date_fin":"","_formation_heure_debut":"","_formation_heure_fin":"","_formation_cancelled":"","_formation_youtube":"","_formation_tarif":0,"_formation_info_date":"","_formation_info_diagnostic_oui":"","_formation_nom_formateur":"","_formation_prenom_formateur":"","_formation_nom_formateur2":"","_formation_prenom_formateur2":"","_formation_public":"","_formation_objectif":"","_formation_methodologie":"","_formation_itineraire":"","_formation_tarif_cs":0,"_formation_tarif_preferentiel":0,"_formation_info_diagnostic":"","_formation_localite":"","_formation_id_is_distant":"","_formation_heure_label":"","_formation_reference":"","_formation_presentation":"","_formation_archived":"","footnotes":""},"type-de-la-ressource":[218],"class_list":["post-5149","ressource_n","type-ressource_n","status-publish","has-post-thumbnail","hentry","type-de-la-ressource-publications"],"acf":[],"_links":{"self":[{"href":"https:\/\/devs.openbaz.be\/stics\/wp-json\/wp\/v2\/ressource_n\/5149","targetHints":{"allow":["GET"]}}],"collection":[{"href":"https:\/\/devs.openbaz.be\/stics\/wp-json\/wp\/v2\/ressource_n"}],"about":[{"href":"https:\/\/devs.openbaz.be\/stics\/wp-json\/wp\/v2\/types\/ressource_n"}],"author":[{"embeddable":true,"href":"https:\/\/devs.openbaz.be\/stics\/wp-json\/wp\/v2\/users\/1"}],"version-history":[{"count":1,"href":"https:\/\/devs.openbaz.be\/stics\/wp-json\/wp\/v2\/ressource_n\/5149\/revisions"}],"predecessor-version":[{"id":12096,"href":"https:\/\/devs.openbaz.be\/stics\/wp-json\/wp\/v2\/ressource_n\/5149\/revisions\/12096"}],"wp:featuredmedia":[{"embeddable":true,"href":"https:\/\/devs.openbaz.be\/stics\/wp-json\/wp\/v2\/media\/5669"}],"wp:attachment":[{"href":"https:\/\/devs.openbaz.be\/stics\/wp-json\/wp\/v2\/media?parent=5149"}],"wp:term":[{"taxonomy":"type-de-la-ressource","embeddable":true,"href":"https:\/\/devs.openbaz.be\/stics\/wp-json\/wp\/v2\/type-de-la-ressource?post=5149"}],"curies":[{"name":"wp","href":"https:\/\/api.w.org\/{rel}","templated":true}]}}

<p class="p1">Le jeudi 18 avril 2024, un colloque sur le logement et le travail social a été organisé au cinéma Nova à Bruxelles, à l’initiative du Syndicat des Locataires, avec le soutien du Stics asbl, du CPAS d’Anderlecht, de Mme Nawal Ben Hamou, Secrétaire d&#8217;État au Logement. Cette journée de réflexion et de débat faisait suite à un processus de concertation entre acteurs associatifs, académiques et publics débuté fin 2023 ayant pour but de soumettre des recommandations aux candidat·e·s aux élections régionales de juin 2024 et aux élections communales d&#8217;octobre 2024.</p>
<p class="p1">À l&#8217;issue de cette journée de débat et de réflexion, nous avons produit un rapport final reprenant le compte-rendu détaillé des interventions des organisateurs, des experts et témoins et du panel politique, des échanges avec le public présent, ainsi que l&#8217;ensemble des pistes et recommandations d&#8217;évolutions législatives en matière de loyers, de baux, de fiscalité, de cohabitation et d&#8217;inoccupation.</p>

<p>Le jeudi 18 avril 2024, un colloque sur le logement et le travail social a été organisé au cinéma Nova à Bruxelles, à l’initiative du Syndicat des Locataires, avec le soutien du Stics asbl, du CPAS d’Anderlecht, de Mme Nawal Ben Hamou, Secrétaire d&#8217;État au Logement. Cette journée de réflexion et de débat faisait suite [&hellip;]</p>
