{"id":1332,"date":"2018-03-02T11:20:38","date_gmt":"2018-03-02T10:20:38","guid":{"rendered":"https:\/\/vz381arfja.preview.infomaniak.website\/?post_type=publications&#038;p=1332"},"modified":"2026-01-12T16:07:22","modified_gmt":"2026-01-12T15:07:22","slug":"matinee-de-reflexion-en-education-permanente-le-secret-professionnel-face-aux-defis-actuels","status":"publish","type":"ressource_n","link":"https:\/\/devs.openbaz.be\/stics\/ressource\/matinee-de-reflexion-en-education-permanente-le-secret-professionnel-face-aux-defis-actuels\/","title":{"rendered":"Matin\u00e9e de r\u00e9flexion en \u00e9ducation permanente&nbsp;: &#8220;le secret professionnel face aux d\u00e9fis actuels&#8221;"},"content":{"rendered":"<p>Le 11 janvier 2018, le STICS organisait une matin\u00e9e de r\u00e9flexion\u00a0 en \u00e9ducation permanente sur le th\u00e8me\u00a0 &#8220;le secret professionnel face aux d\u00e9fis actuels&#8221;. Plusieurs intervenants, dont <strong>Lucien Nouwynck<\/strong>,\u00a0Premier avocat g\u00e9n\u00e9ral pr\u00e8s la cour d\u2019appel de Bruxelles &#8211; <strong>Michel Guissard<\/strong>,\u00a0Docteur en langues et litt\u00e9ratures romanes, licenci\u00e9 en Philosophie, \u00e9ducateur sp\u00e9cialis\u00e9 et actuellement ma\u00eetre assistant \u00e0 la Haute \u00e9cole Groupe ICHEC-ISFSC &#8211; <strong>Sylvie Toussain<\/strong>t,\u00a0Membre du Bureau du Comit\u00e9 de Vigilance en Travail Social (CVTS). sont venus nous exposer leur exp\u00e9rience sur le sujet. Voici le compte-rendu de cette matin\u00e9e.\u00a0<a href=\"http:\/\/www.comitedevigilance.be\/sites\/www.comitedevigilance.be\/IMG\/pdf\/MANIFESTE_CVTS_VF.pdf\">Le Manifeste du travail social\u00a0<\/a>r\u00e9dig\u00e9 par le Comit\u00e9 de Vigilance en Travail Social est un outil \u00e0 disposition des travailleurs sociaux, il a \u00e9galement l&#8217;ambition de servir d&#8217;outil d&#8217;interpellation des acteurs politiques pour faire valoir le point de vue du terrain.<\/p>\n<p>&nbsp;<\/p>\n<p>&nbsp;<\/p>","protected":false},"excerpt":{"rendered":"<p>Le 11 janvier 2018, le STICS organisait une matin\u00e9e de r\u00e9flexion\u00a0 en \u00e9ducation permanente sur le th\u00e8me\u00a0 &#8220;le secret professionnel face aux d\u00e9fis actuels&#8221;. Plusieurs intervenants, dont Lucien Nouwynck,\u00a0Premier avocat g\u00e9n\u00e9ral pr\u00e8s la cour d\u2019appel de Bruxelles &#8211; Michel Guissard,\u00a0Docteur en langues et litt\u00e9ratures romanes, licenci\u00e9 en Philosophie, \u00e9ducateur sp\u00e9cialis\u00e9 et actuellement ma\u00eetre assistant \u00e0 [&hellip;]<\/p>","protected":false},"author":1,"featured_media":1334,"parent":0,"template":"","meta":{"_acf_changed":false,"_seopress_robots_primary_cat":"","_seopress_titles_title":"","_seopress_titles_desc":"","_seopress_robots_index":"","_formation_external_id":"","_formation_date_debut":"","_formation_date_fin":"","_formation_heure_debut":"","_formation_heure_fin":"","_formation_cancelled":"","_formation_youtube":"","_formation_tarif":0,"_formation_info_date":"","_formation_info_diagnostic_oui":"","_formation_nom_formateur":"","_formation_prenom_formateur":"","_formation_nom_formateur2":"","_formation_prenom_formateur2":"","_formation_public":"","_formation_objectif":"","_formation_methodologie":"","_formation_itineraire":"","_formation_tarif_cs":0,"_formation_tarif_preferentiel":0,"_formation_info_diagnostic":"","_formation_localite":"","_formation_id_is_distant":"","_formation_heure_label":"","_formation_reference":"","_formation_presentation":"","_formation_archived":"","footnotes":""},"type-de-la-ressource":[218],"class_list":["post-1332","ressource_n","type-ressource_n","status-publish","has-post-thumbnail","hentry","type-de-la-ressource-publications"],"acf":[],"_links":{"self":[{"href":"https:\/\/devs.openbaz.be\/stics\/wp-json\/wp\/v2\/ressource_n\/1332","targetHints":{"allow":["GET"]}}],"collection":[{"href":"https:\/\/devs.openbaz.be\/stics\/wp-json\/wp\/v2\/ressource_n"}],"about":[{"href":"https:\/\/devs.openbaz.be\/stics\/wp-json\/wp\/v2\/types\/ressource_n"}],"author":[{"embeddable":true,"href":"https:\/\/devs.openbaz.be\/stics\/wp-json\/wp\/v2\/users\/1"}],"version-history":[{"count":1,"href":"https:\/\/devs.openbaz.be\/stics\/wp-json\/wp\/v2\/ressource_n\/1332\/revisions"}],"predecessor-version":[{"id":12106,"href":"https:\/\/devs.openbaz.be\/stics\/wp-json\/wp\/v2\/ressource_n\/1332\/revisions\/12106"}],"wp:featuredmedia":[{"embeddable":true,"href":"https:\/\/devs.openbaz.be\/stics\/wp-json\/wp\/v2\/media\/1334"}],"wp:attachment":[{"href":"https:\/\/devs.openbaz.be\/stics\/wp-json\/wp\/v2\/media?parent=1332"}],"wp:term":[{"taxonomy":"type-de-la-ressource","embeddable":true,"href":"https:\/\/devs.openbaz.be\/stics\/wp-json\/wp\/v2\/type-de-la-ressource?post=1332"}],"curies":[{"name":"wp","href":"https:\/\/api.w.org\/{rel}","templated":true}]}}

Matinée de réflexion en éducation permanente&nbsp;: &#8220;le secret professionnel face aux défis actuels&#8221;

<p>Le 11 janvier 2018, le STICS organisait une matinée de réflexion  en éducation permanente sur le thème  &#8220;le secret professionnel face aux défis actuels&#8221;. Plusieurs intervenants, dont <strong>Lucien Nouwynck</strong>, Premier avocat général près la cour d’appel de Bruxelles &#8211; <strong>Michel Guissard</strong>, Docteur en langues et littératures romanes, licencié en Philosophie, éducateur spécialisé et actuellement maître assistant à la Haute école Groupe ICHEC-ISFSC &#8211; <strong>Sylvie Toussain</strong>t, Membre du Bureau du Comité de Vigilance en Travail Social (CVTS). sont venus nous exposer leur expérience sur le sujet. Voici le compte-rendu de cette matinée. <a href="http://www.comitedevigilance.be/sites/www.comitedevigilance.be/IMG/pdf/MANIFESTE_CVTS_VF.pdf">Le Manifeste du travail social </a>rédigé par le Comité de Vigilance en Travail Social est un outil à disposition des travailleurs sociaux, il a également l&#8217;ambition de servir d&#8217;outil d&#8217;interpellation des acteurs politiques pour faire valoir le point de vue du terrain.</p>
<p>&nbsp;</p>
<p>&nbsp;</p>

<p>Le 11 janvier 2018, le STICS organisait une matinée de réflexion  en éducation permanente sur le thème  &#8220;le secret professionnel face aux défis actuels&#8221;. Plusieurs intervenants, dont Lucien Nouwynck, Premier avocat général près la cour d’appel de Bruxelles &#8211; Michel Guissard, Docteur en langues et littératures romanes, licencié en Philosophie, éducateur spécialisé et actuellement maître assistant à [&hellip;]</p>
