{"id":6377,"date":"2018-02-05T14:07:17","date_gmt":"2018-02-05T13:07:17","guid":{"rendered":"https:\/\/vz381arfja.preview.infomaniak.website\/_new\/?page_id=646"},"modified":"2025-09-29T20:21:45","modified_gmt":"2025-09-29T18:21:45","slug":"subsides-et-simulation","status":"publish","type":"page","link":"https:\/\/devs.openbaz.be\/stics\/formations\/formations-sur-mesure\/subsides-et-simulation\/","title":{"rendered":"Subsides"},"content":{"rendered":"\t\t<div data-elementor-type=\"wp-page\" data-elementor-id=\"6377\" class=\"elementor elementor-6377\" data-elementor-post-type=\"page\">\n\t\t\t\t<div class=\"elementor-element elementor-element-4ec73c0 e-con-full e-flex e-con e-parent\" data-id=\"4ec73c0\" data-element_type=\"container\" data-e-type=\"container\">\n\t\t<div class=\"elementor-element elementor-element-5dc235e e-con-full e-flex e-con e-child\" data-id=\"5dc235e\" data-element_type=\"container\" data-e-type=\"container\">\n\t\t<div class=\"elementor-element elementor-element-7425f8c e-con-full e-flex e-con e-child\" data-id=\"7425f8c\" data-element_type=\"container\" data-e-type=\"container\">\n\t\t\t\t<div class=\"elementor-element elementor-element-d7463ff elementor-widget__width-initial elementor-invisible elementor-widget elementor-widget-heading\" data-id=\"d7463ff\" data-element_type=\"widget\" data-e-type=\"widget\" data-settings=\"{&quot;_animation&quot;:&quot;fadeInUp&quot;}\" data-widget_type=\"heading.default\">\n\t\t\t\t\t<h1 class=\"elementor-heading-title elementor-size-default\">Subsides<\/h1>\t\t\t\t<\/div>\n\t\t\t\t<div class=\"elementor-element elementor-element-a74b620 elementor-invisible elementor-widget elementor-widget-heading\" data-id=\"a74b620\" data-element_type=\"widget\" data-e-type=\"widget\" data-settings=\"{&quot;_animation&quot;:&quot;fadeInUp&quot;,&quot;_animation_delay&quot;:300}\" data-widget_type=\"heading.default\">\n\t\t\t\t\t<h2 class=\"elementor-heading-title elementor-size-default\">Trouver des financements est complexe (et souvent stressant) mais n\u00e9cessaire pour mettre en place ou poursuivre vos actions.\nLe Stics vous accompagne et soutient vos r\u00e9flexions strat\u00e9giques autour de la recherche de subsides&nbsp;: donnez du sens institutionnel \u00e0 la recherche de vos subsides!<\/h2>\t\t\t\t<\/div>\n\t\t\t\t<div class=\"elementor-element elementor-element-c8063fb elementor-invisible elementor-widget elementor-widget-text-editor\" data-id=\"c8063fb\" data-element_type=\"widget\" data-e-type=\"widget\" data-settings=\"{&quot;_animation&quot;:&quot;fadeInUp&quot;,&quot;_animation_delay&quot;:450}\" data-widget_type=\"text-editor.default\">\n\t\t\t\t\t\t\t\t\t<p><strong>Le Stics vous accompagne et soutient vos r\u00e9flexions strat\u00e9giques autour de la recherche de subsides\u00a0: donnez du sens institutionnel \u00e0 la recherche de vos subsides\u00a0!<\/strong><\/p><p>Vous cherchez des fonds pour former ou\u00a0accompagner votre \u00e9quipe\u00a0?<strong>\u00a0Renseignez-vous aupr\u00e8s de vos fonds sectoriels<\/strong>, des financements sont peut-\u00eatre possibles (par exemple via le <a href=\"https:\/\/www.fonds-4s.org\/\" target=\"_blank\" rel=\"noopener\">Fonds 4 S<\/a> de l\u2019APEF ou via<a href=\"https:\/\/www.fe-bi.org\/\" target=\"_blank\" rel=\"noopener\">\u00a0la FE.BI<\/a>).<\/p><p>Avez-vous pens\u00e9 \u00e0\u00a0:<\/p><ul><li>Faire conna\u00eetre votre projet aupr\u00e8s de votre commune, de votre province et\/ou des ministres comp\u00e9tents dans vos domaines d\u2019action\u00a0?<\/li><\/ul><ul><li>Emprunter du mat\u00e9riel au <a href=\"https:\/\/cpm.cfwb.be\/accueil.html\" target=\"_blank\" rel=\"noopener\">Centre de pr\u00eat de la F\u00e9d\u00e9ration-Wallonie Bruxelles<\/a> ? Ou aupr\u00e8s de l\u2019<a href=\"https:\/\/www.sport-adeps.be\/index.php?id=5908\" target=\"_blank\" rel=\"noopener\">Adeps (CAPMAS)<\/a> ? Ou des institutions publiques partenaires&nbsp;?<\/li><\/ul><ul><li>Acqu\u00e9rir du mat\u00e9riel informatique via <a href=\"http:\/\/www.socialware.be\" target=\"_blank\" rel=\"noopener\">SocialWare<\/a> ?<\/li><\/ul><ul><li>R\u00e9cup\u00e9rer du mat\u00e9riel informatique via <a href=\"https:\/\/oxfambelgique.be\/\" target=\"_blank\" rel=\"noopener\">Oxfam<\/a> ?<\/li><\/ul><ul><li>V\u00e9rifier si vous pouvez offrir la <a href=\"https:\/\/finances.belgium.be\/fr\/asbl\/dons\" target=\"_blank\" rel=\"noopener\">d\u00e9ductibilit\u00e9 fiscale pour les dons vers\u00e9s \u00e0 votre association<\/a> ?<\/li><\/ul><ul><li>Faire conna\u00eetre votre projet aupr\u00e8s de cercles de donateurs (<a href=\"https:\/\/www.lions.be\/fr\/home\/\" target=\"_blank\" rel=\"noopener\">Le Lion\u2019s Club<\/a>, le <a href=\"https:\/\/www.rotary.org\/fr\" target=\"_blank\" rel=\"noopener\">Rotary<\/a>, <a href=\"https:\/\/www.soroptimist.be\/fr\" target=\"_blank\" rel=\"noopener\">Soroptimist<\/a>, etc.)&nbsp;?<\/li><\/ul><ul><li>Vous abonner aux newsletters qui vous informent des appels \u00e0 projets dans votre secteur, par exemple celles de la <a href=\"https:\/\/kbs-frb.be\/fr\" target=\"_blank\" rel=\"noopener\">Fondation Roi Baudouin<\/a>, mais aussi <a href=\"https:\/\/economiesociale.be\/\" target=\"_blank\" rel=\"noopener\">Acteurs de l&#8217;\u00e9conomie sociale<\/a>, <a href=\"https:\/\/www.alterechos.be\/\" target=\"_blank\" rel=\"noopener\">Alter Echos<\/a>, <a href=\"https:\/\/pro.guidesocial.be\/\" target=\"_blank\" rel=\"noopener\">Le Guide social<\/a>, le <a href=\"https:\/\/cbcs.be\/\" target=\"_blank\" rel=\"noopener\">CBCS<\/a>, etc.<\/li><\/ul><ul><li>Pour Bruxelles, consulter r\u00e9guli\u00e8rement la base de donn\u00e9es de l\u2019Association de la Ville et des Communes de la R\u00e9gion de Bruxelles-Capitale <a href=\"https:\/\/brulocalis.brussels\/fr\/subsides?_gl=1*1npj4je*_up*MQ..*_ga*OTI1NTA4NzY2LjE3NTY5ODY0NTc.*_ga_HPX540F7LZ*czE3NTY5ODY0NTYkbzEkZzAkdDE3NTY5ODY0NTYkajYwJGwwJGgw\" target=\"_blank\" rel=\"noopener\">Brulocalis.<\/a><\/li><li>Pour la Wallonie, consulter r\u00e9guli\u00e8rement le <a href=\"https:\/\/www.aidesdirectes.be\/\" target=\"_blank\" rel=\"noopener\">portail des Aides directes<\/a> ainsi que le <a href=\"http:\/\/www.aides-entreprise-sociale.be\/\" target=\"_blank\" rel=\"noopener\">site web de l\u2019UNIPSO<\/a>.<\/li><li>Renforcer vos campagnes de sensibilisation \u00e0 travers des campagnes de financement participatif sur les plateformes de <em>crowdfunding <\/em>: <a class=\"decorated-link cursor-pointer\" href=\"https:\/\/growfunding.be\/\" target=\"_blank\" rel=\"noopener\" data-start=\"63\" data-end=\"100\">Growfunding,<\/a> <a class=\"decorated-link cursor-pointer\" href=\"https:\/\/fr.ulule.com\" target=\"_blank\" rel=\"noopener\" data-start=\"105\" data-end=\"134\">Ulule, <\/a><a class=\"decorated-link cursor-pointer\" href=\"https:\/\/www.kisskissbankbank.com\/\" target=\"_blank\" rel=\"noopener\" data-start=\"139\" data-end=\"191\">KissKissBankBank<\/a><a class=\"decorated-link cursor-pointer\" target=\"_new\" rel=\"noopener\" data-start=\"196\" data-end=\"230\">, <\/a><a href=\"https:\/\/www.spreds.com\/fr\" target=\"_blank\" rel=\"noopener\">Spreds<\/a>, <a class=\"decorated-link cursor-pointer\" href=\"https:\/\/lita.co\/fr\" target=\"_blank\" rel=\"noopener\" data-start=\"272\" data-end=\"301\">Lita.co<\/a><\/li><\/ul><p>Au-del\u00e0 des \u00ab\u00a0trucs et astuces\u00a0\u00bb, si vous avez besoin d\u2019acqu\u00e9rir une meilleure m\u00e9thodologie, organisation, strat\u00e9gie, dans vos recherches de financements, tout en respectant vos valeurs et votre \u00e9thique dans votre d\u00e9marche associative, inscrivez-vous \u00e0 l\u2019une de nos formations ou demandez un accompagnement sur mesure.<\/p><p>Nous vous aiderons \u00e0 professionnaliser votre approche tout en valorisant vos projets et vos actions.<\/p>\t\t\t\t\t\t\t\t<\/div>\n\t\t\t\t<\/div>\n\t\t<div class=\"elementor-element elementor-element-b617ad8 e-con-full e-flex e-con e-child\" data-id=\"b617ad8\" data-element_type=\"container\" data-e-type=\"container\">\n\t\t\t\t<\/div>\n\t\t\t\t<\/div>\n\t\t\t\t<\/div>\n\t\t<div class=\"elementor-element elementor-element-22579c8 e-con-full e-flex e-con e-parent\" data-id=\"22579c8\" data-element_type=\"container\" data-e-type=\"container\">\n\t\t<div class=\"elementor-element elementor-element-468530b e-grid e-con-full e-con e-child\" data-id=\"468530b\" data-element_type=\"container\" data-e-type=\"container\">\n\t\t<div class=\"elementor-element elementor-element-735e9e3 e-con-full e-flex e-con e-child\" data-id=\"735e9e3\" data-element_type=\"container\" data-e-type=\"container\" data-settings=\"{&quot;background_background&quot;:&quot;classic&quot;}\">\n\t\t\t\t<div class=\"elementor-element elementor-element-12ea2a4 elementor-invisible elementor-widget elementor-widget-heading\" data-id=\"12ea2a4\" data-element_type=\"widget\" data-e-type=\"widget\" data-settings=\"{&quot;_animation&quot;:&quot;fadeInUp&quot;,&quot;_animation_delay&quot;:300}\" data-widget_type=\"heading.default\">\n\t\t\t\t\t<h3 class=\"elementor-heading-title elementor-size-default\">Int\u00e9ress\u00e9 par notre formation en recherche de financements?<\/h3>\t\t\t\t<\/div>\n\t\t<div class=\"elementor-element elementor-element-92c275e e-con-full e-flex elementor-invisible e-con e-child\" data-id=\"92c275e\" data-element_type=\"container\" data-e-type=\"container\" data-settings=\"{&quot;animation&quot;:&quot;fadeInUp&quot;,&quot;animation_delay&quot;:600}\">\n\t\t\t\t<div class=\"elementor-element elementor-element-467a136 elementor-widget elementor-widget-button\" data-id=\"467a136\" data-element_type=\"widget\" data-e-type=\"widget\" data-widget_type=\"button.default\">\n\t\t\t\t\t\t\t\t\t\t<a class=\"elementor-button elementor-button-link elementor-size-sm elementor-animation-shrink\" href=\"#next\">\n\t\t\t\t\t\t<span class=\"elementor-button-content-wrapper\">\n\t\t\t\t\t\t<span class=\"elementor-button-icon\">\n\t\t\t\t<i aria-hidden=\"true\" class=\"ban ban-arrow-right-c\"><\/i>\t\t\t<\/span>\n\t\t\t\t\t\t\t\t\t<span class=\"elementor-button-text\">Inscrivez-vous<\/span>\n\t\t\t\t\t<\/span>\n\t\t\t\t\t<\/a>\n\t\t\t\t\t\t\t\t<\/div>\n\t\t\t\t<\/div>\n\t\t\t\t<\/div>\n\t\t<div class=\"elementor-element elementor-element-3377cdb e-con-full e-flex e-con e-child\" data-id=\"3377cdb\" data-element_type=\"container\" data-e-type=\"container\" data-settings=\"{&quot;background_background&quot;:&quot;classic&quot;}\">\n\t\t\t\t<div class=\"elementor-element elementor-element-7b4ce94 elementor-invisible elementor-widget elementor-widget-heading\" data-id=\"7b4ce94\" data-element_type=\"widget\" data-e-type=\"widget\" data-settings=\"{&quot;_animation&quot;:&quot;fadeInUp&quot;,&quot;_animation_delay&quot;:300}\" data-widget_type=\"heading.default\">\n\t\t\t\t\t<h3 class=\"elementor-heading-title elementor-size-default\">Besoin d\u2019un accompagnement ponctuel et personnalis\u00e9&nbsp;?<\/h3>\t\t\t\t<\/div>\n\t\t<div class=\"elementor-element elementor-element-2cb544c e-con-full e-flex elementor-invisible e-con e-child\" data-id=\"2cb544c\" data-element_type=\"container\" data-e-type=\"container\" data-settings=\"{&quot;animation&quot;:&quot;fadeInUp&quot;,&quot;animation_delay&quot;:600}\">\n\t\t\t\t<div class=\"elementor-element elementor-element-8d5856e elementor-widget elementor-widget-button\" data-id=\"8d5856e\" data-element_type=\"widget\" data-e-type=\"widget\" data-widget_type=\"button.default\">\n\t\t\t\t\t\t\t\t\t\t<a class=\"elementor-button elementor-button-link elementor-size-sm elementor-animation-shrink\" href=\"https:\/\/devs.openbaz.be\/stics\/contact\/\">\n\t\t\t\t\t\t<span class=\"elementor-button-content-wrapper\">\n\t\t\t\t\t\t<span class=\"elementor-button-icon\">\n\t\t\t\t<i aria-hidden=\"true\" class=\"ban ban-arrow-right-c\"><\/i>\t\t\t<\/span>\n\t\t\t\t\t\t\t\t\t<span class=\"elementor-button-text\">Contactez-vous<\/span>\n\t\t\t\t\t<\/span>\n\t\t\t\t\t<\/a>\n\t\t\t\t\t\t\t\t<\/div>\n\t\t\t\t<\/div>\n\t\t\t\t<\/div>\n\t\t\t\t<\/div>\n\t\t\t\t<\/div>\n\t\t\t\t<\/div>","protected":false},"excerpt":{"rendered":"<p>Subsides Trouver des financements est complexe (et souvent stressant) mais n\u00e9cessaire pour mettre en place ou poursuivre vos actions. Le Stics vous accompagne et soutient vos r\u00e9flexions strat\u00e9giques autour de la recherche de subsides&nbsp;: donnez du sens institutionnel \u00e0 la recherche de vos subsides! Le Stics vous accompagne et soutient vos r\u00e9flexions strat\u00e9giques autour de [&hellip;]<\/p>","protected":false},"author":1,"featured_media":0,"parent":6365,"menu_order":0,"comment_status":"closed","ping_status":"closed","template":"elementor_header_footer","meta":{"_acf_changed":false,"_seopress_robots_primary_cat":"","_seopress_titles_title":"","_seopress_titles_desc":"","_seopress_robots_index":"","_formation_external_id":"","_formation_date_debut":"","_formation_date_fin":"","_formation_heure_debut":"","_formation_heure_fin":"","_formation_cancelled":"","_formation_youtube":"","_formation_tarif":0,"_formation_info_date":"","_formation_info_diagnostic_oui":"","_formation_nom_formateur":"","_formation_prenom_formateur":"","_formation_nom_formateur2":"","_formation_prenom_formateur2":"","_formation_public":"","_formation_objectif":"","_formation_methodologie":"","_formation_itineraire":"","_formation_tarif_cs":0,"_formation_tarif_preferentiel":0,"_formation_info_diagnostic":"","_formation_localite":"","_formation_id_is_distant":"","_formation_heure_label":"","_formation_reference":"","_formation_presentation":"","_formation_archived":"","footnotes":""},"class_list":["post-6377","page","type-page","status-publish","hentry"],"acf":[],"_links":{"self":[{"href":"https:\/\/devs.openbaz.be\/stics\/wp-json\/wp\/v2\/pages\/6377","targetHints":{"allow":["GET"]}}],"collection":[{"href":"https:\/\/devs.openbaz.be\/stics\/wp-json\/wp\/v2\/pages"}],"about":[{"href":"https:\/\/devs.openbaz.be\/stics\/wp-json\/wp\/v2\/types\/page"}],"author":[{"embeddable":true,"href":"https:\/\/devs.openbaz.be\/stics\/wp-json\/wp\/v2\/users\/1"}],"replies":[{"embeddable":true,"href":"https:\/\/devs.openbaz.be\/stics\/wp-json\/wp\/v2\/comments?post=6377"}],"version-history":[{"count":3,"href":"https:\/\/devs.openbaz.be\/stics\/wp-json\/wp\/v2\/pages\/6377\/revisions"}],"predecessor-version":[{"id":11484,"href":"https:\/\/devs.openbaz.be\/stics\/wp-json\/wp\/v2\/pages\/6377\/revisions\/11484"}],"up":[{"embeddable":true,"href":"https:\/\/devs.openbaz.be\/stics\/wp-json\/wp\/v2\/pages\/6365"}],"wp:attachment":[{"href":"https:\/\/devs.openbaz.be\/stics\/wp-json\/wp\/v2\/media?parent=6377"}],"curies":[{"name":"wp","href":"https:\/\/api.w.org\/{rel}","templated":true}]}}