{"id":5712,"date":"2024-12-07T16:25:39","date_gmt":"2024-12-07T15:25:39","guid":{"rendered":"https:\/\/devs.openbaz.be\/stics\/?page_id=5712"},"modified":"2024-12-07T16:25:39","modified_gmt":"2024-12-07T15:25:39","slug":"colloque-analyse-impact-action-sociale-programme-et-intervenant-e-s","status":"publish","type":"page","link":"https:\/\/devs.openbaz.be\/stics\/colloque-analyse-impact-action-sociale-programme-et-intervenant-e-s\/","title":{"rendered":"Colloque &#8220;L&#8217;analyse de l&#8217;impact dans l&#8217;action sociale&nbsp;: quel dialogue entre acteurs collectifs&nbsp;?&#8221;"},"content":{"rendered":"<h1 style=\"text-align: center;\">Programme et intervenant\u00b7e\u00b7s<\/h1>\n<p style=\"text-align: center;\"><span style=\"color: #ff0000;\"><strong>Les inscriptions au colloque sont \u00e0 pr\u00e9sent cl\u00f4tur\u00e9es\u00a0<\/strong><\/span><\/p>\n<h2 style=\"text-align: center;\">Accueil et allocutions introductives [8:30 &#8211; 10:30]<\/h2>\n<table style=\"height: 388px;\" width=\"948\">\n<tbody>\n<tr>\n<td style=\"text-align: left;\" width=\"56\">8:30<\/td>\n<td width=\"412\">Accueil des participant\u00b7e\u00b7s<\/td>\n<td width=\"479\"><\/td>\n<\/tr>\n<tr>\n<td width=\"56\">9:00<\/td>\n<td width=\"412\">Ouverture des travaux<\/td>\n<td style=\"text-align: left;\" width=\"479\"><a href=\"https:\/\/devs.openbaz.be\/stics\/qui-sommes-nous\/equipe-administrative-et-organe-dadministration\/\" target=\"_blank\" rel=\"noopener\">Latifa AYADA (Directrice op\u00e9rationnelle du STICS)<\/a><br \/>\n<span data-olk-copy-source=\"MessageBody\">Bernadette LAMBRECHTS (Administratrice g\u00e9n\u00e9rale de la COCOF)<\/span><br \/>\n<a href=\"https:\/\/devs.openbaz.be\/stics\/qui-sommes-nous\/lequipe\/\" target=\"_blank\" rel=\"noopener\">Carlo CALDARINI (Intervenant au STICS)<\/a><\/td>\n<\/tr>\n<tr>\n<td width=\"56\">9:20<\/td>\n<td width=\"412\">Enclencher la coop\u00e9ration&nbsp;: Quelles le\u00e7ons des deux<br \/>\npremiers sommets de la mesure d\u2019impact\u00a0?<\/td>\n<td style=\"text-align: left;\" width=\"479\"><a href=\"https:\/\/devs.openbaz.be\/stics\/wp-content\/uploads\/2025\/01\/Tony-Bernard.pdf\" target=\"_blank\" rel=\"noopener\">Tony BERNARD (Directeur g\u00e9n\u00e9ral d&#8217;Impact Tank)<\/a><\/td>\n<\/tr>\n<tr>\n<td width=\"56\">9:50<\/td>\n<td width=\"412\">D\u00e9velopper l\u2019\u00e9valuation d\u2019impact dans le Nord en s\u2019inspirant<br \/>\ndu Sud\u00a0?<\/td>\n<td style=\"text-align: left;\" width=\"479\"><a href=\"https:\/\/devs.openbaz.be\/stics\/wp-content\/uploads\/2024\/12\/William-Pariente.pdf\" target=\"_blank\" rel=\"noopener\">William PARIENT\u00c9 (Professeur en \u00e9conomie \u00e0 l\u2019UCLouvain et membre du Jameel Poverty Action Lab)<\/a><\/td>\n<\/tr>\n<\/tbody>\n<\/table>\n<h2 style=\"text-align: center;\"><strong>Ateliers [10:30 &#8211; 12\u202f: 30] <\/strong><\/h2>\n<h3 style=\"text-align: center;\"><b><span data-contrast=\"auto\">Atelier\u202f1&nbsp;: Impact social et sant\u00e9&nbsp;: comment \u00e9valuer pour agir&nbsp;?<\/span><\/b><span data-ccp-props=\"{&quot;201341983&quot;:0,&quot;335551550&quot;:6,&quot;335551620&quot;:6,&quot;335559685&quot;:360,&quot;335559739&quot;:120,&quot;335559740&quot;:240,&quot;335559991&quot;:360}\">\u00a0<\/span><\/h3>\n<p style=\"text-align: center;\">Dans cet atelier, nous explorons les m\u00e9thodes d\u2019\u00e9valuation d\u2019impact dans le domaine des politiques sociales et de sant\u00e9. \u00c0 l\u2019aide d\u2019\u00e9tudes de cas, nous analysons les indicateurs cl\u00e9s (quantitatifs et qualitatifs) utilis\u00e9s pour mesurer l\u2019efficacit\u00e9 des politiques, et discutons de la mani\u00e8re dont ils peuvent orienter les choix politiques. L\u2019accent est mis sur l\u2019utilisation pratique des \u00e9valuations pour guider l\u2019action sociale et sur les liens entre les r\u00e9sultats des \u00e9tudes et les ajustements politiques n\u00e9cessaires.<\/p>\n<p>&nbsp;<\/p>\n<table width=\"948\">\n<tbody>\n<tr>\n<td width=\"54\">10\u202f:30<\/td>\n<td width=\"414\">Introduction<\/td>\n<td width=\"472\"><a href=\"https:\/\/devs.openbaz.be\/stics\/qui-sommes-nous\/lequipe\/\" target=\"_blank\" rel=\"noopener\">Latifa AYADA (Directrice op\u00e9rationnelle du STICS)<\/a><\/p>\n<p>&nbsp;<\/td>\n<\/tr>\n<tr>\n<td width=\"54\">10\u202f:40<\/td>\n<td width=\"414\">Dix ans de d\u00e9gressivit\u00e9 renforc\u00e9e des allocations de ch\u00f4mage&nbsp;: une \u00e9valuation<\/td>\n<td width=\"472\"><a href=\"https:\/\/devs.openbaz.be\/stics\/wp-content\/uploads\/2024\/12\/Michiel-Segaert.pdf\" target=\"_blank\" rel=\"noopener\">Michiel SEGAERT (Conseiller service \u00c9tudes &amp; Biblioth\u00e8que \u2013 ONEM)<\/a><\/p>\n<p>&nbsp;<\/td>\n<\/tr>\n<tr>\n<td width=\"54\">11\u202f:00<\/td>\n<td width=\"414\">\u00c9valuation de l\u2019impact du contrat d\u2019insertion en R\u00e9gion de Bruxelles-Capitale<\/td>\n<td width=\"472\"><a href=\"https:\/\/devs.openbaz.be\/stics\/wp-content\/uploads\/2024\/12\/Antoine-Dewatripont.pdf\" target=\"_blank\" rel=\"noopener\">Antoine DEWATRIPONT (Analyste March\u00e9 du travail au Bureau f\u00e9d\u00e9ral du Plan)<\/a><\/p>\n<p>&nbsp;<\/td>\n<\/tr>\n<tr>\n<td width=\"54\">11\u202f:20<\/td>\n<td width=\"414\"><span style=\"color: #000000;\"><span class=\"TextRun Underlined SCXW159614911 BCX0\" lang=\"FR-FR\" xml:lang=\"FR-FR\" data-contrast=\"none\"><span class=\"NormalTextRun SCXW159614911 BCX0\">\u00c9valuation d&#8217;un mod\u00e8le int\u00e9gr\u00e9 d&#8217;aide et de soins de proximit\u00e9 visant le maintien \u00e0 domicile des personnes \u00e2g\u00e9es en R\u00e9gion de Bruxelles-Capitale<\/span><\/span><span class=\"EOP SCXW159614911 BCX0\" data-ccp-props=\"{&quot;134233117&quot;:false,&quot;134233118&quot;:false,&quot;201341983&quot;:0,&quot;335551550&quot;:6,&quot;335551620&quot;:6,&quot;335559685&quot;:0,&quot;335559737&quot;:0,&quot;335559738&quot;:0,&quot;335559739&quot;:120,&quot;335559740&quot;:240}\">\u00a0<\/span><\/span><\/td>\n<td width=\"472\"><a href=\"https:\/\/devs.openbaz.be\/stics\/wp-content\/uploads\/2024\/12\/Gaelle-Amerijckx.pdf\" target=\"_blank\" rel=\"noopener\"><span lang=\"FR-FR\" xml:lang=\"FR-FR\" data-contrast=\"none\">Ga\u00eblle AMERIJCKX (Collaboratrice scientifique au sein de l&#8217;Observatoire de la Sant\u00e9 et du Social de Bruxelles-Capitale \u2013 Vivalis)<\/span><\/a><\/p>\n<p>&nbsp;<\/td>\n<\/tr>\n<tr>\n<td width=\"54\">11\u202f:40<\/td>\n<td width=\"414\">Questions et synth\u00e8se<\/td>\n<td width=\"472\"><a href=\"https:\/\/devs.openbaz.be\/stics\/wp-content\/uploads\/2025\/01\/Svetlana-Sholokhova.pdf\" target=\"_blank\" rel=\"noopener\">Svetlana SHOLOKHOVA (Docteure en philosophie et charg\u00e9e de recherche \u00e0 la Mutualit\u00e9 chr\u00e9tienne)<\/a><\/p>\n<p>&nbsp;<\/td>\n<\/tr>\n<tr>\n<td width=\"54\">12\u202f:30<\/td>\n<td width=\"414\">Pause<\/td>\n<td width=\"472\"><\/td>\n<\/tr>\n<\/tbody>\n<\/table>\n<h3 style=\"text-align: center;\">Atelier 2&nbsp;: \u00c9conomie et \u00e9cologie&nbsp;: oxymore ou nouveau paradigme&nbsp;?<\/h3>\n<p style=\"text-align: center;\">Dans cet atelier, nous \u00e9valuons la compatibilit\u00e9 entre les objectifs de d\u00e9veloppement \u00e9conomique et le respect des limites \u00e9cologiques dans les \u00e9tudes d\u2019impact. Des cas sont pr\u00e9sent\u00e9s pour illustrer comment la transition \u00e9cologique peut red\u00e9finir ou entrer en conflit avec les concepts de croissance et de rentabilit\u00e9, tout en soulevant la question des crit\u00e8res d\u2019\u00e9valuation dans ce contexte.<\/p>\n<p>&nbsp;<\/p>\n<table width=\"949\">\n<tbody>\n<tr>\n<td width=\"56\">10:30<\/td>\n<td width=\"416\">Introduction<\/td>\n<td width=\"477\"><a href=\"https:\/\/devs.openbaz.be\/stics\/qui-sommes-nous\/lequipe\/\" target=\"_blank\" rel=\"noopener\">Alain HENRY (intervenant au STICS)<\/a><\/p>\n<p>&nbsp;<\/td>\n<\/tr>\n<tr>\n<td width=\"56\">10:40<\/td>\n<td width=\"416\"><span class=\"TextRun SCXW12362896 BCX0\" lang=\"FR-FR\" xml:lang=\"FR-FR\" data-contrast=\"auto\"><span class=\"NormalTextRun SCXW12362896 BCX0\">L&#8217;impact social du d\u00e9passement des limites plan\u00e9taires<\/span><\/span><\/td>\n<td width=\"477\"><a href=\"https:\/\/devs.openbaz.be\/stics\/wp-content\/uploads\/2025\/01\/Aurore-Brunson.pdf\" target=\"_blank\" rel=\"noopener\">Aurore BRUNSON (Expert Climat et environnement et gestionnaire de projet au Centre d&#8217;analyse des risques du changement climatique (CERAC)<\/a><\/p>\n<p>&nbsp;<\/td>\n<\/tr>\n<tr>\n<td width=\"56\">11:00<\/td>\n<td width=\"416\"><span data-olk-copy-source=\"MessageBody\">Indicateurs de d\u00e9veloppement durable \u2013 Rapport 2025<\/span><\/td>\n<td width=\"477\"><a href=\"https:\/\/devs.openbaz.be\/stics\/wp-content\/uploads\/2024\/12\/Patricia-Delbaere.pdf\" target=\"_blank\" rel=\"noopener\">Patricia DELBAERE (Coordinatrice de la Task Force D\u00e9veloppement durable du Bureau f\u00e9d\u00e9ral du Plan)<\/a><\/p>\n<p>&nbsp;<\/td>\n<\/tr>\n<tr>\n<td width=\"56\">11:20<\/td>\n<td width=\"416\"><span style=\"color: #000000;\"> La th\u00e9orie du Donut pour r\u00e9inventer l\u2019\u00e9conomie \u00e9cologique et son impact<\/span><\/td>\n<td width=\"477\"><a href=\"https:\/\/devs.openbaz.be\/stics\/wp-content\/uploads\/2025\/03\/Paul-Vanderstraeten.pdf\" target=\"_blank\" rel=\"noopener\">Paul <span data-olk-copy-source=\"MessageBody\">Vanderstraeten (Charg\u00e9 de mission BeDonut au sein du <\/span>R\u00e9seau des Collectifs en Recherche de R\u00e9silience &#8211; RCR\u00b2)<\/a><\/p>\n<p>&nbsp;<\/td>\n<\/tr>\n<tr>\n<td width=\"56\">11:40<\/td>\n<td width=\"416\">Questions et synth\u00e8se<\/td>\n<td width=\"477\"><a href=\"https:\/\/devs.openbaz.be\/stics\/wp-content\/uploads\/2025\/01\/Monica-Frassoni.pdf\" target=\"_blank\" rel=\"noopener\">Monica FRASSONI (Pr\u00e9sidente de la European Alliance to Save Energy &#8211; EU-ASE)<\/a><\/p>\n<p>&nbsp;<\/td>\n<\/tr>\n<tr>\n<td width=\"56\">12:30<\/td>\n<td width=\"416\">Pause<\/td>\n<td width=\"477\"><\/td>\n<\/tr>\n<\/tbody>\n<\/table>\n<h3 style=\"text-align: center;\">Atelier\u00a03&nbsp;: Que signifie \u00ab&nbsp;participation&nbsp;\u00bb dans la mesure de l&#8217;impact&nbsp;?<\/h3>\n<p style=\"text-align: center;\">Dans cet atelier, nous explorons ce que signifient la participation et la collaboration au regard de l\u2019\u00e9valuation de projets sociaux. Nous abordons les d\u00e9fis et opportunit\u00e9s de la participation active des usager\u00b7\u00e8re\u00b7s, habitant\u00b7e\u00b7s et travailleur\u00b7euse\u00b7s, ainsi que la mani\u00e8re dont la collaboration entre diff\u00e9rents acteur\u00b7trice\u00b7s peut enrichir et renforcer le processus d\u2019\u00e9valuation. L\u2019atelier aborde \u00e9galement les diff\u00e9rentes approches de participation et de collaboration, ainsi que leurs limites respectives, avec des pistes d&#8217;am\u00e9lioration.<\/p>\n<p>&nbsp;<\/p>\n<table width=\"949\">\n<tbody>\n<tr>\n<td width=\"56\">10:30<\/td>\n<td width=\"416\">Introduction<\/td>\n<td width=\"477\"><a href=\"https:\/\/devs.openbaz.be\/stics\/qui-sommes-nous\/lequipe\/\" target=\"_blank\" rel=\"noopener\">C\u00e9line LANGENDRIES (intervenante au STICS)<\/a><\/p>\n<p>&nbsp;<\/td>\n<\/tr>\n<tr>\n<td width=\"56\">10:40<\/td>\n<td width=\"416\"><span class=\"TextRun SCXW120318451 BCX0\" lang=\"FR-FR\" xml:lang=\"FR-FR\" data-contrast=\"auto\"><span class=\"NormalTextRun SCXW120318451 BCX0\">\u00c9valuation<\/span><span class=\"NormalTextRun SCXW120318451 BCX0\"> participative et n\u00e9goci\u00e9e des activit\u00e9s de la Maison de l\u2019Alimentation durable et inclusive de Li\u00e8ge (<\/span><span class=\"NormalTextRun SpellingErrorV2Themed SCXW120318451 BCX0\">MadiL<\/span><span class=\"NormalTextRun SCXW120318451 BCX0\">)<\/span><\/span><span class=\"EOP SCXW120318451 BCX0\" data-ccp-props=\"{}\">\u00a0<\/span><\/td>\n<td width=\"477\"><a href=\"https:\/\/devs.openbaz.be\/stics\/wp-content\/uploads\/2024\/12\/Estelle-Georgin.pdf\" target=\"_blank\" rel=\"noopener\">Estelle GEORGIN (Chercheure en promotion de la sant\u00e9 et \u00e9valuation &#8211; <span data-olk-copy-source=\"MessageBody\">ESPRIst-ULi\u00e8ge<\/span>)<\/a><\/p>\n<p>&nbsp;<\/td>\n<\/tr>\n<tr>\n<td width=\"56\">11:00<\/td>\n<td width=\"416\"><span class=\"NormalTextRun SCXW28221348 BCX0\">Retour sur l\u2019enqu\u00eate <\/span><span class=\"NormalTextRun SpellingErrorV2Themed SCXW28221348 BCX0\">CRAcs<\/span><span class=\"NormalTextRun SCXW28221348 BCX0\">&#8211;<\/span><span class=\"NormalTextRun ContextualSpellingAndGrammarErrorV2Themed SCXW28221348 BCX0\">CBAI:<\/span><span class=\"NormalTextRun SCXW28221348 BCX0\"> une l\u2019\u00e9tude d\u2019impact de la politique de coh\u00e9sion <\/span><span class=\"NormalTextRun ContextualSpellingAndGrammarErrorV2Themed SCXW28221348 BCX0\">sociale<\/span><\/td>\n<td width=\"477\"><a href=\"https:\/\/devs.openbaz.be\/stics\/wp-content\/uploads\/2024\/12\/Fernanda-Flacco.pdf\" target=\"_blank\" rel=\"noopener\">Fernanda FLACCO (<span class=\"TextRun MacChromeBold SCXW191756938 BCX0\" lang=\"FR-FR\" xml:lang=\"FR-FR\" data-contrast=\"auto\"><span class=\"NormalTextRun SCXW191756938 BCX0\">Charg\u00e9e de mission &#8211; Cellule Coh\u00e9sion Sociale \u2013 <\/span><span class=\"NormalTextRun SpellingErrorV2Themed SCXW191756938 BCX0\">CRAcs-<\/span><span class=\"NormalTextRun SCXW191756938 BCX0\">CBAI<\/span><\/span>)<\/a><\/p>\n<p>&nbsp;<\/td>\n<\/tr>\n<tr>\n<td width=\"56\">11:20<\/td>\n<td width=\"416\">Comment l\u2019analyse d\u2019impact pr\u00e9alable peut-elle int\u00e9grer<br \/>\nla voix des b\u00e9n\u00e9ficiaires des politiques publiques\u00a0?<br \/>\nLe cas du plan d\u2019inclusion num\u00e9rique wallon<\/td>\n<td width=\"477\"><a href=\"https:\/\/devs.openbaz.be\/stics\/wp-content\/uploads\/2024\/12\/Renaud-De-Backer.pdf\" target=\"_blank\" rel=\"noopener\">Renaud DE BACKER (<span class=\"TextRun SCXW116250931 BCX0\" lang=\"FR-FR\" xml:lang=\"FR-FR\" data-contrast=\"auto\"><span class=\"NormalTextRun SCXW116250931 BCX0\">Expert <\/span><span class=\"NormalTextRun ContextualSpellingAndGrammarErrorV2Themed SCXW116250931 BCX0\">en question<\/span><span class=\"NormalTextRun ContextualSpellingAndGrammarErrorV2Themed SCXW116250931 BCX0\">s<\/span><span class=\"NormalTextRun SCXW116250931 BCX0\"> sociales et lutte contre la pauvret\u00e9 &#8211; HCS<\/span><\/span>)<\/a><\/p>\n<p>&nbsp;<\/td>\n<\/tr>\n<tr>\n<td width=\"56\">11:40<\/td>\n<td width=\"416\">Questions et synth\u00e8se<\/td>\n<td width=\"477\"><a href=\"https:\/\/devs.openbaz.be\/stics\/wp-content\/uploads\/2024\/12\/Nadege-Carlier.pdf\" target=\"_blank\" rel=\"noopener\">Nad\u00e8ge CARLIER (<span class=\"TextRun SCXW46348397 BCX0\" lang=\"FR-FR\" xml:lang=\"FR-FR\" data-contrast=\"auto\"><span class=\"NormalTextRun SCXW46348397 BCX0\">Docteure en sciences politiques<\/span><\/span><span class=\"EOP SCXW46348397 BCX0\" data-ccp-props=\"{}\"> \u00e0 l&#8217;ESPO &#8211; UCLouvain<\/span>)<\/a><\/p>\n<p>&nbsp;<\/td>\n<\/tr>\n<tr>\n<td width=\"56\">12:30<\/td>\n<td width=\"416\">Pause<\/td>\n<td width=\"477\"><\/td>\n<\/tr>\n<\/tbody>\n<\/table>\n<h3 style=\"text-align: center;\">Atelier 4&nbsp;: \u00c9valuer en fonction de quelles valeurs&nbsp;?<\/h3>\n<p style=\"text-align: center;\">Dans cet atelier, nous examinons comment les valeurs influencent la conception et l\u2019interpr\u00e9tation des outils d\u2019\u00e9valuation d\u2019impact. Sur la base d\u2019\u00e9tudes de cas, nous discutons entre autres de la place des valeurs \u00e9thiques, de la justice sociale, de la justice climatique dans le choix des indicateurs d\u2019\u00e9valuation, afin de comprendre comment les priorit\u00e9s sociales et les choix \u00e9thiques interagissent avec les crit\u00e8res d\u2019\u00e9valuation et de mesure, et comment ces dynamiques influencent les politiques et catalysent le changement social.<\/p>\n<p>&nbsp;<\/p>\n<table width=\"948\">\n<tbody>\n<tr>\n<td width=\"56\">10:30<\/td>\n<td width=\"416\">Introduction<\/td>\n<td width=\"476\"><a href=\"https:\/\/devs.openbaz.be\/stics\/qui-sommes-nous\/equipe-administrative-et-organe-dadministration\/\" target=\"_blank\" rel=\"noopener\">\u00c9ric LUNA (Administrateur d\u00e9l\u00e9gu\u00e9 du STICS)<\/a><\/p>\n<p>&nbsp;<\/td>\n<\/tr>\n<tr>\n<td width=\"56\">10:40<\/td>\n<td width=\"416\">L\u2019\u00e9valuation\u00a0: une pratique philosophique\u00a0?<\/td>\n<td width=\"476\"><a href=\"https:\/\/devs.openbaz.be\/stics\/wp-content\/uploads\/2025\/01\/Etienne-Scorier.pdf\" target=\"_blank\" rel=\"noopener\">Etienne SCORIER (animateur, formateur et chercheur au sein de l&#8217;ASBL PhiloCit\u00e9, au sein du R\u00e9seau \u00c9galit\u00e9 et de l&#8217;\u00c9cole pragmatiste)<\/a><\/p>\n<p>&nbsp;<\/td>\n<\/tr>\n<tr>\n<td width=\"56\">11:00<\/td>\n<td width=\"416\">R\u00e9aliser une \u00e9valuation qui nous ressemble\u00a0: l&#8217;exemple de l&#8217;ADMR<\/td>\n<td width=\"476\"><a href=\"https:\/\/devs.openbaz.be\/stics\/wp-content\/uploads\/2024\/12\/Joanne-Clotuche.pdf\" target=\"_blank\" rel=\"noopener\">Joanne CLOTUCHE (<span class=\"TextRun SCXW136903761 BCX0\" lang=\"FR-BE\" xml:lang=\"FR-BE\" data-contrast=\"auto\"><span class=\"NormalTextRun SCXW136903761 BCX0\">C<\/span><span class=\"NormalTextRun SCXW136903761 BCX0\">harg\u00e9e de projets en impact social et charg\u00e9e de plaidoyer pour SAW-B, <\/span><\/span>Solidarit\u00e9 des alternatives wallonnes et bruxelloises)<\/a><\/p>\n<p>&nbsp;<\/td>\n<\/tr>\n<tr>\n<td width=\"56\">11:20<\/td>\n<td width=\"416\"><span class=\"TextRun MacChromeBold SCXW174964604 BCX0\" lang=\"FR-FR\" xml:lang=\"FR-FR\" data-contrast=\"auto\"><span class=\"NormalTextRun SCXW174964604 BCX0\">Les donn\u00e9es comme levier de justice sociale<\/span><\/span><\/td>\n<td width=\"476\"><a href=\"https:\/\/devs.openbaz.be\/stics\/wp-content\/uploads\/2025\/02\/Anne-Laurence-Franzini.pdf\" target=\"_blank\" rel=\"noopener\">Anne-Laurence FRANZINI (<span data-olk-copy-source=\"MessageBody\">Consultante en recherches participatives)<\/span><\/a><\/p>\n<p>&nbsp;<\/td>\n<\/tr>\n<tr>\n<td width=\"56\">11:40<\/td>\n<td width=\"416\">Questions et synth\u00e8se<\/td>\n<td width=\"476\"><a href=\"https:\/\/devs.openbaz.be\/stics\/wp-content\/uploads\/2024\/12\/Valeria-Lucera.pdf\" target=\"_blank\" rel=\"noopener\">Valeria LUCERA (Coordinatrice du Centre R\u00e9gional d\u2019Appui \u00e0 la Coh\u00e9sion sociale du CBAI-CRAcs)<\/a><\/p>\n<p>&nbsp;<\/td>\n<\/tr>\n<tr>\n<td width=\"56\">12:30<\/td>\n<td width=\"416\">Pause<\/td>\n<td width=\"476\"><\/td>\n<\/tr>\n<\/tbody>\n<\/table>\n<h2 style=\"text-align: center;\">S\u00e9ance pl\u00e9ni\u00e8re&nbsp;: construire une dynamique [13h30]<\/h2>\n<h3 style=\"text-align: center;\">Convergences et divergences ressorties des ateliers<\/h3>\n<p>&nbsp;<\/p>\n<table style=\"height: 179px;\" width=\"951\">\n<tbody>\n<tr>\n<td rowspan=\"5\" width=\"56\">13:30<\/td>\n<td width=\"416\">R\u00e9f\u00e9rente Atelier 1<\/td>\n<td width=\"477\">Svetlana SHOLOKHOVA<\/td>\n<\/tr>\n<tr>\n<td width=\"416\">R\u00e9f\u00e9rente Atelier 2<\/td>\n<td width=\"477\">Monica FRASSONI<\/td>\n<\/tr>\n<tr>\n<td width=\"416\">R\u00e9f\u00e9rente Atelier 3<\/td>\n<td width=\"477\">Nad\u00e8ge CARLIER<\/td>\n<\/tr>\n<tr>\n<td width=\"416\">R\u00e9f\u00e9rente Atelier 4<\/td>\n<td width=\"477\">Valeria LUCERA<\/td>\n<\/tr>\n<tr>\n<td width=\"416\">Mod\u00e9ration du d\u00e9bat<\/td>\n<td width=\"477\">\u00c9ric LUNA<\/td>\n<\/tr>\n<\/tbody>\n<\/table>\n<h3><\/h3>\n<h3 style=\"text-align: center;\">R\u00e9actions des experts<\/h3>\n<p>&nbsp;<\/p>\n<table width=\"955\">\n<tbody>\n<tr>\n<td rowspan=\"2\" width=\"56\">14:30<\/td>\n<td width=\"899\">Tony BERNARD<\/td>\n<\/tr>\n<tr>\n<td width=\"899\">William PARIENTE<\/td>\n<\/tr>\n<\/tbody>\n<\/table>\n<p>&nbsp;<\/p>\n<h2 style=\"text-align: center;\">R\u00e9actions politiques et conclusions<\/h2>\n<table width=\"955\">\n<tbody>\n<tr>\n<td rowspan=\"2\" width=\"56\">15:00<\/td>\n<td width=\"899\">Yves Coppieters<br \/>\nMinistre du Gouvernement de la F\u00e9d\u00e9ration Wallonie-Bruxelles charg\u00e9 de la Sant\u00e9, de l&#8217;\u00c9galit\u00e9 des chances et des Droits des femmes<br \/>\nMinistre wallon de la Sant\u00e9, de l&#8217;Environnement, de l&#8217;Action sociale, de l&#8217;\u00c9conomie sociale, du Handicap, de la Lutte contre la pauvret\u00e9, de l&#8217;\u00c9galit\u00e9 des chances, des Droits des Femmes<\/td>\n<\/tr>\n<tr>\n<td width=\"899\"><\/td>\n<\/tr>\n<\/tbody>\n<\/table>\n<p>&nbsp;<\/p>\n<p>&nbsp;<\/p>\n<hr \/>\n<p>&nbsp;<\/p>\n<p><span style=\"color: #ff0000;\"><strong>Les inscriptions au colloque sont \u00e0 pr\u00e9sent cl\u00f4tur\u00e9es\u00a0<\/strong><\/span><\/p>\n<p><strong><br \/>\nLieu&nbsp;:<\/strong> Infrabel Academy, <a href=\"https:\/\/g.co\/kgs\/5dWKiFV\" target=\"_blank\" rel=\"noopener\">rue Dubois-Thorn 50, 1080 Molenbeek-Saint-Jean<\/a><br \/>\n<strong>P.A.F. Services publics&nbsp;:<\/strong> 110,00&nbsp;\u20ac<br \/>\n<strong>P.A.F. Secteur associatif&nbsp;:<\/strong> 90,00&nbsp;\u20ac<br \/>\n<strong>P.A.F. \u00c9tudiant\u00b7e\u00b7s, demandeur\u00b7euse\u00b7s d&#8217;emploi et retrait\u00e9\u00b7e\u00b7s<\/strong> <strong>:<\/strong> 90,00&nbsp;\u20ac<\/p>\n<p><a href=\"https:\/\/devs.openbaz.be\/stics\/conditions-generales-de-vente\/\" target=\"_blank\" rel=\"noopener\">Conditions g\u00e9n\u00e9rales de vente<\/a><\/p>\n<p>Pour vous inscrire, il vous suffit de compl\u00e9ter notre formulaire en ligne, en pr\u00e9cisant vos coordonn\u00e9es de contact et votre choix parmi les 4 ateliers th\u00e9matiques propos\u00e9s.<\/p>\n<p>Pour valider votre inscription au colloque, nous vous demandons de bien vouloir verser le montant correspondant (en fonction de votre secteur d\u2019activit\u00e9) sur le compte BE12 3100 1398 8092 (BIC\u00a0: BBRUBEBB), en mentionnant la communication suivante\u00a0: \u00ab\u00a0Colloque IMPACT + Nom et pr\u00e9nom\u00a0\u00bb.<\/p>\n<p>Le prix d\u2019entr\u00e9e donne acc\u00e8s \u00e0 l\u2019auditorium et un atelier au choix, au petit d\u00e9jeuner, lunch le midi, au verre de l\u2019amiti\u00e9 en fin de journ\u00e9e, ainsi qu\u2019aux supports distribu\u00e9s pendant l\u2019\u00e9v\u00e8nement ou virtuellement\u00a0<em>a posteriori<\/em>.<\/p>\n<p>Pour toute question ou demande de renseignement, veuillez nous contacter par e-mail \u00e0 l\u2019adresse\u00a0<a href=\"mailto:com@stics.be\">com@stics.be<\/a>.<\/p>\n<p>&nbsp;<\/p>\n<p><img alt=\"\" fetchpriority=\"high\" decoding=\"async\" class=\" wp-image-5701 aligncenter\" src=\"https:\/\/devs.openbaz.be\/stics\/wp-content\/uploads\/2024\/12\/Capture-decran-2024-12-06-a-12.12.04-1024x308.png\" alt=\"\" width=\"555\" height=\"167\" srcset=\"https:\/\/devs.openbaz.be\/stics\/wp-content\/uploads\/2024\/12\/Capture-decran-2024-12-06-a-12.12.04-1024x308.png 1024w, https:\/\/devs.openbaz.be\/stics\/wp-content\/uploads\/2024\/12\/Capture-decran-2024-12-06-a-12.12.04-600x180.png 600w, https:\/\/devs.openbaz.be\/stics\/wp-content\/uploads\/2024\/12\/Capture-decran-2024-12-06-a-12.12.04-300x90.png 300w, https:\/\/devs.openbaz.be\/stics\/wp-content\/uploads\/2024\/12\/Capture-decran-2024-12-06-a-12.12.04-768x231.png 768w, https:\/\/devs.openbaz.be\/stics\/wp-content\/uploads\/2024\/12\/Capture-decran-2024-12-06-a-12.12.04-1536x461.png 1536w, https:\/\/devs.openbaz.be\/stics\/wp-content\/uploads\/2024\/12\/Capture-decran-2024-12-06-a-12.12.04.png 1738w\" sizes=\"(max-width: 555px) 100vw, 555px\" \/><\/p>\n<p><img alt=\"\" decoding=\"async\" class=\"wp-image-5702 aligncenter\" src=\"https:\/\/devs.openbaz.be\/stics\/wp-content\/uploads\/2024\/12\/Capture-decran-2024-12-06-a-15.21.21-1024x243.png\" alt=\"\" width=\"405\" height=\"96\" srcset=\"https:\/\/devs.openbaz.be\/stics\/wp-content\/uploads\/2024\/12\/Capture-decran-2024-12-06-a-15.21.21-1024x243.png 1024w, https:\/\/devs.openbaz.be\/stics\/wp-content\/uploads\/2024\/12\/Capture-decran-2024-12-06-a-15.21.21-600x143.png 600w, https:\/\/devs.openbaz.be\/stics\/wp-content\/uploads\/2024\/12\/Capture-decran-2024-12-06-a-15.21.21-300x71.png 300w, https:\/\/devs.openbaz.be\/stics\/wp-content\/uploads\/2024\/12\/Capture-decran-2024-12-06-a-15.21.21-768x183.png 768w, https:\/\/devs.openbaz.be\/stics\/wp-content\/uploads\/2024\/12\/Capture-decran-2024-12-06-a-15.21.21.png 1422w\" sizes=\"(max-width: 405px) 100vw, 405px\" \/><\/p>","protected":false},"excerpt":{"rendered":"<p>Programme et intervenant\u00b7e\u00b7s Les inscriptions au colloque sont \u00e0 pr\u00e9sent cl\u00f4tur\u00e9es\u00a0 Accueil et allocutions introductives [8:30 &#8211; 10:30] 8:30 Accueil des participant\u00b7e\u00b7s 9:00 Ouverture des travaux Latifa AYADA (Directrice op\u00e9rationnelle du STICS) Bernadette LAMBRECHTS (Administratrice g\u00e9n\u00e9rale de la COCOF) Carlo CALDARINI (Intervenant au STICS) 9:20 Enclencher la coop\u00e9ration&nbsp;: Quelles le\u00e7ons des deux premiers sommets de [&hellip;]<\/p>","protected":false},"author":1,"featured_media":0,"parent":0,"menu_order":20,"comment_status":"closed","ping_status":"closed","template":"","meta":{"_acf_changed":false,"_seopress_robots_primary_cat":"","_seopress_titles_title":"","_seopress_titles_desc":"","_seopress_robots_index":"","_formation_external_id":"","_formation_date_debut":"","_formation_date_fin":"","_formation_heure_debut":"","_formation_heure_fin":"","_formation_cancelled":"","_formation_youtube":"","_formation_tarif":0,"_formation_info_date":"","_formation_info_diagnostic_oui":"","_formation_nom_formateur":"","_formation_prenom_formateur":"","_formation_nom_formateur2":"","_formation_prenom_formateur2":"","_formation_public":"","_formation_objectif":"","_formation_methodologie":"","_formation_itineraire":"","_formation_tarif_cs":0,"_formation_tarif_preferentiel":0,"_formation_info_diagnostic":"","_formation_localite":"","_formation_id_is_distant":"","_formation_heure_label":"","_formation_reference":"","_formation_presentation":"","_formation_archived":"","footnotes":""},"class_list":["post-5712","page","type-page","status-publish","hentry"],"acf":[],"_links":{"self":[{"href":"https:\/\/devs.openbaz.be\/stics\/wp-json\/wp\/v2\/pages\/5712","targetHints":{"allow":["GET"]}}],"collection":[{"href":"https:\/\/devs.openbaz.be\/stics\/wp-json\/wp\/v2\/pages"}],"about":[{"href":"https:\/\/devs.openbaz.be\/stics\/wp-json\/wp\/v2\/types\/page"}],"author":[{"embeddable":true,"href":"https:\/\/devs.openbaz.be\/stics\/wp-json\/wp\/v2\/users\/1"}],"replies":[{"embeddable":true,"href":"https:\/\/devs.openbaz.be\/stics\/wp-json\/wp\/v2\/comments?post=5712"}],"version-history":[{"count":0,"href":"https:\/\/devs.openbaz.be\/stics\/wp-json\/wp\/v2\/pages\/5712\/revisions"}],"wp:attachment":[{"href":"https:\/\/devs.openbaz.be\/stics\/wp-json\/wp\/v2\/media?parent=5712"}],"curies":[{"name":"wp","href":"https:\/\/api.w.org\/{rel}","templated":true}]}}