{"id":9737,"date":"2025-08-07T18:53:19","date_gmt":"2025-08-07T16:53:19","guid":{"rendered":"https:\/\/devs.openbaz.be\/stics\/formation\/etre-serein-e-lors-de-prise-de-parole-en-public-sadresser-a-un-public-avec-confiance-et-serenite-2\/"},"modified":"2026-02-13T17:31:20","modified_gmt":"2026-02-13T16:31:20","slug":"etre-serein-e-lors-de-prise-de-parole-en-public-sadresser-a-un-public-avec-confiance-et-serenite-2","status":"publish","type":"formation","link":"https:\/\/devs.openbaz.be\/stics\/agenda\/etre-serein-e-lors-de-prise-de-parole-en-public-sadresser-a-un-public-avec-confiance-et-serenite-2\/","title":{"rendered":"\u00catre serein.e lors de prise de parole en public. S\u2019adresser \u00e0 un public avec confiance et s\u00e9r\u00e9nit\u00e9"},"content":{"rendered":"<p><strong>Cet atelier s&rsquo;adresse &agrave; toute personne devant prendre la parole devant un groupe.<\/strong><\/p>\n<p>La prise de parole en public peut &ecirc;tre source d&rsquo;angoisse et de stress.<\/p>\n<p>Dans cet atelier nous explorerons des outils simple et concrets pour d&eacute;mystifier la prise de parole en public.<\/p>\n<p>De mani&egrave;re &agrave; ce que chaque participant.e reparte avec une &laquo;&nbsp;boite &agrave; outils&nbsp;&raquo; adapt&eacute;e &agrave; sa personnalit&eacute;.<\/p>","protected":false},"featured_media":10614,"template":"","formation_localite":[],"formation_categorie":[9,213],"formation_lieu":[33],"formation_formateur":[254],"formation_type_evenement":[278],"class_list":["post-9737","formation","type-formation","status-publish","has-post-thumbnail","hentry","formation_categorie-formation-categorie-4","formation_categorie-formation","formation_lieu-formation-lieu-22","formation_formateur-babou-sanchez","formation_type_evenement-formations-programmees"],"acf":[],"_links":{"self":[{"href":"https:\/\/devs.openbaz.be\/stics\/wp-json\/wp\/v2\/formation\/9737","targetHints":{"allow":["GET"]}}],"collection":[{"href":"https:\/\/devs.openbaz.be\/stics\/wp-json\/wp\/v2\/formation"}],"about":[{"href":"https:\/\/devs.openbaz.be\/stics\/wp-json\/wp\/v2\/types\/formation"}],"wp:featuredmedia":[{"embeddable":true,"href":"https:\/\/devs.openbaz.be\/stics\/wp-json\/wp\/v2\/media\/10614"}],"wp:attachment":[{"href":"https:\/\/devs.openbaz.be\/stics\/wp-json\/wp\/v2\/media?parent=9737"}],"wp:term":[{"taxonomy":"formation_localite","embeddable":true,"href":"https:\/\/devs.openbaz.be\/stics\/wp-json\/wp\/v2\/formation_localite?post=9737"},{"taxonomy":"formation_categorie","embeddable":true,"href":"https:\/\/devs.openbaz.be\/stics\/wp-json\/wp\/v2\/formation_categorie?post=9737"},{"taxonomy":"formation_lieu","embeddable":true,"href":"https:\/\/devs.openbaz.be\/stics\/wp-json\/wp\/v2\/formation_lieu?post=9737"},{"taxonomy":"formation_formateur","embeddable":true,"href":"https:\/\/devs.openbaz.be\/stics\/wp-json\/wp\/v2\/formation_formateur?post=9737"},{"taxonomy":"formation_type_evenement","embeddable":true,"href":"https:\/\/devs.openbaz.be\/stics\/wp-json\/wp\/v2\/formation_type_evenement?post=9737"}],"curies":[{"name":"wp","href":"https:\/\/api.w.org\/{rel}","templated":true}]}}

Être serein.e lors de prise de parole en public. S’adresser à un public avec confiance et sérénité
