{"id":7711,"date":"2025-06-03T19:44:41","date_gmt":"2025-06-03T17:44:41","guid":{"rendered":"https:\/\/devs.openbaz.be\/stics\/formation\/travailler-en-partenariat-travailler-en-reseau-outils-et-strategies-pour-favoriser-la-cooperation-2\/"},"modified":"2026-03-06T03:22:25","modified_gmt":"2026-03-06T02:22:25","slug":"travailler-en-partenariat-travailler-en-reseau-outils-et-strategies-pour-favoriser-la-cooperation-2","status":"publish","type":"formation","link":"https:\/\/devs.openbaz.be\/stics\/agenda\/travailler-en-partenariat-travailler-en-reseau-outils-et-strategies-pour-favoriser-la-cooperation-2\/","title":{"rendered":"Travailler en partenariat, travailler en r\u00e9seau&nbsp;: outils et strat\u00e9gies pour favoriser la coop\u00e9ration"},"content":{"rendered":"<p>&laquo;&nbsp;Travailler en partenariat&nbsp;&raquo;, &laquo;&nbsp;travailler en r&eacute;seau&nbsp;&raquo;, cela semble aujourd&rsquo;hui une &eacute;vidence pour les associations. Une &eacute;vidence&nbsp;?&nbsp;<\/p>\n<p>Il s&rsquo;agit souvent d&rsquo;une n&eacute;cessit&eacute;, pour assurer la qualit&eacute; du service rendu &agrave; la population. Mais c&rsquo;est aussi, pour beaucoup d&rsquo;associations, un principe d&rsquo;action, une impulsion, voire un id&eacute;al, que l&rsquo;on souhaite voir se propager autour de nous.&nbsp;<\/p>\n<p>Pourtant, collaborer avec d&rsquo;autres structures, et souvent avec de multiples acteurs, rel&egrave;ve du d&eacute;fi. Comment mettre toutes ses chances de son c&ocirc;t&eacute; lorsqu&rsquo;on se lance dans un nouveau partenariat&nbsp;?&nbsp;<\/p>\n<p>Comment prendre sa place dans un r&eacute;seau&nbsp;? Comment faire participer les partenaires &agrave; la bonne marche d&rsquo;un projet&nbsp;? Comment mobiliser autour d&rsquo;une cause&nbsp;? Comment favoriser la r&eacute;flexion collective&nbsp;? Comment prendre les d&eacute;cisions&nbsp;?<br \/>\n&nbsp;<br \/>\nQu&rsquo;il s&rsquo;agisse d&rsquo;informer ou de guider l&rsquo;action, il vous faudra communiquer&nbsp;! Avec quels outils&nbsp;?<\/p>\n<p>Ces trois jours de formation nous permettront de r&eacute;fl&eacute;chir aux partenariats que nous construisons, aux difficult&eacute;s auxquelles nous sommes confront&eacute;s et aux r&eacute;ponses &agrave; y apporter. Nous d&eacute;couvrirons des outils facilitant le travail en r&eacute;seau et en partenariat et tenterons de les appliquer &agrave; nos situations respectives.<\/p>\n<p>Cette formation est destin&eacute;e aux porteurs de projets et associations qui souhaitent renforcer leurs actions en travaillant en partenariat.<\/p>","protected":false},"featured_media":10616,"template":"","formation_localite":[],"formation_categorie":[213,7],"formation_lieu":[],"formation_formateur":[250],"formation_type_evenement":[278],"class_list":["post-7711","formation","type-formation","status-publish","has-post-thumbnail","hentry","formation_categorie-formation","formation_categorie-formation-categorie-2","formation_formateur-celine-langendries","formation_type_evenement-formations-programmees"],"acf":[],"_links":{"self":[{"href":"https:\/\/devs.openbaz.be\/stics\/wp-json\/wp\/v2\/formation\/7711","targetHints":{"allow":["GET"]}}],"collection":[{"href":"https:\/\/devs.openbaz.be\/stics\/wp-json\/wp\/v2\/formation"}],"about":[{"href":"https:\/\/devs.openbaz.be\/stics\/wp-json\/wp\/v2\/types\/formation"}],"wp:featuredmedia":[{"embeddable":true,"href":"https:\/\/devs.openbaz.be\/stics\/wp-json\/wp\/v2\/media\/10616"}],"wp:attachment":[{"href":"https:\/\/devs.openbaz.be\/stics\/wp-json\/wp\/v2\/media?parent=7711"}],"wp:term":[{"taxonomy":"formation_localite","embeddable":true,"href":"https:\/\/devs.openbaz.be\/stics\/wp-json\/wp\/v2\/formation_localite?post=7711"},{"taxonomy":"formation_categorie","embeddable":true,"href":"https:\/\/devs.openbaz.be\/stics\/wp-json\/wp\/v2\/formation_categorie?post=7711"},{"taxonomy":"formation_lieu","embeddable":true,"href":"https:\/\/devs.openbaz.be\/stics\/wp-json\/wp\/v2\/formation_lieu?post=7711"},{"taxonomy":"formation_formateur","embeddable":true,"href":"https:\/\/devs.openbaz.be\/stics\/wp-json\/wp\/v2\/formation_formateur?post=7711"},{"taxonomy":"formation_type_evenement","embeddable":true,"href":"https:\/\/devs.openbaz.be\/stics\/wp-json\/wp\/v2\/formation_type_evenement?post=7711"}],"curies":[{"name":"wp","href":"https:\/\/api.w.org\/{rel}","templated":true}]}}

Travailler en partenariat, travailler en réseau&nbsp;: outils et stratégies pour favoriser la coopération
