{"id":7700,"date":"2025-06-03T19:44:39","date_gmt":"2025-06-03T17:44:39","guid":{"rendered":"https:\/\/devs.openbaz.be\/stics\/formation\/mieux-accompagner-les-jeunes-ma-motivation-le-moteur-de-mes-actions\/"},"modified":"2025-09-05T13:36:43","modified_gmt":"2025-09-05T11:36:43","slug":"mieux-accompagner-les-jeunes-ma-motivation-le-moteur-de-mes-actions","status":"publish","type":"formation","link":"https:\/\/devs.openbaz.be\/stics\/agenda\/mieux-accompagner-les-jeunes-ma-motivation-le-moteur-de-mes-actions\/","title":{"rendered":"Mieux accompagner les jeunes: &#8220;Ma motivation&#8230; le moteur de mes actions!&#8221;"},"content":{"rendered":"<p>La connaissance de soi et la recherche de sens sont des \u00e9tapes indispensables \u00e0 notre d\u00e9finition d\u2019objectifs, notre mise en action et notre motivation visant \u00e0 notre \u00e9panouissement.<\/p>\n<p>Cette formation vous permettra d\u2019accompagner les jeunes dans la d\u00e9couverte ou la recherche de \u00ab&nbsp;qui ils sont en tant que personnes&nbsp;\u00bb et de \u00ab&nbsp;ce qui les motive&nbsp;\u00bb afin qu\u2019ils choisissent des objectifs de vie coh\u00e9rents et pourvus de sens.<\/p>\n<p>La m\u00e9thodologie de cette formation se base sur un travail d\u2019introspection, d\u2019ouverture et de r\u00e9flexion mis en pratique par divers outils et dans un environnement interactif assorti de nombreux exercices.<\/p>\n<p>Cette formation s\u2019adresse \u00e0 tous les animateurs\/\u00e9ducateurs ainsi que toute personne travaillant dans le cadre de relation d\u2019aide ou d\u2019accompagnement des jeunes.<\/p>","protected":false},"featured_media":0,"template":"","formation_localite":[182],"formation_categorie":[10,213],"formation_lieu":[27],"formation_formateur":[250],"formation_type_evenement":[278],"class_list":["post-7700","formation","type-formation","status-publish","hentry","formation_localite-1030-schaerbeek","formation_categorie-formation-categorie-5","formation_categorie-formation","formation_lieu-formation-lieu-16","formation_formateur-celine-langendries","formation_type_evenement-formations-programmees"],"acf":[],"_links":{"self":[{"href":"https:\/\/devs.openbaz.be\/stics\/wp-json\/wp\/v2\/formation\/7700","targetHints":{"allow":["GET"]}}],"collection":[{"href":"https:\/\/devs.openbaz.be\/stics\/wp-json\/wp\/v2\/formation"}],"about":[{"href":"https:\/\/devs.openbaz.be\/stics\/wp-json\/wp\/v2\/types\/formation"}],"wp:attachment":[{"href":"https:\/\/devs.openbaz.be\/stics\/wp-json\/wp\/v2\/media?parent=7700"}],"wp:term":[{"taxonomy":"formation_localite","embeddable":true,"href":"https:\/\/devs.openbaz.be\/stics\/wp-json\/wp\/v2\/formation_localite?post=7700"},{"taxonomy":"formation_categorie","embeddable":true,"href":"https:\/\/devs.openbaz.be\/stics\/wp-json\/wp\/v2\/formation_categorie?post=7700"},{"taxonomy":"formation_lieu","embeddable":true,"href":"https:\/\/devs.openbaz.be\/stics\/wp-json\/wp\/v2\/formation_lieu?post=7700"},{"taxonomy":"formation_formateur","embeddable":true,"href":"https:\/\/devs.openbaz.be\/stics\/wp-json\/wp\/v2\/formation_formateur?post=7700"},{"taxonomy":"formation_type_evenement","embeddable":true,"href":"https:\/\/devs.openbaz.be\/stics\/wp-json\/wp\/v2\/formation_type_evenement?post=7700"}],"curies":[{"name":"wp","href":"https:\/\/api.w.org\/{rel}","templated":true}]}}

<p>La connaissance de soi et la recherche de sens sont des étapes indispensables à notre définition d’objectifs, notre mise en action et notre motivation visant à notre épanouissement.</p>
<p>Cette formation vous permettra d’accompagner les jeunes dans la découverte ou la recherche de «&nbsp;qui ils sont en tant que personnes&nbsp;» et de «&nbsp;ce qui les motive&nbsp;» afin qu’ils choisissent des objectifs de vie cohérents et pourvus de sens.</p>
<p>La méthodologie de cette formation se base sur un travail d’introspection, d’ouverture et de réflexion mis en pratique par divers outils et dans un environnement interactif assorti de nombreux exercices.</p>
<p>Cette formation s’adresse à tous les animateurs/éducateurs ainsi que toute personne travaillant dans le cadre de relation d’aide ou d’accompagnement des jeunes.</p>
