{"id":7672,"date":"2025-06-03T19:44:33","date_gmt":"2025-06-03T17:44:33","guid":{"rendered":"https:\/\/devs.openbaz.be\/stics\/formation\/formation-a-distance-prendre-confiance-en-soi-en-sappuyant-sur-ses-reves-et-ses-competences-de-savoir-etre\/"},"modified":"2025-10-01T08:43:03","modified_gmt":"2025-10-01T06:43:03","slug":"formation-a-distance-prendre-confiance-en-soi-en-sappuyant-sur-ses-reves-et-ses-competences-de-savoir-etre","status":"publish","type":"formation","link":"https:\/\/devs.openbaz.be\/stics\/agenda\/formation-a-distance-prendre-confiance-en-soi-en-sappuyant-sur-ses-reves-et-ses-competences-de-savoir-etre\/","title":{"rendered":"FORMATION A DISTANCE Prendre confiance en soi en s\u2019appuyant sur ses r\u00eaves et ses comp\u00e9tences de savoir-\u00eatre"},"content":{"rendered":"<p><strong><em>Prendre confiance en soi en s&rsquo;appuyant sur ses r&ecirc;ves et ses comp&eacute;tences de savoir-&ecirc;tre<\/em><\/strong><\/p>\n<p>Prendre confiance en soi, c&rsquo;est prendre conscience de sa valeur, du sens que l&rsquo;on porte et r&eacute;v&eacute;ler ses capacit&eacute;s de savoir-&ecirc;tre. On peut alors parler de soi autrement avec r&eacute;sonances et conviction. La journ&eacute;e de formation propose de r&eacute;fl&eacute;chir &agrave; la concr&eacute;tisation de son projet de vie en interaction avec les autres.<\/p>","protected":false},"featured_media":10572,"template":"","formation_localite":[],"formation_categorie":[9,213],"formation_lieu":[159],"formation_formateur":[269],"formation_type_evenement":[278],"class_list":["post-7672","formation","type-formation","status-publish","has-post-thumbnail","hentry","formation_categorie-formation-categorie-4","formation_categorie-formation","formation_lieu-formation-lieu-186","formation_formateur-sylvie-nouaille","formation_type_evenement-formations-programmees"],"acf":[],"_links":{"self":[{"href":"https:\/\/devs.openbaz.be\/stics\/wp-json\/wp\/v2\/formation\/7672","targetHints":{"allow":["GET"]}}],"collection":[{"href":"https:\/\/devs.openbaz.be\/stics\/wp-json\/wp\/v2\/formation"}],"about":[{"href":"https:\/\/devs.openbaz.be\/stics\/wp-json\/wp\/v2\/types\/formation"}],"wp:featuredmedia":[{"embeddable":true,"href":"https:\/\/devs.openbaz.be\/stics\/wp-json\/wp\/v2\/media\/10572"}],"wp:attachment":[{"href":"https:\/\/devs.openbaz.be\/stics\/wp-json\/wp\/v2\/media?parent=7672"}],"wp:term":[{"taxonomy":"formation_localite","embeddable":true,"href":"https:\/\/devs.openbaz.be\/stics\/wp-json\/wp\/v2\/formation_localite?post=7672"},{"taxonomy":"formation_categorie","embeddable":true,"href":"https:\/\/devs.openbaz.be\/stics\/wp-json\/wp\/v2\/formation_categorie?post=7672"},{"taxonomy":"formation_lieu","embeddable":true,"href":"https:\/\/devs.openbaz.be\/stics\/wp-json\/wp\/v2\/formation_lieu?post=7672"},{"taxonomy":"formation_formateur","embeddable":true,"href":"https:\/\/devs.openbaz.be\/stics\/wp-json\/wp\/v2\/formation_formateur?post=7672"},{"taxonomy":"formation_type_evenement","embeddable":true,"href":"https:\/\/devs.openbaz.be\/stics\/wp-json\/wp\/v2\/formation_type_evenement?post=7672"}],"curies":[{"name":"wp","href":"https:\/\/api.w.org\/{rel}","templated":true}]}}

FORMATION A DISTANCE Prendre confiance en soi en s’appuyant sur ses rêves et ses compétences de savoir-être
