{"id":7665,"date":"2025-06-03T19:44:31","date_gmt":"2025-06-03T17:44:31","guid":{"rendered":"https:\/\/devs.openbaz.be\/stics\/formation\/demystifier-le-burn-out-prevention-et-bien-etre-au-travail\/"},"modified":"2025-09-05T13:36:43","modified_gmt":"2025-09-05T11:36:43","slug":"demystifier-le-burn-out-prevention-et-bien-etre-au-travail","status":"publish","type":"formation","link":"https:\/\/devs.openbaz.be\/stics\/agenda\/demystifier-le-burn-out-prevention-et-bien-etre-au-travail\/","title":{"rendered":"D\u00e9mystifier le burn-out&nbsp;: Pr\u00e9vention et Bien-\u00eatre au Travail"},"content":{"rendered":"<p>La seconde date de ce module sera fix&eacute;e <strong>en concertation avec les participant&middot;es<\/strong>, lors de la premi&egrave;re journ&eacute;e, parmi les <strong>premiers jours du mois de juillet<\/strong>.<\/p>\n<p><strong>Cet atelier s&#39;adresse aux travailleurs et responsables d&#39;&eacute;quipe, ainsi qu&#39;&agrave; toute personne souhaitant comprendre le burn-out.<\/strong><\/p>\n<p>Explorez les causes et les solutions pratiques pour pr&eacute;venir le stress et le burn-out.<\/p>\n<p>Experte en stress et burn-out, Anne Habets propose une m&eacute;thodologie innovante qui met les participant.e.s en action, en r&eacute;flexion et en &eacute;motion, avec des t&eacute;moignages, des temps de paroles en sous-groupes et des exercices ludiques et participatifs.<\/p>\n<p>Une liste de conseils et des questionnaires sont remis en cours de s&eacute;ance et &agrave; la disposition des participants.<\/p>\n<p>Rejoignez-nous pour une approche&nbsp;professionnelle et holistique du bien-&ecirc;tre au travail&nbsp;!<\/p>\n<p>&nbsp;<\/p>","protected":false},"featured_media":0,"template":"","formation_localite":[182],"formation_categorie":[9,213],"formation_lieu":[27],"formation_formateur":[252],"formation_type_evenement":[278],"class_list":["post-7665","formation","type-formation","status-publish","hentry","formation_localite-1030-schaerbeek","formation_categorie-formation-categorie-4","formation_categorie-formation","formation_lieu-formation-lieu-16","formation_formateur-anne-habets","formation_type_evenement-formations-programmees"],"acf":[],"_links":{"self":[{"href":"https:\/\/devs.openbaz.be\/stics\/wp-json\/wp\/v2\/formation\/7665","targetHints":{"allow":["GET"]}}],"collection":[{"href":"https:\/\/devs.openbaz.be\/stics\/wp-json\/wp\/v2\/formation"}],"about":[{"href":"https:\/\/devs.openbaz.be\/stics\/wp-json\/wp\/v2\/types\/formation"}],"wp:attachment":[{"href":"https:\/\/devs.openbaz.be\/stics\/wp-json\/wp\/v2\/media?parent=7665"}],"wp:term":[{"taxonomy":"formation_localite","embeddable":true,"href":"https:\/\/devs.openbaz.be\/stics\/wp-json\/wp\/v2\/formation_localite?post=7665"},{"taxonomy":"formation_categorie","embeddable":true,"href":"https:\/\/devs.openbaz.be\/stics\/wp-json\/wp\/v2\/formation_categorie?post=7665"},{"taxonomy":"formation_lieu","embeddable":true,"href":"https:\/\/devs.openbaz.be\/stics\/wp-json\/wp\/v2\/formation_lieu?post=7665"},{"taxonomy":"formation_formateur","embeddable":true,"href":"https:\/\/devs.openbaz.be\/stics\/wp-json\/wp\/v2\/formation_formateur?post=7665"},{"taxonomy":"formation_type_evenement","embeddable":true,"href":"https:\/\/devs.openbaz.be\/stics\/wp-json\/wp\/v2\/formation_type_evenement?post=7665"}],"curies":[{"name":"wp","href":"https:\/\/api.w.org\/{rel}","templated":true}]}}

Démystifier le burn-out&nbsp;: Prévention et Bien-être au Travail
