{"id":7661,"date":"2025-06-03T19:44:30","date_gmt":"2025-06-03T17:44:30","guid":{"rendered":"https:\/\/devs.openbaz.be\/stics\/formation\/construire-et-gerer-son-projet\/"},"modified":"2025-09-11T01:09:50","modified_gmt":"2025-09-10T23:09:50","slug":"construire-et-gerer-son-projet","status":"publish","type":"formation","link":"https:\/\/devs.openbaz.be\/stics\/agenda\/construire-et-gerer-son-projet\/","title":{"rendered":"Construire et g\u00e9rer son projet \u00a9"},"content":{"rendered":"\n<p class=\"wp-block-paragraph\">Le projet est un cycle d\u2019actions \u00e0 r\u00e9aliser pour satisfaire un ou plusieurs objectifs pr\u00e9d\u00e9finis, dans le cadre d\u2019une mission bien pr\u00e9cise, c&#8217;est un processus \u00e9volutif constitu\u00e9 de diff\u00e9rentes phases&nbsp;: m\u00e9thode et outils sont indispensables&nbsp;!<\/p>\n\n\n\n<p class=\"wp-block-paragraph\">Cette formation s\u2019adresse \u00e0 toute personne qui est \u00abacteur ou pilote\u00bb de projet, ou amen\u00e9.e \u00e0 devenir\u00a0 \u00abr\u00e9alisateur\/cr\u00e9ateur\u00bb de projet tant individuel ou collectif que personnel ou professionnel.<\/p>\n\n\n\n<p class=\"wp-block-paragraph\">&nbsp;Elle vise \u00e0 d\u00e9mystifier le management de projet et se veut accessible \u00e0 tous sans n\u00e9cessit\u00e9 de pr\u00e9requis!<\/p>\n\n\n\n<p class=\"wp-block-paragraph\">Plus-value&nbsp;: vous d\u00e9velopperez la planification d&#8217;un projet de A \u00e0 Z pendant la formation afin de tester directement vos acquis&nbsp;!<\/p>","protected":false},"featured_media":10220,"template":"","formation_localite":[182],"formation_categorie":[213,7],"formation_lieu":[27],"formation_formateur":[246],"formation_type_evenement":[278],"class_list":["post-7661","formation","type-formation","status-publish","has-post-thumbnail","hentry","formation_localite-1030-schaerbeek","formation_categorie-formation","formation_categorie-formation-categorie-2","formation_lieu-formation-lieu-16","formation_formateur-natacha-louis","formation_type_evenement-formations-programmees"],"acf":[],"_links":{"self":[{"href":"https:\/\/devs.openbaz.be\/stics\/wp-json\/wp\/v2\/formation\/7661","targetHints":{"allow":["GET"]}}],"collection":[{"href":"https:\/\/devs.openbaz.be\/stics\/wp-json\/wp\/v2\/formation"}],"about":[{"href":"https:\/\/devs.openbaz.be\/stics\/wp-json\/wp\/v2\/types\/formation"}],"wp:featuredmedia":[{"embeddable":true,"href":"https:\/\/devs.openbaz.be\/stics\/wp-json\/wp\/v2\/media\/10220"}],"wp:attachment":[{"href":"https:\/\/devs.openbaz.be\/stics\/wp-json\/wp\/v2\/media?parent=7661"}],"wp:term":[{"taxonomy":"formation_localite","embeddable":true,"href":"https:\/\/devs.openbaz.be\/stics\/wp-json\/wp\/v2\/formation_localite?post=7661"},{"taxonomy":"formation_categorie","embeddable":true,"href":"https:\/\/devs.openbaz.be\/stics\/wp-json\/wp\/v2\/formation_categorie?post=7661"},{"taxonomy":"formation_lieu","embeddable":true,"href":"https:\/\/devs.openbaz.be\/stics\/wp-json\/wp\/v2\/formation_lieu?post=7661"},{"taxonomy":"formation_formateur","embeddable":true,"href":"https:\/\/devs.openbaz.be\/stics\/wp-json\/wp\/v2\/formation_formateur?post=7661"},{"taxonomy":"formation_type_evenement","embeddable":true,"href":"https:\/\/devs.openbaz.be\/stics\/wp-json\/wp\/v2\/formation_type_evenement?post=7661"}],"curies":[{"name":"wp","href":"https:\/\/api.w.org\/{rel}","templated":true}]}}

Construire et gérer son projet ©

<p class="wp-block-paragraph">Le projet est un cycle d’actions à réaliser pour satisfaire un ou plusieurs objectifs prédéfinis, dans le cadre d’une mission bien précise, c&#8217;est un processus évolutif constitué de différentes phases&nbsp;: méthode et outils sont indispensables&nbsp;!</p>



<p class="wp-block-paragraph">Cette formation s’adresse à toute personne qui est «acteur ou pilote» de projet, ou amené.e à devenir  «réalisateur/créateur» de projet tant individuel ou collectif que personnel ou professionnel.</p>



<p class="wp-block-paragraph">&nbsp;Elle vise à démystifier le management de projet et se veut accessible à tous sans nécessité de prérequis!</p>



<p class="wp-block-paragraph">Plus-value&nbsp;: vous développerez la planification d&#8217;un projet de A à Z pendant la formation afin de tester directement vos acquis&nbsp;!</p>
