{"id":7659,"date":"2025-06-03T19:44:30","date_gmt":"2025-06-03T17:44:30","guid":{"rendered":"https:\/\/devs.openbaz.be\/stics\/formation\/concevoir-et-gerer-des-projets-eco-responsables-contribuer-au-developpement-durable\/"},"modified":"2025-09-05T13:36:43","modified_gmt":"2025-09-05T11:36:43","slug":"concevoir-et-gerer-des-projets-eco-responsables-contribuer-au-developpement-durable","status":"publish","type":"formation","link":"https:\/\/devs.openbaz.be\/stics\/agenda\/concevoir-et-gerer-des-projets-eco-responsables-contribuer-au-developpement-durable\/","title":{"rendered":"Concevoir et g\u00e9rer des projets \u00e9co-responsables&nbsp;: contribuer au d\u00e9veloppement durable"},"content":{"rendered":"<p>Repenser ses actions avec une &eacute;thique socio-environnementale, c&rsquo;est agir en faveur d&rsquo;une soci&eacute;t&eacute; juste et durable.<\/p>\n<p>Mais comment faire et avec quels b&eacute;n&eacute;fices&nbsp;?<\/p>\n<p>C&rsquo;est l&rsquo;objet de ce module&nbsp;!<\/p>\n<p>D&eacute;couvrez les principes et objectifs du D&eacute;veloppement Durable et int&eacute;grez-les dans vos gestes quotidiens et la gestion de vos projets.<\/p>\n<p>Ensemble, nous mettrons &agrave; jour nos connaissances de base et apporterons les premi&egrave;res r&eacute;ponses qui vous guideront dans l&rsquo;optimisation de vos actions et projets avec b&eacute;n&eacute;fices socio-environnementaux.<\/p>\n<p>R&eacute;approprions-nous le pouvoir d&rsquo;&ecirc;tre acteur.rice de changements &eacute;co-responsables.<\/p>\n<p><strong>&Agrave; qui s&rsquo;adresse cette formation&nbsp;:<\/strong><\/p>\n<p>Aux coordinateur.rices, gestionnaires de projets et personnes responsables souhaitant conscientiser et optimiser leurs actions &agrave; l&rsquo;aide d&rsquo;une d&eacute;marche &eacute;co-responsable tout en s&rsquo;inscrivant dans une mouvance de d&eacute;veloppement &eacute;thique et durable.<\/p>","protected":false},"featured_media":10221,"template":"","formation_localite":[182],"formation_categorie":[213,6],"formation_lieu":[27],"formation_formateur":[248],"formation_type_evenement":[278],"class_list":["post-7659","formation","type-formation","status-publish","has-post-thumbnail","hentry","formation_localite-1030-schaerbeek","formation_categorie-formation","formation_categorie-formation-categorie-1","formation_lieu-formation-lieu-16","formation_formateur-erwan-marjo","formation_type_evenement-formations-programmees"],"acf":[],"_links":{"self":[{"href":"https:\/\/devs.openbaz.be\/stics\/wp-json\/wp\/v2\/formation\/7659","targetHints":{"allow":["GET"]}}],"collection":[{"href":"https:\/\/devs.openbaz.be\/stics\/wp-json\/wp\/v2\/formation"}],"about":[{"href":"https:\/\/devs.openbaz.be\/stics\/wp-json\/wp\/v2\/types\/formation"}],"wp:featuredmedia":[{"embeddable":true,"href":"https:\/\/devs.openbaz.be\/stics\/wp-json\/wp\/v2\/media\/10221"}],"wp:attachment":[{"href":"https:\/\/devs.openbaz.be\/stics\/wp-json\/wp\/v2\/media?parent=7659"}],"wp:term":[{"taxonomy":"formation_localite","embeddable":true,"href":"https:\/\/devs.openbaz.be\/stics\/wp-json\/wp\/v2\/formation_localite?post=7659"},{"taxonomy":"formation_categorie","embeddable":true,"href":"https:\/\/devs.openbaz.be\/stics\/wp-json\/wp\/v2\/formation_categorie?post=7659"},{"taxonomy":"formation_lieu","embeddable":true,"href":"https:\/\/devs.openbaz.be\/stics\/wp-json\/wp\/v2\/formation_lieu?post=7659"},{"taxonomy":"formation_formateur","embeddable":true,"href":"https:\/\/devs.openbaz.be\/stics\/wp-json\/wp\/v2\/formation_formateur?post=7659"},{"taxonomy":"formation_type_evenement","embeddable":true,"href":"https:\/\/devs.openbaz.be\/stics\/wp-json\/wp\/v2\/formation_type_evenement?post=7659"}],"curies":[{"name":"wp","href":"https:\/\/api.w.org\/{rel}","templated":true}]}}

Concevoir et gérer des projets éco-responsables&nbsp;: contribuer au développement durable
