{"id":7655,"date":"2025-06-03T19:44:29","date_gmt":"2025-06-03T17:44:29","guid":{"rendered":"https:\/\/devs.openbaz.be\/stics\/formation\/bientraitance-mieux-gerer-le-bien-etre-relationnel-avec-les-personnes-agees\/"},"modified":"2025-11-18T11:10:04","modified_gmt":"2025-11-18T10:10:04","slug":"bientraitance-mieux-gerer-le-bien-etre-relationnel-avec-les-personnes-agees","status":"publish","type":"formation","link":"https:\/\/devs.openbaz.be\/stics\/agenda\/bientraitance-mieux-gerer-le-bien-etre-relationnel-avec-les-personnes-agees\/","title":{"rendered":"Bientraitance&nbsp;: mieux g\u00e9rer le bien-\u00eatre relationnel avec les personnes \u00e2g\u00e9es"},"content":{"rendered":"<p>La participation &agrave; ce module permettra au personnel des institutions travaillant avec des personnes &acirc;g&eacute;es de disposer d&rsquo;un espace d&rsquo;apprentissage sur la bientraitance relationnelle.<\/p>\n<p>Au-del&agrave; des soins corporels, repas et soins m&eacute;dicaux,&hellip; la relation d&rsquo;aide est un soin sp&eacute;cifique pour lequel on ne r&eacute;serve pas suffisamment de temps de mise en &oelig;uvre&hellip; Pourtant, elle est au c&oelig;ur du travail avec les personnes &acirc;g&eacute;es.<\/p>\n<p>Malgr&eacute; les contraintes institutionnelles et\/ou structurelles propres au milieu r&eacute;sidentiel, chaque acteur, &agrave; son niveau, <strong>a la possibilit&eacute; d&rsquo;am&eacute;liorer ses relations avec ses pairs et avec les r&eacute;sidents et leurs familles<\/strong>.<\/p>","protected":false},"featured_media":10585,"template":"","formation_localite":[],"formation_categorie":[9,213],"formation_lieu":[33],"formation_formateur":[252],"formation_type_evenement":[278],"class_list":["post-7655","formation","type-formation","status-publish","has-post-thumbnail","hentry","formation_categorie-formation-categorie-4","formation_categorie-formation","formation_lieu-formation-lieu-22","formation_formateur-anne-habets","formation_type_evenement-formations-programmees"],"acf":[],"_links":{"self":[{"href":"https:\/\/devs.openbaz.be\/stics\/wp-json\/wp\/v2\/formation\/7655","targetHints":{"allow":["GET"]}}],"collection":[{"href":"https:\/\/devs.openbaz.be\/stics\/wp-json\/wp\/v2\/formation"}],"about":[{"href":"https:\/\/devs.openbaz.be\/stics\/wp-json\/wp\/v2\/types\/formation"}],"wp:featuredmedia":[{"embeddable":true,"href":"https:\/\/devs.openbaz.be\/stics\/wp-json\/wp\/v2\/media\/10585"}],"wp:attachment":[{"href":"https:\/\/devs.openbaz.be\/stics\/wp-json\/wp\/v2\/media?parent=7655"}],"wp:term":[{"taxonomy":"formation_localite","embeddable":true,"href":"https:\/\/devs.openbaz.be\/stics\/wp-json\/wp\/v2\/formation_localite?post=7655"},{"taxonomy":"formation_categorie","embeddable":true,"href":"https:\/\/devs.openbaz.be\/stics\/wp-json\/wp\/v2\/formation_categorie?post=7655"},{"taxonomy":"formation_lieu","embeddable":true,"href":"https:\/\/devs.openbaz.be\/stics\/wp-json\/wp\/v2\/formation_lieu?post=7655"},{"taxonomy":"formation_formateur","embeddable":true,"href":"https:\/\/devs.openbaz.be\/stics\/wp-json\/wp\/v2\/formation_formateur?post=7655"},{"taxonomy":"formation_type_evenement","embeddable":true,"href":"https:\/\/devs.openbaz.be\/stics\/wp-json\/wp\/v2\/formation_type_evenement?post=7655"}],"curies":[{"name":"wp","href":"https:\/\/api.w.org\/{rel}","templated":true}]}}

Bientraitance&nbsp;: mieux gérer le bien-être relationnel avec les personnes âgées
