{"id":12286,"date":"2026-03-20T11:44:02","date_gmt":"2026-03-20T10:44:02","guid":{"rendered":"https:\/\/devs.openbaz.be\/stics\/agenda\/travailler-en-partenariat-travailler-en-reseau-outils-et-strategies-pour-favoriser-la-cooperation-3\/"},"modified":"2026-04-26T15:10:32","modified_gmt":"2026-04-26T13:10:32","slug":"travailler-en-partenariat-travailler-en-reseau-outils-et-strategies-pour-favoriser-la-cooperation-3","status":"publish","type":"formation","link":"https:\/\/devs.openbaz.be\/stics\/agenda\/travailler-en-partenariat-travailler-en-reseau-outils-et-strategies-pour-favoriser-la-cooperation-3\/","title":{"rendered":"Travailler en partenariat, travailler en r\u00e9seau&nbsp;: outils et strat\u00e9gies pour favoriser la coop\u00e9ration"},"content":{"rendered":"<p>S&rsquo;il s&rsquo;agit souvent d&rsquo;une n&eacute;cessit&eacute;, travailler en partenariat c&rsquo;est aussi, pour beaucoup d&rsquo;entre nous, un principe d&rsquo;action, une impulsion, voire un id&eacute;al, que l&rsquo;on souhaite voir se propager autour de nous.&nbsp;Pourtant, collaborer avec d&rsquo;autres structures, et souvent avec de multiples acteurs, rel&egrave;ve souvent du d&eacute;fi.<\/p>\n<p>Comment mettre toutes ses chances de son c&ocirc;t&eacute; lorsqu&rsquo;on se lance dans un nouveau partenariat&nbsp;? Comment faire participer les partenaires &agrave; la bonne marche d&rsquo;un projet&nbsp;? Comment mobiliser autour d&rsquo;une cause&nbsp;? Comment favoriser la r&eacute;flexion collective&nbsp;? Comment prendre les d&eacute;cisions et communiquer&nbsp;? Avec quels outils&nbsp;?<\/p>\n<p>Ces deux jours de formation permettront de r&eacute;fl&eacute;chir aux partenariats que nous construisons, aux difficult&eacute;s auxquelles nous sommes confront&eacute;s et aux r&eacute;ponses &agrave; y apporter. Nous d&eacute;couvrirons des outils facilitant le travail en r&eacute;seau et en partenariat et tenterons de les appliquer &agrave; nos situations respectives.<\/p>\n<p>Cette formation est destin&eacute;e aux porteurs de projets et associations qui souhaitent renforcer leurs actions en travaillant en partenariat.<\/p>","protected":false},"featured_media":0,"template":"","formation_localite":[],"formation_categorie":[213,7],"formation_lieu":[33],"formation_formateur":[250],"formation_type_evenement":[278],"class_list":["post-12286","formation","type-formation","status-publish","hentry","formation_categorie-formation","formation_categorie-formation-categorie-2","formation_lieu-formation-lieu-22","formation_formateur-celine-langendries","formation_type_evenement-formations-programmees"],"acf":[],"_links":{"self":[{"href":"https:\/\/devs.openbaz.be\/stics\/wp-json\/wp\/v2\/formation\/12286","targetHints":{"allow":["GET"]}}],"collection":[{"href":"https:\/\/devs.openbaz.be\/stics\/wp-json\/wp\/v2\/formation"}],"about":[{"href":"https:\/\/devs.openbaz.be\/stics\/wp-json\/wp\/v2\/types\/formation"}],"wp:attachment":[{"href":"https:\/\/devs.openbaz.be\/stics\/wp-json\/wp\/v2\/media?parent=12286"}],"wp:term":[{"taxonomy":"formation_localite","embeddable":true,"href":"https:\/\/devs.openbaz.be\/stics\/wp-json\/wp\/v2\/formation_localite?post=12286"},{"taxonomy":"formation_categorie","embeddable":true,"href":"https:\/\/devs.openbaz.be\/stics\/wp-json\/wp\/v2\/formation_categorie?post=12286"},{"taxonomy":"formation_lieu","embeddable":true,"href":"https:\/\/devs.openbaz.be\/stics\/wp-json\/wp\/v2\/formation_lieu?post=12286"},{"taxonomy":"formation_formateur","embeddable":true,"href":"https:\/\/devs.openbaz.be\/stics\/wp-json\/wp\/v2\/formation_formateur?post=12286"},{"taxonomy":"formation_type_evenement","embeddable":true,"href":"https:\/\/devs.openbaz.be\/stics\/wp-json\/wp\/v2\/formation_type_evenement?post=12286"}],"curies":[{"name":"wp","href":"https:\/\/api.w.org\/{rel}","templated":true}]}}

Travailler en partenariat, travailler en réseau&nbsp;: outils et stratégies pour favoriser la coopération
