{"id":11893,"date":"2025-12-03T09:00:45","date_gmt":"2025-12-03T08:00:45","guid":{"rendered":"https:\/\/devs.openbaz.be\/stics\/agenda\/ameliorer-ses-pratiques-collectives-et-structurer-son-organisation-avec-la-demarche-qualite\/"},"modified":"2026-04-26T15:20:36","modified_gmt":"2026-04-26T13:20:36","slug":"ameliorer-ses-pratiques-collectives-et-structurer-son-organisation-avec-la-demarche-qualite","status":"publish","type":"formation","link":"https:\/\/devs.openbaz.be\/stics\/agenda\/ameliorer-ses-pratiques-collectives-et-structurer-son-organisation-avec-la-demarche-qualite\/","title":{"rendered":"Am\u00e9liorer ses pratiques collectives et structurer son organisation avec la d\u00e9marche qualit\u00e9"},"content":{"rendered":"<p>Dans le secteur non-marchand, on jongle avec des projets, des &eacute;quipes, des r&eacute;alit&eacute;s humaines et des ressources irr&eacute;guli&egrave;res. On avance vite, on s&rsquo;adapte sans arr&ecirc;t, et on finit souvent la t&ecirc;te dans le guidon, &agrave; encha&icirc;ner les urgences sans pouvoir prendre du recul.<\/p>\n<p>Une d&eacute;marche qualitative n&rsquo;est pas une histoire de normes. C&rsquo;est l&rsquo;occasion de lever la t&ecirc;te, comprendre ce qui se passe dans son organisation, remettre du sens dans ses pratiques et retrouver un fonctionnement plus fluide pour tout le monde.<\/p>\n<p>Cette formation vous aide &agrave; structurer vos pratiques sans alourdir votre quotidien. Vous d&eacute;couvrirez comment&nbsp;:<\/p>\n<ul>\n<li>mieux organiser vos processus<\/li>\n<li>renforcer la collaboration et la confiance<\/li>\n<li>am&eacute;liorer l&rsquo;exp&eacute;rience des b&eacute;n&eacute;ficiaires<\/li>\n<li>clarifier et valoriser vos acquis<\/li>\n<li>consolider votre projet collectif<\/li>\n<\/ul>\n<p>Nous travaillerons depuis votre r&eacute;alit&eacute; de terrain, vos besoins et vos objectifs. Une d&eacute;marche qualitative peut &ecirc;tre profond&eacute;ment humaine, simple, progressive et porteuse de sens.<\/p>","protected":false},"featured_media":10583,"template":"","formation_localite":[],"formation_categorie":[213,6],"formation_lieu":[33],"formation_formateur":[270,246],"formation_type_evenement":[278],"class_list":["post-11893","formation","type-formation","status-publish","has-post-thumbnail","hentry","formation_categorie-formation","formation_categorie-formation-categorie-1","formation_lieu-formation-lieu-22","formation_formateur-eric-luna","formation_formateur-natacha-louis","formation_type_evenement-formations-programmees"],"acf":[],"_links":{"self":[{"href":"https:\/\/devs.openbaz.be\/stics\/wp-json\/wp\/v2\/formation\/11893","targetHints":{"allow":["GET"]}}],"collection":[{"href":"https:\/\/devs.openbaz.be\/stics\/wp-json\/wp\/v2\/formation"}],"about":[{"href":"https:\/\/devs.openbaz.be\/stics\/wp-json\/wp\/v2\/types\/formation"}],"wp:featuredmedia":[{"embeddable":true,"href":"https:\/\/devs.openbaz.be\/stics\/wp-json\/wp\/v2\/media\/10583"}],"wp:attachment":[{"href":"https:\/\/devs.openbaz.be\/stics\/wp-json\/wp\/v2\/media?parent=11893"}],"wp:term":[{"taxonomy":"formation_localite","embeddable":true,"href":"https:\/\/devs.openbaz.be\/stics\/wp-json\/wp\/v2\/formation_localite?post=11893"},{"taxonomy":"formation_categorie","embeddable":true,"href":"https:\/\/devs.openbaz.be\/stics\/wp-json\/wp\/v2\/formation_categorie?post=11893"},{"taxonomy":"formation_lieu","embeddable":true,"href":"https:\/\/devs.openbaz.be\/stics\/wp-json\/wp\/v2\/formation_lieu?post=11893"},{"taxonomy":"formation_formateur","embeddable":true,"href":"https:\/\/devs.openbaz.be\/stics\/wp-json\/wp\/v2\/formation_formateur?post=11893"},{"taxonomy":"formation_type_evenement","embeddable":true,"href":"https:\/\/devs.openbaz.be\/stics\/wp-json\/wp\/v2\/formation_type_evenement?post=11893"}],"curies":[{"name":"wp","href":"https:\/\/api.w.org\/{rel}","templated":true}]}}

Améliorer ses pratiques collectives et structurer son organisation avec la démarche qualité
