{"id":11862,"date":"2025-11-14T11:09:59","date_gmt":"2025-11-14T10:09:59","guid":{"rendered":"https:\/\/devs.openbaz.be\/stics\/agenda\/se-former-a-la-pratique-de-la-mediation-pour-mieux-gerer-des-situations-conflictuelles\/"},"modified":"2026-04-11T12:35:12","modified_gmt":"2026-04-11T10:35:12","slug":"se-former-a-la-pratique-de-la-mediation-pour-mieux-gerer-des-situations-conflictuelles","status":"publish","type":"formation","link":"https:\/\/devs.openbaz.be\/stics\/agenda\/se-former-a-la-pratique-de-la-mediation-pour-mieux-gerer-des-situations-conflictuelles\/","title":{"rendered":"Se former \u00e0 la pratique de la m\u00e9diation pour mieux g\u00e9rer des situations conflictuelles"},"content":{"rendered":"<p>Comment sortir d&rsquo;une situation conflictuelle et trouver un accord tout en pr&eacute;servant la relation&nbsp;? Comment restaurer le dialogue, dans le respect de tous les protagonistes&nbsp;?<\/p>\n<p>Que ce soit dans votre vie priv&eacute;e ou dans votre profession, que vous soyez partie au conflit ou que votre fonction vous am&egrave;ne &agrave; g&eacute;rer des conflits, cette formation peut vous aider &agrave; mieux g&eacute;rer les situations conflictuelles en prenant conscience de la mani&egrave;re dont vous appr&eacute;hendez les conflits, en apprenant les attitudes qui aident &agrave; leur r&eacute;solution et en vous dotant d&rsquo;outils pour mieux les g&eacute;rer.<\/p>","protected":false},"featured_media":10586,"template":"","formation_localite":[],"formation_categorie":[9,213],"formation_lieu":[33],"formation_formateur":[261],"formation_type_evenement":[278],"class_list":["post-11862","formation","type-formation","status-publish","has-post-thumbnail","hentry","formation_categorie-formation-categorie-4","formation_categorie-formation","formation_lieu-formation-lieu-22","formation_formateur-veronique-cambier","formation_type_evenement-formations-programmees"],"acf":[],"_links":{"self":[{"href":"https:\/\/devs.openbaz.be\/stics\/wp-json\/wp\/v2\/formation\/11862","targetHints":{"allow":["GET"]}}],"collection":[{"href":"https:\/\/devs.openbaz.be\/stics\/wp-json\/wp\/v2\/formation"}],"about":[{"href":"https:\/\/devs.openbaz.be\/stics\/wp-json\/wp\/v2\/types\/formation"}],"wp:featuredmedia":[{"embeddable":true,"href":"https:\/\/devs.openbaz.be\/stics\/wp-json\/wp\/v2\/media\/10586"}],"wp:attachment":[{"href":"https:\/\/devs.openbaz.be\/stics\/wp-json\/wp\/v2\/media?parent=11862"}],"wp:term":[{"taxonomy":"formation_localite","embeddable":true,"href":"https:\/\/devs.openbaz.be\/stics\/wp-json\/wp\/v2\/formation_localite?post=11862"},{"taxonomy":"formation_categorie","embeddable":true,"href":"https:\/\/devs.openbaz.be\/stics\/wp-json\/wp\/v2\/formation_categorie?post=11862"},{"taxonomy":"formation_lieu","embeddable":true,"href":"https:\/\/devs.openbaz.be\/stics\/wp-json\/wp\/v2\/formation_lieu?post=11862"},{"taxonomy":"formation_formateur","embeddable":true,"href":"https:\/\/devs.openbaz.be\/stics\/wp-json\/wp\/v2\/formation_formateur?post=11862"},{"taxonomy":"formation_type_evenement","embeddable":true,"href":"https:\/\/devs.openbaz.be\/stics\/wp-json\/wp\/v2\/formation_type_evenement?post=11862"}],"curies":[{"name":"wp","href":"https:\/\/api.w.org\/{rel}","templated":true}]}}

Se former à la pratique de la médiation pour mieux gérer des situations conflictuelles
