{"id":10750,"date":"2025-09-11T00:33:57","date_gmt":"2025-09-10T22:33:57","guid":{"rendered":"https:\/\/devs.openbaz.be\/stics\/?post_type=formation&#038;p=10750"},"modified":"2025-11-05T16:11:22","modified_gmt":"2025-11-05T15:11:22","slug":"table-ronde-prends-bien-soin-de-lautre","status":"publish","type":"formation","link":"https:\/\/devs.openbaz.be\/stics\/agenda\/table-ronde-prends-bien-soin-de-lautre\/","title":{"rendered":"Table ronde&nbsp;: Prends bien soin de l\u2019autre&nbsp;!"},"content":{"rendered":"\n<h2 class=\"wp-block-heading\">Comment (re)penser le \u00ab&nbsp;care&nbsp;\u00bb \u00e0 l\u2019\u00e9preuve du monde actuel&nbsp;?&nbsp;<\/h2>\n\n\n\n<p class=\"wp-block-paragraph\">Qu\u2019est ce qui peut faire soin aujourd\u2019hui&nbsp;? Y a-t-il des pr\u00e9alables, des conditions&nbsp;? Comment prendre soin, se soucier de, faire attention \u00e0, s\u2019occuper de l\u2019autre.<\/p>\n\n\n\n<p class=\"wp-block-paragraph\">Certains publics dits \u00ab&nbsp;vuln\u00e9rables&nbsp;\u00bb, pour des raisons endog\u00e8nes et\/ou exog\u00e8nes, ne sont pas ou ne sont plus en capacit\u00e9 d\u2019acc\u00e9der, d\u2019activer les offres de soins et les propositions d\u2019aide qui leur sont faites. Ces personnes passent \u00e0 travers les mailles du \u00ab&nbsp;filet socio-sanitaire&nbsp;\u00bb, sortent des radars, deviennent invisibles ou invisibilis\u00e9es. Elles ne recourent plus aux droits sociaux auxquels elles pourraient pr\u00e9tendre, perdent confiance dans les institutions et s\u2019en d\u00e9tournent.<\/p>\n\n\n\n<p class=\"wp-block-paragraph\">Par ailleurs, les politiques d\u2019aide sociale pr\u00e9supposent que ces m\u00eames personnes ont des capacit\u00e9s \u2013 et c\u2019est positif en soi \u2013 , qu\u2019elles peuvent \u00eatre actrices de leur propre changement. Mais quand le \u00ab&nbsp;elles peuvent&nbsp;\u00bb devient \u00ab&nbsp;elles doivent&nbsp;\u00bb (avoir un projet, s\u2019inscrire dans un programme, \u00e9tablir un contrat&#8230;), cela devient paradoxal dans la mesure o\u00f9 c\u2019est justement parce qu\u2019elles n\u2019arrivent pas \u00e0 s\u2019inscrire dans cette logique qu\u2019elles ont besoin d\u2019aide.<\/p>\n\n\n\n<p class=\"wp-block-paragraph\">Comment se pr\u00e9occuper de ces exp\u00e9riences subjectives de non-pouvoir, de cette incapacit\u00e9, momentan\u00e9e ou permanente \u00e0 demander, \u00e0 pousser la porte des institutions et comment penser nos offres\/lieux de soins en int\u00e9grant cette dimension de vuln\u00e9rabilit\u00e9&nbsp;?<\/p>\n\n\n\n<p class=\"wp-block-paragraph\">La table ronde croisera des points de vue \u2013 clinique, social, politique, culturel, architectural, urbanistique \u2013 autour de ces questions.&nbsp;<\/p>\n\n\n\n<h2 class=\"wp-block-heading\">Programme<\/h2>\n\n\n\n<p class=\"wp-block-paragraph\">18h00 \u2013 <strong>Accueil&nbsp;<\/strong><\/p>\n\n\n\n<p class=\"wp-block-paragraph\">18h30 \u2013 <strong>\u00ab&nbsp;Dans quelle pi\u00e8ce jouons-nous&nbsp;?&nbsp;\u00bb <\/strong><strong>La cuisine des P\u00e2tes au Beurre, un lieu d\u2019humanit\u00e9<\/strong><\/p>\n\n\n\n<ul class=\"wp-block-list\">\n<li><strong>Sophie MARINOPOULOS, <\/strong>psychologue, psychanalyste, fondatrice des espaces d\u2019accueil les P\u00e2tes au Beurre <\/li>\n\n\n\n<li><strong>Patrick PETITJEAN, <\/strong>psychologue \u2013 Groupe Sant\u00e9 Josaphat, P\u00e2tes au Beurre Bruxelles, CSSI Maison du Pont<\/li>\n<\/ul>\n\n\n\n<p class=\"wp-block-paragraph\">19h00 \u2013 <strong>Table ronde<\/strong><\/p>\n\n\n\n<ul class=\"wp-block-list\">\n<li><strong>Roland GORI, <\/strong>psychanalyste, professeur honoraire de psychopathologie clinique \u00e0 l\u2019Universit\u00e9 d\u2019Aix-Marseille, pr\u00e9sident de l\u2019Appel des appels<\/li>\n\n\n\n<li><strong>Fabrizio CANTELLI, <\/strong>docteur en sciences politiques de l\u2019ULB, chercheur associ\u00e9 au Centre de droit public et social&nbsp;(ULB)&nbsp;<\/li>\n\n\n\n<li><strong>Maylis de KERANGAL, <\/strong>\u00e9crivaine&nbsp;<\/li>\n\n\n\n<li><strong>Pierre BLONDEL, <\/strong>architecte<\/li>\n<\/ul>\n\n\n\n<p class=\"wp-block-paragraph\"><strong>Anim\u00e9e par <\/strong><strong>B\u00e9atrice DELVAUX<\/strong>, \u00e9ditorialiste en chef \u2013 Le Soir<\/p>\n\n\n\n<p class=\"wp-block-paragraph\">20h45 \u2013 <strong>\u00c9changes avec la salle<\/strong><\/p>\n\n\n\n<p class=\"wp-block-paragraph\">21h15 \u2013 <strong>Cocktail<\/strong><\/p>\n\n\n\n<h2 class=\"wp-block-heading\">Infos pratiques<\/h2>\n\n\n\n<p class=\"wp-block-paragraph\"><strong>Date&nbsp;: <\/strong>21 octobre 2025 \u2013 18:00 &#8211; 22:00<\/p>\n\n\n\n<p class=\"wp-block-paragraph\"><strong>Lieu&nbsp;:<\/strong> Auditorium Bel \u00e0 Tour et Taxis, Av du Port, 86c \u00e0 1000 Bruxelles<\/p>\n\n\n\n<p class=\"wp-block-paragraph\"><strong>Prix&nbsp;:<\/strong> 15&nbsp;\u20ac (10&nbsp;\u20ac pour les demandeurs d\u2019emploi et \u00e9tudiants)<br><br><\/p>\n\n\n\n<div class=\"wp-block-buttons is-layout-flex wp-block-buttons-is-layout-flex\">\n<div class=\"wp-block-button is-style-outline is-style-outline--1\"><a class=\"wp-block-button__link wp-element-button\" href=\"https:\/\/form.jotform.com\/251731098013047\" target=\"_blank\" rel=\"noreferrer noopener\">Inscrivez-vous en ligne <\/a><\/div>\n<\/div>","protected":false},"featured_media":10752,"template":"","formation_localite":[],"formation_categorie":[288,287],"formation_lieu":[],"formation_formateur":[],"formation_type_evenement":[284],"class_list":["post-10750","formation","type-formation","status-publish","has-post-thumbnail","hentry","formation_categorie-aide-sociale","formation_categorie-soins","formation_type_evenement-seminaires"],"acf":[],"_links":{"self":[{"href":"https:\/\/devs.openbaz.be\/stics\/wp-json\/wp\/v2\/formation\/10750","targetHints":{"allow":["GET"]}}],"collection":[{"href":"https:\/\/devs.openbaz.be\/stics\/wp-json\/wp\/v2\/formation"}],"about":[{"href":"https:\/\/devs.openbaz.be\/stics\/wp-json\/wp\/v2\/types\/formation"}],"wp:featuredmedia":[{"embeddable":true,"href":"https:\/\/devs.openbaz.be\/stics\/wp-json\/wp\/v2\/media\/10752"}],"wp:attachment":[{"href":"https:\/\/devs.openbaz.be\/stics\/wp-json\/wp\/v2\/media?parent=10750"}],"wp:term":[{"taxonomy":"formation_localite","embeddable":true,"href":"https:\/\/devs.openbaz.be\/stics\/wp-json\/wp\/v2\/formation_localite?post=10750"},{"taxonomy":"formation_categorie","embeddable":true,"href":"https:\/\/devs.openbaz.be\/stics\/wp-json\/wp\/v2\/formation_categorie?post=10750"},{"taxonomy":"formation_lieu","embeddable":true,"href":"https:\/\/devs.openbaz.be\/stics\/wp-json\/wp\/v2\/formation_lieu?post=10750"},{"taxonomy":"formation_formateur","embeddable":true,"href":"https:\/\/devs.openbaz.be\/stics\/wp-json\/wp\/v2\/formation_formateur?post=10750"},{"taxonomy":"formation_type_evenement","embeddable":true,"href":"https:\/\/devs.openbaz.be\/stics\/wp-json\/wp\/v2\/formation_type_evenement?post=10750"}],"curies":[{"name":"wp","href":"https:\/\/api.w.org\/{rel}","templated":true}]}}

<h2 class="wp-block-heading">Comment (re)penser le «&nbsp;care&nbsp;» à l’épreuve du monde actuel&nbsp;?&nbsp;</h2>



<p class="wp-block-paragraph">Qu’est ce qui peut faire soin aujourd’hui&nbsp;? Y a-t-il des préalables, des conditions&nbsp;? Comment prendre soin, se soucier de, faire attention à, s’occuper de l’autre.</p>



<p class="wp-block-paragraph">Certains publics dits «&nbsp;vulnérables&nbsp;», pour des raisons endogènes et/ou exogènes, ne sont pas ou ne sont plus en capacité d’accéder, d’activer les offres de soins et les propositions d’aide qui leur sont faites. Ces personnes passent à travers les mailles du «&nbsp;filet socio-sanitaire&nbsp;», sortent des radars, deviennent invisibles ou invisibilisées. Elles ne recourent plus aux droits sociaux auxquels elles pourraient prétendre, perdent confiance dans les institutions et s’en détournent.</p>



<p class="wp-block-paragraph">Par ailleurs, les politiques d’aide sociale présupposent que ces mêmes personnes ont des capacités – et c’est positif en soi – , qu’elles peuvent être actrices de leur propre changement. Mais quand le «&nbsp;elles peuvent&nbsp;» devient «&nbsp;elles doivent&nbsp;» (avoir un projet, s’inscrire dans un programme, établir un contrat&#8230;), cela devient paradoxal dans la mesure où c’est justement parce qu’elles n’arrivent pas à s’inscrire dans cette logique qu’elles ont besoin d’aide.</p>



<p class="wp-block-paragraph">Comment se préoccuper de ces expériences subjectives de non-pouvoir, de cette incapacité, momentanée ou permanente à demander, à pousser la porte des institutions et comment penser nos offres/lieux de soins en intégrant cette dimension de vulnérabilité&nbsp;?</p>



<p class="wp-block-paragraph">La table ronde croisera des points de vue – clinique, social, politique, culturel, architectural, urbanistique – autour de ces questions.&nbsp;</p>



<h2 class="wp-block-heading">Programme</h2>



<p class="wp-block-paragraph">18h00 – <strong>Accueil&nbsp;</strong></p>



<p class="wp-block-paragraph">18h30 – <strong>«&nbsp;Dans quelle pièce jouons-nous&nbsp;?&nbsp;» </strong><strong>La cuisine des Pâtes au Beurre, un lieu d’humanité</strong></p>



<ul class="wp-block-list">
<li><strong>Sophie MARINOPOULOS, </strong>psychologue, psychanalyste, fondatrice des espaces d’accueil les Pâtes au Beurre </li>



<li><strong>Patrick PETITJEAN, </strong>psychologue – Groupe Santé Josaphat, Pâtes au Beurre Bruxelles, CSSI Maison du Pont</li>
</ul>



<p class="wp-block-paragraph">19h00 – <strong>Table ronde</strong></p>



<ul class="wp-block-list">
<li><strong>Roland GORI, </strong>psychanalyste, professeur honoraire de psychopathologie clinique à l’Université d’Aix-Marseille, président de l’Appel des appels</li>



<li><strong>Fabrizio CANTELLI, </strong>docteur en sciences politiques de l’ULB, chercheur associé au Centre de droit public et social&nbsp;(ULB)&nbsp;</li>



<li><strong>Maylis de KERANGAL, </strong>écrivaine&nbsp;</li>



<li><strong>Pierre BLONDEL, </strong>architecte</li>
</ul>



<p class="wp-block-paragraph"><strong>Animée par </strong><strong>Béatrice DELVAUX</strong>, éditorialiste en chef – Le Soir</p>



<p class="wp-block-paragraph">20h45 – <strong>Échanges avec la salle</strong></p>



<p class="wp-block-paragraph">21h15 – <strong>Cocktail</strong></p>



<h2 class="wp-block-heading">Infos pratiques</h2>



<p class="wp-block-paragraph"><strong>Date&nbsp;: </strong>21 octobre 2025 – 18:00 &#8211; 22:00</p>



<p class="wp-block-paragraph"><strong>Lieu&nbsp;:</strong> Auditorium Bel à Tour et Taxis, Av du Port, 86c à 1000 Bruxelles</p>



<p class="wp-block-paragraph"><strong>Prix&nbsp;:</strong> 15&nbsp;€ (10&nbsp;€ pour les demandeurs d’emploi et étudiants)<br><br></p>



<div class="wp-block-buttons is-layout-flex wp-block-buttons-is-layout-flex">
<div class="wp-block-button is-style-outline is-style-outline--1"><a class="wp-block-button__link wp-element-button" href="https://form.jotform.com/251731098013047" target="_blank" rel="noreferrer noopener">Inscrivez-vous en ligne </a></div>
</div>
