{"id":9260,"date":"2021-08-30T14:03:25","date_gmt":"2021-08-30T12:03:25","guid":{"rendered":"https:\/\/devs.openbaz.be\/bruxellesfle\/?page_id=9260"},"modified":"2026-03-24T11:23:27","modified_gmt":"2026-03-24T10:23:27","slug":"focaalinaire-webinaire-focaale","status":"publish","type":"page","link":"https:\/\/devs.openbaz.be\/bruxellesfle\/focaalinaire-webinaire-focaale\/","title":{"rendered":"FOCAALinaire"},"content":{"rendered":"\t\t<div data-elementor-type=\"wp-page\" data-elementor-id=\"9260\" class=\"elementor elementor-9260\" data-elementor-post-type=\"page\">\n\t\t\t\t<div class=\"elementor-element elementor-element-2905a486 e-flex e-con-boxed e-con e-parent\" data-id=\"2905a486\" data-element_type=\"container\" data-e-type=\"container\">\n\t\t\t\t\t<div class=\"e-con-inner\">\n\t\t\t\t<div class=\"elementor-element elementor-element-23f60546 elementor-widget elementor-widget-image\" data-id=\"23f60546\" data-element_type=\"widget\" data-e-type=\"widget\" data-widget_type=\"image.default\">\n\t\t\t\t<div class=\"elementor-widget-container\">\n\t\t\t\t\t\t\t\t\t\t\t\t\t\t\t<img fetchpriority=\"high\" decoding=\"async\" width=\"500\" height=\"250\" src=\"https:\/\/devs.openbaz.be\/bruxellesfle\/wp-content\/uploads\/2021\/08\/miniature-focaalinaire.jpg\" class=\"attachment-full size-full wp-image-9220\" alt=\"\" srcset=\"https:\/\/devs.openbaz.be\/bruxellesfle\/wp-content\/uploads\/2021\/08\/miniature-focaalinaire.jpg 500w, https:\/\/devs.openbaz.be\/bruxellesfle\/wp-content\/uploads\/2021\/08\/miniature-focaalinaire-300x150.jpg 300w, https:\/\/devs.openbaz.be\/bruxellesfle\/wp-content\/uploads\/2021\/08\/miniature-focaalinaire-200x100.jpg 200w, https:\/\/devs.openbaz.be\/bruxellesfle\/wp-content\/uploads\/2021\/08\/miniature-focaalinaire-400x200.jpg 400w\" sizes=\"(max-width: 500px) 100vw, 500px\" \/>\t\t\t\t\t\t\t\t\t\t\t\t\t\t\t<\/div>\n\t\t\t\t<\/div>\n\t\t\t\t<div class=\"elementor-element elementor-element-3b52cac4 elementor-widget elementor-widget-text-editor\" data-id=\"3b52cac4\" data-element_type=\"widget\" data-e-type=\"widget\" data-widget_type=\"text-editor.default\">\n\t\t\t\t<div class=\"elementor-widget-container\">\n\t\t\t\t\t\t\t\t\t<div class=\"fusion-title title fusion-title-2 fusion-sep-none fusion-title-text fusion-title-size-six fusion-border-below-title\"><div id=\"729cd56697ad8b465\" class=\"panel-collapse collapse in\"><div class=\"panel-body toggle-content fusion-clearfix\"><div class=\"fusion-text\" style=\"text-align: left;\">Enseignement du fran\u00e7ais \u00e0 un public adulte non ou peu lecteur-scripteur : recherche, monde institutionnel et acteurs.trices du terrain se rencontrent autour des recommandations du projet FOCAALE.<\/div><div>\u00a0<\/div><\/div><div>Le FOCAALinaire s\u2019est d\u00e9roul\u00e9 en distanciel <strong>le lundi 28 juin 2021<\/strong>. Il a r\u00e9uni plus de 122 personnes.<\/div><\/div><\/div>\t\t\t\t\t\t\t\t<\/div>\n\t\t\t\t<\/div>\n\t\t\t\t\t<\/div>\n\t\t\t\t<\/div>\n\t\t<div class=\"elementor-element elementor-element-45f0cc34 e-flex e-con-boxed e-con e-parent\" data-id=\"45f0cc34\" data-element_type=\"container\" data-e-type=\"container\" data-settings=\"{&quot;background_background&quot;:&quot;classic&quot;}\">\n\t\t\t\t\t<div class=\"e-con-inner\">\n\t\t<div class=\"elementor-element elementor-element-7ab3074b e-con-full e-flex e-con e-child\" data-id=\"7ab3074b\" data-element_type=\"container\" data-e-type=\"container\" data-settings=\"{&quot;background_background&quot;:&quot;classic&quot;}\">\n\t\t\t\t<div class=\"elementor-element elementor-element-fc933fd elementor-widget elementor-widget-heading\" data-id=\"fc933fd\" data-element_type=\"widget\" data-e-type=\"widget\" data-widget_type=\"heading.default\">\n\t\t\t\t<div class=\"elementor-widget-container\">\n\t\t\t\t\t<h2 class=\"elementor-heading-title elementor-size-default\">Qu'est-ce que c'est ? <\/h2>\t\t\t\t<\/div>\n\t\t\t\t<\/div>\n\t\t\t\t<div class=\"elementor-element elementor-element-6517fcb4 elementor-widget elementor-widget-text-editor\" data-id=\"6517fcb4\" data-element_type=\"widget\" data-e-type=\"widget\" data-widget_type=\"text-editor.default\">\n\t\t\t\t<div class=\"elementor-widget-container\">\n\t\t\t\t\t\t\t\t\t<p><strong>Un webinaire<\/strong> d\u00e9di\u00e9 \u00e0 l\u2019enseignement du fran\u00e7ais \u00e0 un public adulte non ou peu lecteur \u2013 scripteur qui vise \u00e0 favoriser la r\u00e9flexion commune autour d\u2019exp\u00e9riences concr\u00e8tes dans ce domaine et \u00e0 stimuler la cr\u00e9ation de futures actions.<\/p><p><strong>Trois tables rondes<\/strong> entre acteurs\u00b7trices issu\u00b7e\u00b7s de diff\u00e9rents secteurs (terrain, recherche, institutions) et diff\u00e9rents pays francophones autour de l\u2019apprentissage de la langue fran\u00e7aise \u00e0 partir des recommandations du <a href=\"https:\/\/devs.openbaz.be\/bruxellesfle\/focaale\/\">projet Erasmus+ FOCAALE<\/a>.<\/p>\t\t\t\t\t\t\t\t<\/div>\n\t\t\t\t<\/div>\n\t\t\t\t<\/div>\n\t\t\t\t\t<\/div>\n\t\t\t\t<\/div>\n\t\t<div class=\"elementor-element elementor-element-50d72486 e-flex e-con-boxed e-con e-parent\" data-id=\"50d72486\" data-element_type=\"container\" data-e-type=\"container\">\n\t\t\t\t\t<div class=\"e-con-inner\">\n\t\t<div class=\"elementor-element elementor-element-20b8956c e-con-full e-flex e-con e-child\" data-id=\"20b8956c\" data-element_type=\"container\" data-e-type=\"container\">\n\t\t<div class=\"elementor-element elementor-element-41ab2c1a e-grid e-con-full e-con e-child\" data-id=\"41ab2c1a\" data-element_type=\"container\" data-e-type=\"container\">\n\t\t\t\t<div class=\"elementor-element elementor-element-1402217 elementor-widget elementor-widget-counter\" data-id=\"1402217\" data-element_type=\"widget\" data-e-type=\"widget\" data-widget_type=\"counter.default\">\n\t\t\t\t<div class=\"elementor-widget-container\">\n\t\t\t\t\t\t\t<div class=\"elementor-counter\">\n\t\t\t<div class=\"elementor-counter-title\">experts<\/div>\t\t\t<div class=\"elementor-counter-number-wrapper\">\n\t\t\t\t<span class=\"elementor-counter-number-prefix\"><\/span>\n\t\t\t\t<span class=\"elementor-counter-number\" data-duration=\"2000\" data-to-value=\"17\" data-from-value=\"0\" data-delimiter=\",\">0<\/span>\n\t\t\t\t<span class=\"elementor-counter-number-suffix\"><\/span>\n\t\t\t<\/div>\n\t\t<\/div>\n\t\t\t\t\t\t<\/div>\n\t\t\t\t<\/div>\n\t\t\t\t<div class=\"elementor-element elementor-element-35b8f1c7 elementor-widget elementor-widget-counter\" data-id=\"35b8f1c7\" data-element_type=\"widget\" data-e-type=\"widget\" data-widget_type=\"counter.default\">\n\t\t\t\t<div class=\"elementor-widget-container\">\n\t\t\t\t\t\t\t<div class=\"elementor-counter\">\n\t\t\t<div class=\"elementor-counter-title\">participant\u00b7e\u00b7s<\/div>\t\t\t<div class=\"elementor-counter-number-wrapper\">\n\t\t\t\t<span class=\"elementor-counter-number-prefix\"><\/span>\n\t\t\t\t<span class=\"elementor-counter-number\" data-duration=\"2000\" data-to-value=\"122\" data-from-value=\"0\" data-delimiter=\",\">0<\/span>\n\t\t\t\t<span class=\"elementor-counter-number-suffix\"><\/span>\n\t\t\t<\/div>\n\t\t<\/div>\n\t\t\t\t\t\t<\/div>\n\t\t\t\t<\/div>\n\t\t\t\t<div class=\"elementor-element elementor-element-7464a18a elementor-widget elementor-widget-counter\" data-id=\"7464a18a\" data-element_type=\"widget\" data-e-type=\"widget\" data-widget_type=\"counter.default\">\n\t\t\t\t<div class=\"elementor-widget-container\">\n\t\t\t\t\t\t\t<div class=\"elementor-counter\">\n\t\t\t<div class=\"elementor-counter-title\">pays d'origine<\/div>\t\t\t<div class=\"elementor-counter-number-wrapper\">\n\t\t\t\t<span class=\"elementor-counter-number-prefix\"><\/span>\n\t\t\t\t<span class=\"elementor-counter-number\" data-duration=\"2000\" data-to-value=\"13\" data-from-value=\"0\" data-delimiter=\",\">0<\/span>\n\t\t\t\t<span class=\"elementor-counter-number-suffix\"><\/span>\n\t\t\t<\/div>\n\t\t<\/div>\n\t\t\t\t\t\t<\/div>\n\t\t\t\t<\/div>\n\t\t\t\t<div class=\"elementor-element elementor-element-c771f89 elementor-widget elementor-widget-counter\" data-id=\"c771f89\" data-element_type=\"widget\" data-e-type=\"widget\" data-widget_type=\"counter.default\">\n\t\t\t\t<div class=\"elementor-widget-container\">\n\t\t\t\t\t\t\t<div class=\"elementor-counter\">\n\t\t\t<div class=\"elementor-counter-title\">satisfaction g\u00e9n\u00e9rale<\/div>\t\t\t<div class=\"elementor-counter-number-wrapper\">\n\t\t\t\t<span class=\"elementor-counter-number-prefix\"><\/span>\n\t\t\t\t<span class=\"elementor-counter-number\" data-duration=\"2000\" data-to-value=\"86\" data-from-value=\"0\" data-delimiter=\",\">0<\/span>\n\t\t\t\t<span class=\"elementor-counter-number-suffix\">%<\/span>\n\t\t\t<\/div>\n\t\t<\/div>\n\t\t\t\t\t\t<\/div>\n\t\t\t\t<\/div>\n\t\t\t\t<\/div>\n\t\t\t\t<\/div>\n\t\t\t\t\t<\/div>\n\t\t\t\t<\/div>\n\t\t<div class=\"elementor-element elementor-element-2a357d7 e-grid e-con-boxed e-con e-parent\" data-id=\"2a357d7\" data-element_type=\"container\" data-e-type=\"container\">\n\t\t\t\t\t<div class=\"e-con-inner\">\n\t\t\t\t<div class=\"elementor-element elementor-element-b587815 elementor-widget elementor-widget-video\" data-id=\"b587815\" data-element_type=\"widget\" data-e-type=\"widget\" data-settings=\"{&quot;youtube_url&quot;:&quot;https:\\\/\\\/www.youtube.com\\\/watch?v=zCj_ueqcsbU&amp;t=681s&quot;,&quot;video_type&quot;:&quot;youtube&quot;,&quot;controls&quot;:&quot;yes&quot;}\" data-widget_type=\"video.default\">\n\t\t\t\t<div class=\"elementor-widget-container\">\n\t\t\t\t\t\t\t<div class=\"elementor-wrapper elementor-open-inline\">\n\t\t\t<div class=\"elementor-video\"><\/div>\t\t<\/div>\n\t\t\t\t\t\t<\/div>\n\t\t\t\t<\/div>\n\t\t\t\t<div class=\"elementor-element elementor-element-9d40032 elementor-widget elementor-widget-video\" data-id=\"9d40032\" data-element_type=\"widget\" data-e-type=\"widget\" data-settings=\"{&quot;youtube_url&quot;:&quot;https:\\\/\\\/www.youtube.com\\\/watch?v=s5FH1Cha3f0&quot;,&quot;video_type&quot;:&quot;youtube&quot;,&quot;controls&quot;:&quot;yes&quot;}\" data-widget_type=\"video.default\">\n\t\t\t\t<div class=\"elementor-widget-container\">\n\t\t\t\t\t\t\t<div class=\"elementor-wrapper elementor-open-inline\">\n\t\t\t<div class=\"elementor-video\"><\/div>\t\t<\/div>\n\t\t\t\t\t\t<\/div>\n\t\t\t\t<\/div>\n\t\t\t\t<div class=\"elementor-element elementor-element-8a695d0 elementor-widget elementor-widget-video\" data-id=\"8a695d0\" data-element_type=\"widget\" data-e-type=\"widget\" data-settings=\"{&quot;youtube_url&quot;:&quot;https:\\\/\\\/www.youtube.com\\\/watch?v=_efcuFSpcJk&quot;,&quot;video_type&quot;:&quot;youtube&quot;,&quot;controls&quot;:&quot;yes&quot;}\" data-widget_type=\"video.default\">\n\t\t\t\t<div class=\"elementor-widget-container\">\n\t\t\t\t\t\t\t<div class=\"elementor-wrapper elementor-open-inline\">\n\t\t\t<div class=\"elementor-video\"><\/div>\t\t<\/div>\n\t\t\t\t\t\t<\/div>\n\t\t\t\t<\/div>\n\t\t\t\t\t<\/div>\n\t\t\t\t<\/div>\n\t\t<div class=\"elementor-element elementor-element-725e289 e-flex e-con-boxed e-con e-parent\" data-id=\"725e289\" data-element_type=\"container\" data-e-type=\"container\" data-settings=\"{&quot;background_background&quot;:&quot;classic&quot;}\">\n\t\t\t\t\t<div class=\"e-con-inner\">\n\t\t<div class=\"elementor-element elementor-element-356fc24f e-con-full e-flex e-con e-child\" data-id=\"356fc24f\" data-element_type=\"container\" data-e-type=\"container\" data-settings=\"{&quot;background_background&quot;:&quot;classic&quot;}\">\n\t\t\t\t<div class=\"elementor-element elementor-element-5722c586 elementor-widget elementor-widget-heading\" data-id=\"5722c586\" data-element_type=\"widget\" data-e-type=\"widget\" data-widget_type=\"heading.default\">\n\t\t\t\t<div class=\"elementor-widget-container\">\n\t\t\t\t\t<h2 class=\"elementor-heading-title elementor-size-default\">3 TABLES RONDES<\/h2>\t\t\t\t<\/div>\n\t\t\t\t<\/div>\n\t\t\t\t<div class=\"elementor-element elementor-element-47b86413 elementor-widget elementor-widget-text-editor\" data-id=\"47b86413\" data-element_type=\"widget\" data-e-type=\"widget\" data-widget_type=\"text-editor.default\">\n\t\t\t\t<div class=\"elementor-widget-container\">\n\t\t\t\t\t\t\t\t\t<ol><li><span style=\"text-decoration: underline;\"><strong>La professionnalisation du secteur<\/strong><\/span><\/li><\/ol><p>Formation des formateurs et formatrices, comp\u00e9tences \u00e0 d\u00e9velopper, litt\u00e9ratie, parcours de formation, enjeux.<\/p><ol start=\"2\"><li><span style=\"text-decoration: underline;\"><strong>Les besoins des apprenants et les dispositifs de formation<\/strong><\/span><\/li><\/ol><p>Approches de formation, supports utilis\u00e9s, constitution des groupes d\u2019apprentissage, organisation des cours et r\u00f4le du formateur.trice.<\/p><ol start=\"3\"><li><span style=\"text-decoration: underline;\"><strong>Les dynamiques partenariales<\/strong><\/span><\/li><\/ol><p>Collaboration multisectorielle, sortir des salles de formation, communaut\u00e9 d\u2019apprentissage, partenariats europ\u00e9en, Programme Erasmus+.<\/p>\t\t\t\t\t\t\t\t<\/div>\n\t\t\t\t<\/div>\n\t\t\t\t<\/div>\n\t\t\t\t\t<\/div>\n\t\t\t\t<\/div>\n\t\t<div class=\"elementor-element elementor-element-41a7ce0 e-grid e-con-boxed e-con e-parent\" data-id=\"41a7ce0\" data-element_type=\"container\" data-e-type=\"container\">\n\t\t\t\t\t<div class=\"e-con-inner\">\n\t\t\t\t<div class=\"elementor-element elementor-element-dcaa85b elementor-widget elementor-widget-image\" data-id=\"dcaa85b\" data-element_type=\"widget\" data-e-type=\"widget\" data-widget_type=\"image.default\">\n\t\t\t\t<div class=\"elementor-widget-container\">\n\t\t\t\t\t\t\t\t\t\t\t\t\t\t\t\t<a href=\"https:\/\/proforal.be\/\">\n\t\t\t\t\t\t\t<img decoding=\"async\" width=\"200\" height=\"200\" src=\"https:\/\/devs.openbaz.be\/bruxellesfle\/wp-content\/uploads\/2022\/06\/miniature-proforal-e1655818324233.png\" class=\"attachment-large size-large wp-image-10395\" alt=\"\" \/>\t\t\t\t\t\t\t\t<\/a>\n\t\t\t\t\t\t\t\t\t\t\t\t\t\t\t<\/div>\n\t\t\t\t<\/div>\n\t\t\t\t<div class=\"elementor-element elementor-element-e55b93f elementor-widget elementor-widget-image\" data-id=\"e55b93f\" data-element_type=\"widget\" data-e-type=\"widget\" data-widget_type=\"image.default\">\n\t\t\t\t<div class=\"elementor-widget-container\">\n\t\t\t\t\t\t\t\t\t\t\t\t\t\t\t<img decoding=\"async\" width=\"300\" height=\"300\" src=\"https:\/\/devs.openbaz.be\/bruxellesfle\/wp-content\/uploads\/2023\/10\/bxl-fle.png\" class=\"attachment-large size-large wp-image-11477\" alt=\"\" srcset=\"https:\/\/devs.openbaz.be\/bruxellesfle\/wp-content\/uploads\/2023\/10\/bxl-fle.png 300w, https:\/\/devs.openbaz.be\/bruxellesfle\/wp-content\/uploads\/2023\/10\/bxl-fle-150x150.png 150w, https:\/\/devs.openbaz.be\/bruxellesfle\/wp-content\/uploads\/2023\/10\/bxl-fle-250x250.png 250w, https:\/\/devs.openbaz.be\/bruxellesfle\/wp-content\/uploads\/2023\/10\/bxl-fle-66x66.png 66w, https:\/\/devs.openbaz.be\/bruxellesfle\/wp-content\/uploads\/2023\/10\/bxl-fle-200x200.png 200w, https:\/\/devs.openbaz.be\/bruxellesfle\/wp-content\/uploads\/2023\/10\/bxl-fle-45x45.png 45w\" sizes=\"(max-width: 300px) 100vw, 300px\" \/>\t\t\t\t\t\t\t\t\t\t\t\t\t\t\t<\/div>\n\t\t\t\t<\/div>\n\t\t\t\t<div class=\"elementor-element elementor-element-9685cd1 elementor-widget elementor-widget-image\" data-id=\"9685cd1\" data-element_type=\"widget\" data-e-type=\"widget\" data-widget_type=\"image.default\">\n\t\t\t\t<div class=\"elementor-widget-container\">\n\t\t\t\t\t\t\t\t\t\t\t\t\t\t\t\t<a href=\"https:\/\/www.france-education-international.fr\/\">\n\t\t\t\t\t\t\t<img loading=\"lazy\" decoding=\"async\" width=\"300\" height=\"300\" src=\"https:\/\/devs.openbaz.be\/bruxellesfle\/wp-content\/uploads\/2026\/02\/logo-ciep-france-educ-inter.png\" class=\"attachment-full size-full wp-image-13576\" alt=\"\" srcset=\"https:\/\/devs.openbaz.be\/bruxellesfle\/wp-content\/uploads\/2026\/02\/logo-ciep-france-educ-inter.png 300w, https:\/\/devs.openbaz.be\/bruxellesfle\/wp-content\/uploads\/2026\/02\/logo-ciep-france-educ-inter-150x150.png 150w\" sizes=\"(max-width: 300px) 100vw, 300px\" \/>\t\t\t\t\t\t\t\t<\/a>\n\t\t\t\t\t\t\t\t\t\t\t\t\t\t\t<\/div>\n\t\t\t\t<\/div>\n\t\t\t\t<div class=\"elementor-element elementor-element-ab9060c elementor-widget elementor-widget-image\" data-id=\"ab9060c\" data-element_type=\"widget\" data-e-type=\"widget\" data-widget_type=\"image.default\">\n\t\t\t\t<div class=\"elementor-widget-container\">\n\t\t\t\t\t\t\t\t\t\t\t\t\t\t\t\t<a href=\"https:\/\/www.clae.lu\/\">\n\t\t\t\t\t\t\t<img loading=\"lazy\" decoding=\"async\" width=\"200\" height=\"200\" src=\"https:\/\/devs.openbaz.be\/bruxellesfle\/wp-content\/uploads\/2020\/10\/miniature-clae.png\" class=\"attachment-large size-large wp-image-7736\" alt=\"\" srcset=\"https:\/\/devs.openbaz.be\/bruxellesfle\/wp-content\/uploads\/2020\/10\/miniature-clae.png 200w, https:\/\/devs.openbaz.be\/bruxellesfle\/wp-content\/uploads\/2020\/10\/miniature-clae-150x150.png 150w, https:\/\/devs.openbaz.be\/bruxellesfle\/wp-content\/uploads\/2020\/10\/miniature-clae-66x66.png 66w, https:\/\/devs.openbaz.be\/bruxellesfle\/wp-content\/uploads\/2020\/10\/miniature-clae-45x45.png 45w\" sizes=\"(max-width: 200px) 100vw, 200px\" \/>\t\t\t\t\t\t\t\t<\/a>\n\t\t\t\t\t\t\t\t\t\t\t\t\t\t\t<\/div>\n\t\t\t\t<\/div>\n\t\t\t\t<div class=\"elementor-element elementor-element-02cabdb elementor-widget elementor-widget-image\" data-id=\"02cabdb\" data-element_type=\"widget\" data-e-type=\"widget\" data-widget_type=\"image.default\">\n\t\t\t\t<div class=\"elementor-widget-container\">\n\t\t\t\t\t\t\t\t\t\t\t\t\t\t\t\t<a href=\"https:\/\/www.aslweb.fr\/\">\n\t\t\t\t\t\t\t<img loading=\"lazy\" decoding=\"async\" width=\"200\" height=\"200\" src=\"https:\/\/devs.openbaz.be\/bruxellesfle\/wp-content\/uploads\/2020\/10\/miniature-radyapng.png\" class=\"attachment-large size-large wp-image-7737\" alt=\"\" srcset=\"https:\/\/devs.openbaz.be\/bruxellesfle\/wp-content\/uploads\/2020\/10\/miniature-radyapng.png 200w, https:\/\/devs.openbaz.be\/bruxellesfle\/wp-content\/uploads\/2020\/10\/miniature-radyapng-150x150.png 150w, https:\/\/devs.openbaz.be\/bruxellesfle\/wp-content\/uploads\/2020\/10\/miniature-radyapng-66x66.png 66w, https:\/\/devs.openbaz.be\/bruxellesfle\/wp-content\/uploads\/2020\/10\/miniature-radyapng-45x45.png 45w\" sizes=\"(max-width: 200px) 100vw, 200px\" \/>\t\t\t\t\t\t\t\t<\/a>\n\t\t\t\t\t\t\t\t\t\t\t\t\t\t\t<\/div>\n\t\t\t\t<\/div>\n\t\t\t\t<div class=\"elementor-element elementor-element-1e5547c elementor-widget elementor-widget-image\" data-id=\"1e5547c\" data-element_type=\"widget\" data-e-type=\"widget\" data-widget_type=\"image.default\">\n\t\t\t\t<div class=\"elementor-widget-container\">\n\t\t\t\t\t\t\t\t\t\t\t\t\t\t\t\t<a href=\"https:\/\/devs.openbaz.be\/bruxellesfle\/focaale\/\">\n\t\t\t\t\t\t\t<img loading=\"lazy\" decoding=\"async\" width=\"200\" height=\"200\" src=\"https:\/\/devs.openbaz.be\/bruxellesfle\/wp-content\/uploads\/2020\/10\/miniature-focaale.png\" class=\"attachment-large size-large wp-image-7735\" alt=\"\" srcset=\"https:\/\/devs.openbaz.be\/bruxellesfle\/wp-content\/uploads\/2020\/10\/miniature-focaale.png 200w, https:\/\/devs.openbaz.be\/bruxellesfle\/wp-content\/uploads\/2020\/10\/miniature-focaale-150x150.png 150w, https:\/\/devs.openbaz.be\/bruxellesfle\/wp-content\/uploads\/2020\/10\/miniature-focaale-66x66.png 66w, https:\/\/devs.openbaz.be\/bruxellesfle\/wp-content\/uploads\/2020\/10\/miniature-focaale-45x45.png 45w\" sizes=\"(max-width: 200px) 100vw, 200px\" \/>\t\t\t\t\t\t\t\t<\/a>\n\t\t\t\t\t\t\t\t\t\t\t\t\t\t\t<\/div>\n\t\t\t\t<\/div>\n\t\t\t\t\t<\/div>\n\t\t\t\t<\/div>\n\t\t\t\t<\/div>\n\t\t","protected":false},"excerpt":{"rendered":"<p>Enseignement du fran\u00e7ais \u00e0 un public adulte non ou peu lecteur-scripteur : recherche, monde institutionnel et acteurs.trices du terrain se rencontrent autour des recommandations du projet FOCAALE.\u00a0Le FOCAALinaire s\u2019est d\u00e9roul\u00e9 en distanciel le lundi 28 juin 2021. Il a r\u00e9uni plus de 122 personnes. Qu&rsquo;est-ce que c&rsquo;est ? Un webinaire d\u00e9di\u00e9 \u00e0 l\u2019enseignement du fran\u00e7ais [&hellip;]<\/p>\n","protected":false},"author":46,"featured_media":0,"parent":0,"menu_order":0,"comment_status":"closed","ping_status":"closed","template":"","meta":{"footnotes":"","_links_to":"","_links_to_target":""},"class_list":["post-9260","page","type-page","status-publish","hentry"],"aioseo_notices":[],"_links":{"self":[{"href":"https:\/\/devs.openbaz.be\/bruxellesfle\/wp-json\/wp\/v2\/pages\/9260","targetHints":{"allow":["GET"]}}],"collection":[{"href":"https:\/\/devs.openbaz.be\/bruxellesfle\/wp-json\/wp\/v2\/pages"}],"about":[{"href":"https:\/\/devs.openbaz.be\/bruxellesfle\/wp-json\/wp\/v2\/types\/page"}],"author":[{"embeddable":true,"href":"https:\/\/devs.openbaz.be\/bruxellesfle\/wp-json\/wp\/v2\/users\/46"}],"replies":[{"embeddable":true,"href":"https:\/\/devs.openbaz.be\/bruxellesfle\/wp-json\/wp\/v2\/comments?post=9260"}],"version-history":[{"count":39,"href":"https:\/\/devs.openbaz.be\/bruxellesfle\/wp-json\/wp\/v2\/pages\/9260\/revisions"}],"predecessor-version":[{"id":14144,"href":"https:\/\/devs.openbaz.be\/bruxellesfle\/wp-json\/wp\/v2\/pages\/9260\/revisions\/14144"}],"wp:attachment":[{"href":"https:\/\/devs.openbaz.be\/bruxellesfle\/wp-json\/wp\/v2\/media?parent=9260"}],"curies":[{"name":"wp","href":"https:\/\/api.w.org\/{rel}","templated":true}]}}