{"id":9242,"date":"2021-08-18T15:15:43","date_gmt":"2021-08-18T13:15:43","guid":{"rendered":"https:\/\/devs.openbaz.be\/bruxellesfle\/?page_id=9242"},"modified":"2026-03-24T11:23:02","modified_gmt":"2026-03-24T10:23:02","slug":"salon-des-ressources","status":"publish","type":"page","link":"https:\/\/devs.openbaz.be\/bruxellesfle\/salon-des-ressources\/","title":{"rendered":"Salon des Ressources"},"content":{"rendered":"\t\t<div data-elementor-type=\"wp-page\" data-elementor-id=\"9242\" class=\"elementor elementor-9242\" data-elementor-post-type=\"page\">\n\t\t\t\t<div class=\"elementor-element elementor-element-53ed1933 e-flex e-con-boxed e-con e-parent\" data-id=\"53ed1933\" data-element_type=\"container\" data-e-type=\"container\">\n\t\t\t\t\t<div class=\"e-con-inner\">\n\t\t\t\t<div class=\"elementor-element elementor-element-317b74ed elementor-widget elementor-widget-image\" data-id=\"317b74ed\" data-element_type=\"widget\" data-e-type=\"widget\" data-widget_type=\"image.default\">\n\t\t\t\t<div class=\"elementor-widget-container\">\n\t\t\t\t\t\t\t\t\t\t\t\t\t\t\t<img fetchpriority=\"high\" decoding=\"async\" width=\"800\" height=\"280\" src=\"https:\/\/devs.openbaz.be\/bruxellesfle\/wp-content\/uploads\/2026\/02\/Banner-page-salon-ressources-800px.png\" class=\"attachment-full size-full wp-image-13545\" alt=\"\" srcset=\"https:\/\/devs.openbaz.be\/bruxellesfle\/wp-content\/uploads\/2026\/02\/Banner-page-salon-ressources-800px.png 800w, https:\/\/devs.openbaz.be\/bruxellesfle\/wp-content\/uploads\/2026\/02\/Banner-page-salon-ressources-800px-300x105.png 300w, https:\/\/devs.openbaz.be\/bruxellesfle\/wp-content\/uploads\/2026\/02\/Banner-page-salon-ressources-800px-768x269.png 768w\" sizes=\"(max-width: 800px) 100vw, 800px\" \/>\t\t\t\t\t\t\t\t\t\t\t\t\t\t\t<\/div>\n\t\t\t\t<\/div>\n\t\t\t\t<div class=\"elementor-element elementor-element-494ede2a elementor-widget elementor-widget-text-editor\" data-id=\"494ede2a\" data-element_type=\"widget\" data-e-type=\"widget\" data-widget_type=\"text-editor.default\">\n\t\t\t\t<div class=\"elementor-widget-container\">\n\t\t\t\t\t\t\t\t\t<div class=\"fusion-title title fusion-title-2 fusion-sep-none fusion-title-text fusion-title-size-six fusion-border-below-title\"><div id=\"729cd56697ad8b465\" class=\"panel-collapse collapse in\"><div class=\"panel-body toggle-content fusion-clearfix\"><div class=\"fusion-text\">Le salon des Ressources FLE a \u00e9t\u00e9 organis\u00e9 <strong>le mercredi<\/strong> <strong>26 mai 2021<\/strong> en distanciel.<\/div><\/div><\/div><\/div>\t\t\t\t\t\t\t\t<\/div>\n\t\t\t\t<\/div>\n\t\t\t\t\t<\/div>\n\t\t\t\t<\/div>\n\t\t<div class=\"elementor-element elementor-element-125c59bb e-flex e-con-boxed e-con e-parent\" data-id=\"125c59bb\" data-element_type=\"container\" data-e-type=\"container\">\n\t\t\t\t\t<div class=\"e-con-inner\">\n\t\t<div class=\"elementor-element elementor-element-549bb1e8 e-con-full e-flex e-con e-child\" data-id=\"549bb1e8\" data-element_type=\"container\" data-e-type=\"container\" data-settings=\"{&quot;background_background&quot;:&quot;classic&quot;}\">\n\t\t\t\t<div class=\"elementor-element elementor-element-3743eca3 elementor-widget elementor-widget-heading\" data-id=\"3743eca3\" data-element_type=\"widget\" data-e-type=\"widget\" data-widget_type=\"heading.default\">\n\t\t\t\t<div class=\"elementor-widget-container\">\n\t\t\t\t\t<h2 class=\"elementor-heading-title elementor-size-default\">Qu'est-ce que c'est ? <\/h2>\t\t\t\t<\/div>\n\t\t\t\t<\/div>\n\t\t\t\t<div class=\"elementor-element elementor-element-2bbcac12 elementor-widget elementor-widget-text-editor\" data-id=\"2bbcac12\" data-element_type=\"widget\" data-e-type=\"widget\" data-widget_type=\"text-editor.default\">\n\t\t\t\t<div class=\"elementor-widget-container\">\n\t\t\t\t\t\t\t\t\t<p>Un lieu virtuel pour pr\u00e9senter les r\u00e9sultats du projet europ\u00e9en <a href=\"https:\/\/www.bruxellesfle.be\/fle-et-europe\/#projets-europeens\" target=\"_blank\" rel=\"noopener\">FOCAALE<\/a>, o\u00f9 les formateurs\u00b7trices ont eu l\u2019occasion de d\u00e9couvrir une s\u00e9lection des meilleures ressources en ligne pour enseigner le fran\u00e7ais et de participer \u00e0 des ateliers de pr\u00e9sentation de 30 minutes au choix.<\/p><ul><li>les fiches et s\u00e9quences p\u00e9dagogiques de <a href=\"https:\/\/www.bruxellesfle.be\/salon-des-ressources-bruxelles-fle\/\">Bruxelles FLE<\/a> et celles d\u00e9velopp\u00e9es \u00e0 travers le <a href=\"https:\/\/www.bruxellesfle.be\/salon-des-ressources-fiches-focaale\/\">projet Erasmus+ FOCAALE<\/a><\/li><li>les ressources produites par nos partenaires belges : les sites <a href=\"https:\/\/www.bruxellesfle.be\/salon-des-ressources-alpha-tic\/\">ALPHA-TIC<\/a> de Lire et \u00c9crire Bruxelles et <a href=\"https:\/\/www.bruxellesfle.be\/salon-des-ressources-fle-en-recits\/\">FLE en r\u00e9cits<\/a> de la Haute \u00c9cole de Bruxelles-Brabant<\/li><li>les espaces d\u2019apprentissage de nos partenaires europ\u00e9ens : <a href=\"https:\/\/www.bruxellesfle.be\/salon-des-ressources-tv5-monde\/\">TV5MONDE<\/a>, <a href=\"https:\/\/www.bruxellesfle.be\/salon-des-ressources-emdl\/\">\u00c9ditions Maison des Langues<\/a> et l\u2019<a href=\"https:\/\/www.bruxellesfle.be\/salon-des-ressources-atilf\/\">Universit\u00e9 de Lorraine<\/a><\/li><\/ul>\t\t\t\t\t\t\t\t<\/div>\n\t\t\t\t<\/div>\n\t\t\t\t<\/div>\n\t\t\t\t\t<\/div>\n\t\t\t\t<\/div>\n\t\t<div class=\"elementor-element elementor-element-43c8609b e-flex e-con-boxed e-con e-parent\" data-id=\"43c8609b\" data-element_type=\"container\" data-e-type=\"container\" data-settings=\"{&quot;background_background&quot;:&quot;classic&quot;}\">\n\t\t\t\t\t<div class=\"e-con-inner\">\n\t\t\t\t<div class=\"elementor-element elementor-element-45b0f6a0 elementor-widget elementor-widget-heading\" data-id=\"45b0f6a0\" data-element_type=\"widget\" data-e-type=\"widget\" data-widget_type=\"heading.default\">\n\t\t\t\t<div class=\"elementor-widget-container\">\n\t\t\t\t\t<h2 class=\"elementor-heading-title elementor-size-default\">Les ateliers<\/h2>\t\t\t\t<\/div>\n\t\t\t\t<\/div>\n\t\t<div class=\"elementor-element elementor-element-1880d171 e-grid e-con-full e-transform e-con e-child\" data-id=\"1880d171\" data-element_type=\"container\" data-e-type=\"container\" data-settings=\"{&quot;_transform_skewX_effect_hover&quot;:{&quot;unit&quot;:&quot;px&quot;,&quot;size&quot;:0,&quot;sizes&quot;:[]},&quot;_transform_skewX_effect_hover_tablet&quot;:{&quot;unit&quot;:&quot;deg&quot;,&quot;size&quot;:&quot;&quot;,&quot;sizes&quot;:[]},&quot;_transform_skewX_effect_hover_mobile&quot;:{&quot;unit&quot;:&quot;deg&quot;,&quot;size&quot;:&quot;&quot;,&quot;sizes&quot;:[]},&quot;_transform_skewY_effect_hover&quot;:{&quot;unit&quot;:&quot;px&quot;,&quot;size&quot;:&quot;&quot;,&quot;sizes&quot;:[]},&quot;_transform_skewY_effect_hover_tablet&quot;:{&quot;unit&quot;:&quot;deg&quot;,&quot;size&quot;:&quot;&quot;,&quot;sizes&quot;:[]},&quot;_transform_skewY_effect_hover_mobile&quot;:{&quot;unit&quot;:&quot;deg&quot;,&quot;size&quot;:&quot;&quot;,&quot;sizes&quot;:[]}}\">\n\t\t\t\t<div class=\"elementor-element elementor-element-c29df81 elementor-position-top elementor-widget elementor-widget-image-box\" data-id=\"c29df81\" data-element_type=\"widget\" data-e-type=\"widget\" data-widget_type=\"image-box.default\">\n\t\t\t\t<div class=\"elementor-widget-container\">\n\t\t\t\t\t<div class=\"elementor-image-box-wrapper\"><figure class=\"elementor-image-box-img\"><a href=\"https:\/\/devs.openbaz.be\/bruxellesfle\/focaale\/\" tabindex=\"-1\"><img decoding=\"async\" width=\"200\" height=\"200\" src=\"https:\/\/devs.openbaz.be\/bruxellesfle\/wp-content\/uploads\/2020\/10\/miniature-focaale.png\" class=\"attachment-full size-full wp-image-7735\" alt=\"\" srcset=\"https:\/\/devs.openbaz.be\/bruxellesfle\/wp-content\/uploads\/2020\/10\/miniature-focaale.png 200w, https:\/\/devs.openbaz.be\/bruxellesfle\/wp-content\/uploads\/2020\/10\/miniature-focaale-150x150.png 150w, https:\/\/devs.openbaz.be\/bruxellesfle\/wp-content\/uploads\/2020\/10\/miniature-focaale-66x66.png 66w, https:\/\/devs.openbaz.be\/bruxellesfle\/wp-content\/uploads\/2020\/10\/miniature-focaale-45x45.png 45w\" sizes=\"(max-width: 200px) 100vw, 200px\" \/><\/a><\/figure><div class=\"elementor-image-box-content\"><h3 class=\"elementor-image-box-title\"><a href=\"https:\/\/devs.openbaz.be\/bruxellesfle\/focaale\/\">Atelier 1<\/a><\/h3><p class=\"elementor-image-box-description\"><i>Jonathan Szajman, Proforal ASBL\n<\/i><br><br>\nFiches p\u00e9dagogiques FOCAALE.\n<\/p><\/div><\/div>\t\t\t\t<\/div>\n\t\t\t\t<\/div>\n\t\t\t\t<div class=\"elementor-element elementor-element-0a5fd01 elementor-position-top elementor-widget elementor-widget-image-box\" data-id=\"0a5fd01\" data-element_type=\"widget\" data-e-type=\"widget\" data-widget_type=\"image-box.default\">\n\t\t\t\t<div class=\"elementor-widget-container\">\n\t\t\t\t\t<div class=\"elementor-image-box-wrapper\"><figure class=\"elementor-image-box-img\"><a href=\"https:\/\/devs.openbaz.be\/bruxellesfle\/focaale\/\" tabindex=\"-1\"><img decoding=\"async\" width=\"300\" height=\"300\" src=\"https:\/\/devs.openbaz.be\/bruxellesfle\/wp-content\/uploads\/2023\/10\/bxl-fle.png\" class=\"attachment-full size-full wp-image-11477\" alt=\"\" srcset=\"https:\/\/devs.openbaz.be\/bruxellesfle\/wp-content\/uploads\/2023\/10\/bxl-fle.png 300w, https:\/\/devs.openbaz.be\/bruxellesfle\/wp-content\/uploads\/2023\/10\/bxl-fle-150x150.png 150w, https:\/\/devs.openbaz.be\/bruxellesfle\/wp-content\/uploads\/2023\/10\/bxl-fle-250x250.png 250w, https:\/\/devs.openbaz.be\/bruxellesfle\/wp-content\/uploads\/2023\/10\/bxl-fle-66x66.png 66w, https:\/\/devs.openbaz.be\/bruxellesfle\/wp-content\/uploads\/2023\/10\/bxl-fle-200x200.png 200w, https:\/\/devs.openbaz.be\/bruxellesfle\/wp-content\/uploads\/2023\/10\/bxl-fle-45x45.png 45w\" sizes=\"(max-width: 300px) 100vw, 300px\" \/><\/a><\/figure><div class=\"elementor-image-box-content\"><h3 class=\"elementor-image-box-title\"><a href=\"https:\/\/devs.openbaz.be\/bruxellesfle\/focaale\/\">Atelier 2<\/a><\/h3><p class=\"elementor-image-box-description\"><i>Anna Ayanoglou, Proforal ASBL\n<\/i><br><br>\nFiches et s\u00e9quences p\u00e9dagogiques, activit\u00e9s interactives et supports illustr\u00e9s.\n<\/p><\/div><\/div>\t\t\t\t<\/div>\n\t\t\t\t<\/div>\n\t\t\t\t<div class=\"elementor-element elementor-element-0572690 elementor-position-top elementor-widget elementor-widget-image-box\" data-id=\"0572690\" data-element_type=\"widget\" data-e-type=\"widget\" data-widget_type=\"image-box.default\">\n\t\t\t\t<div class=\"elementor-widget-container\">\n\t\t\t\t\t<div class=\"elementor-image-box-wrapper\"><figure class=\"elementor-image-box-img\"><a href=\"https:\/\/www.alpha-tic.be\/\" tabindex=\"-1\"><img loading=\"lazy\" decoding=\"async\" width=\"200\" height=\"200\" src=\"https:\/\/devs.openbaz.be\/bruxellesfle\/wp-content\/uploads\/2026\/02\/miniature-alpha-tic-5.png\" class=\"attachment-full size-full wp-image-13550\" alt=\"\" srcset=\"https:\/\/devs.openbaz.be\/bruxellesfle\/wp-content\/uploads\/2026\/02\/miniature-alpha-tic-5.png 200w, https:\/\/devs.openbaz.be\/bruxellesfle\/wp-content\/uploads\/2026\/02\/miniature-alpha-tic-5-150x150.png 150w\" sizes=\"(max-width: 200px) 100vw, 200px\" \/><\/a><\/figure><div class=\"elementor-image-box-content\"><h3 class=\"elementor-image-box-title\"><a href=\"https:\/\/www.alpha-tic.be\/\">Atelier 3<\/a><\/h3><p class=\"elementor-image-box-description\"><i>Fabien Masson, Lire et \u00c9crire Bruxelles\n<\/i><br><br>\nSite ALPHA-TIC\n\nPra-TIC et multim\u00e9dia en alphab\u00e9tisation.\n<\/p><\/div><\/div>\t\t\t\t<\/div>\n\t\t\t\t<\/div>\n\t\t\t\t<div class=\"elementor-element elementor-element-25d4186 elementor-position-top elementor-widget elementor-widget-image-box\" data-id=\"25d4186\" data-element_type=\"widget\" data-e-type=\"widget\" data-widget_type=\"image-box.default\">\n\t\t\t\t<div class=\"elementor-widget-container\">\n\t\t\t\t\t<div class=\"elementor-image-box-wrapper\"><figure class=\"elementor-image-box-img\"><a href=\"https:\/\/fle-en-recits.be\/\" tabindex=\"-1\"><img loading=\"lazy\" decoding=\"async\" width=\"200\" height=\"200\" src=\"https:\/\/devs.openbaz.be\/bruxellesfle\/wp-content\/uploads\/2026\/02\/miniature-fle-en-recits-200px.png\" class=\"attachment-full size-full wp-image-13551\" alt=\"\" srcset=\"https:\/\/devs.openbaz.be\/bruxellesfle\/wp-content\/uploads\/2026\/02\/miniature-fle-en-recits-200px.png 200w, https:\/\/devs.openbaz.be\/bruxellesfle\/wp-content\/uploads\/2026\/02\/miniature-fle-en-recits-200px-150x150.png 150w\" sizes=\"(max-width: 200px) 100vw, 200px\" \/><\/a><\/figure><div class=\"elementor-image-box-content\"><h3 class=\"elementor-image-box-title\"><a href=\"https:\/\/fle-en-recits.be\/\">Atelier 4<\/a><\/h3><p class=\"elementor-image-box-description\"><i>V\u00e9ronique Fernandez, Haute \u00c9cole Bruxelles-Brabant (HE2B)\n<\/i><br><br>\nLe FLE en r\u00e9cits.<\/p><\/div><\/div>\t\t\t\t<\/div>\n\t\t\t\t<\/div>\n\t\t\t\t<div class=\"elementor-element elementor-element-6b3d27c elementor-position-top elementor-widget elementor-widget-image-box\" data-id=\"6b3d27c\" data-element_type=\"widget\" data-e-type=\"widget\" data-widget_type=\"image-box.default\">\n\t\t\t\t<div class=\"elementor-widget-container\">\n\t\t\t\t\t<div class=\"elementor-image-box-wrapper\"><figure class=\"elementor-image-box-img\"><a href=\"https:\/\/devs.openbaz.be\/bruxellesfle\/focaale\/\" tabindex=\"-1\"><img decoding=\"async\" width=\"200\" height=\"200\" src=\"https:\/\/devs.openbaz.be\/bruxellesfle\/wp-content\/uploads\/2020\/10\/miniature-focaale.png\" class=\"attachment-full size-full wp-image-7735\" alt=\"\" srcset=\"https:\/\/devs.openbaz.be\/bruxellesfle\/wp-content\/uploads\/2020\/10\/miniature-focaale.png 200w, https:\/\/devs.openbaz.be\/bruxellesfle\/wp-content\/uploads\/2020\/10\/miniature-focaale-150x150.png 150w, https:\/\/devs.openbaz.be\/bruxellesfle\/wp-content\/uploads\/2020\/10\/miniature-focaale-66x66.png 66w, https:\/\/devs.openbaz.be\/bruxellesfle\/wp-content\/uploads\/2020\/10\/miniature-focaale-45x45.png 45w\" sizes=\"(max-width: 200px) 100vw, 200px\" \/><\/a><\/figure><div class=\"elementor-image-box-content\"><h3 class=\"elementor-image-box-title\"><a href=\"https:\/\/devs.openbaz.be\/bruxellesfle\/focaale\/\">Atelier 5<\/a><\/h3><p class=\"elementor-image-box-description\"><i>Jonathan Szajman, Proforal ASBL\n<\/i><br><br>\nFormation de formateurs FOCAALE.\n<\/p><\/div><\/div>\t\t\t\t<\/div>\n\t\t\t\t<\/div>\n\t\t\t\t<div class=\"elementor-element elementor-element-d49151d elementor-position-top elementor-widget elementor-widget-image-box\" data-id=\"d49151d\" data-element_type=\"widget\" data-e-type=\"widget\" data-widget_type=\"image-box.default\">\n\t\t\t\t<div class=\"elementor-widget-container\">\n\t\t\t\t\t<div class=\"elementor-image-box-wrapper\"><figure class=\"elementor-image-box-img\"><a href=\"https:\/\/fli.atilf.fr\/\" tabindex=\"-1\"><img loading=\"lazy\" decoding=\"async\" width=\"200\" height=\"126\" src=\"https:\/\/devs.openbaz.be\/bruxellesfle\/wp-content\/uploads\/2021\/05\/miniature-atilf.png\" class=\"attachment-full size-full wp-image-8613\" alt=\"\" \/><\/a><\/figure><div class=\"elementor-image-box-content\"><h3 class=\"elementor-image-box-title\"><a href=\"https:\/\/fli.atilf.fr\/\">Atelier 6<\/a><\/h3><p class=\"elementor-image-box-description\"><i>Esther Beaudoin, Universit\u00e9 de Lorraine\n<\/i><br><br>\nPortail FL2I (Fran\u00e7ais langue d\u2019int\u00e9gration et d\u2019insertion).<\/p><\/div><\/div>\t\t\t\t<\/div>\n\t\t\t\t<\/div>\n\t\t\t\t<div class=\"elementor-element elementor-element-65d0f06 elementor-position-top elementor-widget elementor-widget-image-box\" data-id=\"65d0f06\" data-element_type=\"widget\" data-e-type=\"widget\" data-widget_type=\"image-box.default\">\n\t\t\t\t<div class=\"elementor-widget-container\">\n\t\t\t\t\t<div class=\"elementor-image-box-wrapper\"><figure class=\"elementor-image-box-img\"><a href=\"https:\/\/enseigner.tv5monde.com\/\" tabindex=\"-1\"><img loading=\"lazy\" decoding=\"async\" width=\"200\" height=\"126\" src=\"https:\/\/devs.openbaz.be\/bruxellesfle\/wp-content\/uploads\/2021\/05\/miniature-tv5-monde-2.png\" class=\"attachment-full size-full wp-image-8722\" alt=\"\" \/><\/a><\/figure><div class=\"elementor-image-box-content\"><h3 class=\"elementor-image-box-title\"><a href=\"https:\/\/enseigner.tv5monde.com\/\">Atelier 7<\/a><\/h3><p class=\"elementor-image-box-description\"><i>Richard Bossuet, TV5MONDE\n<\/i><br><br>\nApprendre et enseigner le fran\u00e7ais avec TV5MONDE.<\/p><\/div><\/div>\t\t\t\t<\/div>\n\t\t\t\t<\/div>\n\t\t\t\t<div class=\"elementor-element elementor-element-1c83ae2 elementor-position-top elementor-widget elementor-widget-image-box\" data-id=\"1c83ae2\" data-element_type=\"widget\" data-e-type=\"widget\" data-widget_type=\"image-box.default\">\n\t\t\t\t<div class=\"elementor-widget-container\">\n\t\t\t\t\t<div class=\"elementor-image-box-wrapper\"><figure class=\"elementor-image-box-img\"><a href=\"https:\/\/www.emdl.fr\/fle\" tabindex=\"-1\"><img loading=\"lazy\" decoding=\"async\" width=\"200\" height=\"126\" src=\"https:\/\/devs.openbaz.be\/bruxellesfle\/wp-content\/uploads\/2021\/05\/miniature-emdl.png\" class=\"attachment-full size-full wp-image-8615\" alt=\"\" \/><\/a><\/figure><div class=\"elementor-image-box-content\"><h3 class=\"elementor-image-box-title\"><a href=\"https:\/\/www.emdl.fr\/fle\">Atelier 8<\/a><\/h3><p class=\"elementor-image-box-description\"><i>S\u00e9verine Battais, Editions Maison des Langues\n<\/i><br><br>\nL\u2019Espace virtuel, un outil multifonction qui s\u2019adapte \u00e0 toutes les modalit\u00e9s d\u2019enseignement.<\/p><\/div><\/div>\t\t\t\t<\/div>\n\t\t\t\t<\/div>\n\t\t\t\t<\/div>\n\t\t\t\t\t<\/div>\n\t\t\t\t<\/div>\n\t\t<div class=\"elementor-element elementor-element-37d01748 e-flex e-con-boxed e-con e-parent\" data-id=\"37d01748\" data-element_type=\"container\" data-e-type=\"container\">\n\t\t\t\t\t<div class=\"e-con-inner\">\n\t\t<div class=\"elementor-element elementor-element-7a2aef7 e-con-full e-flex e-con e-child\" data-id=\"7a2aef7\" data-element_type=\"container\" data-e-type=\"container\">\n\t\t<div class=\"elementor-element elementor-element-4620a42f e-grid e-con-full e-con e-child\" data-id=\"4620a42f\" data-element_type=\"container\" data-e-type=\"container\">\n\t\t\t\t<div class=\"elementor-element elementor-element-5365655a elementor-widget elementor-widget-counter\" data-id=\"5365655a\" data-element_type=\"widget\" data-e-type=\"widget\" data-widget_type=\"counter.default\">\n\t\t\t\t<div class=\"elementor-widget-container\">\n\t\t\t\t\t\t\t<div class=\"elementor-counter\">\n\t\t\t<div class=\"elementor-counter-title\">ateliers<\/div>\t\t\t<div class=\"elementor-counter-number-wrapper\">\n\t\t\t\t<span class=\"elementor-counter-number-prefix\"><\/span>\n\t\t\t\t<span class=\"elementor-counter-number\" data-duration=\"2000\" data-to-value=\"8\" data-from-value=\"0\" data-delimiter=\",\">0<\/span>\n\t\t\t\t<span class=\"elementor-counter-number-suffix\"><\/span>\n\t\t\t<\/div>\n\t\t<\/div>\n\t\t\t\t\t\t<\/div>\n\t\t\t\t<\/div>\n\t\t\t\t<div class=\"elementor-element elementor-element-363e3c4b elementor-widget elementor-widget-counter\" data-id=\"363e3c4b\" data-element_type=\"widget\" data-e-type=\"widget\" data-widget_type=\"counter.default\">\n\t\t\t\t<div class=\"elementor-widget-container\">\n\t\t\t\t\t\t\t<div class=\"elementor-counter\">\n\t\t\t<div class=\"elementor-counter-title\">participant\u00b7e\u00b7s<\/div>\t\t\t<div class=\"elementor-counter-number-wrapper\">\n\t\t\t\t<span class=\"elementor-counter-number-prefix\"><\/span>\n\t\t\t\t<span class=\"elementor-counter-number\" data-duration=\"2000\" data-to-value=\"134\" data-from-value=\"0\" data-delimiter=\",\">0<\/span>\n\t\t\t\t<span class=\"elementor-counter-number-suffix\"><\/span>\n\t\t\t<\/div>\n\t\t<\/div>\n\t\t\t\t\t\t<\/div>\n\t\t\t\t<\/div>\n\t\t\t\t<div class=\"elementor-element elementor-element-25fc66ff elementor-widget elementor-widget-counter\" data-id=\"25fc66ff\" data-element_type=\"widget\" data-e-type=\"widget\" data-widget_type=\"counter.default\">\n\t\t\t\t<div class=\"elementor-widget-container\">\n\t\t\t\t\t\t\t<div class=\"elementor-counter\">\n\t\t\t<div class=\"elementor-counter-title\">pays d'origine<\/div>\t\t\t<div class=\"elementor-counter-number-wrapper\">\n\t\t\t\t<span class=\"elementor-counter-number-prefix\"><\/span>\n\t\t\t\t<span class=\"elementor-counter-number\" data-duration=\"2000\" data-to-value=\"18\" data-from-value=\"0\" data-delimiter=\",\">0<\/span>\n\t\t\t\t<span class=\"elementor-counter-number-suffix\"><\/span>\n\t\t\t<\/div>\n\t\t<\/div>\n\t\t\t\t\t\t<\/div>\n\t\t\t\t<\/div>\n\t\t\t\t<div class=\"elementor-element elementor-element-10906ca elementor-widget elementor-widget-counter\" data-id=\"10906ca\" data-element_type=\"widget\" data-e-type=\"widget\" data-widget_type=\"counter.default\">\n\t\t\t\t<div class=\"elementor-widget-container\">\n\t\t\t\t\t\t\t<div class=\"elementor-counter\">\n\t\t\t<div class=\"elementor-counter-title\">satisfaction g\u00e9n\u00e9rale<\/div>\t\t\t<div class=\"elementor-counter-number-wrapper\">\n\t\t\t\t<span class=\"elementor-counter-number-prefix\"><\/span>\n\t\t\t\t<span class=\"elementor-counter-number\" data-duration=\"2000\" data-to-value=\"92\" data-from-value=\"0\" data-delimiter=\",\">0<\/span>\n\t\t\t\t<span class=\"elementor-counter-number-suffix\">%<\/span>\n\t\t\t<\/div>\n\t\t<\/div>\n\t\t\t\t\t\t<\/div>\n\t\t\t\t<\/div>\n\t\t\t\t<\/div>\n\t\t\t\t<\/div>\n\t\t\t\t\t<\/div>\n\t\t\t\t<\/div>\n\t\t\t\t<\/div>\n\t\t","protected":false},"excerpt":{"rendered":"<p>Le salon des Ressources FLE a \u00e9t\u00e9 organis\u00e9 le mercredi 26 mai 2021 en distanciel. Qu&rsquo;est-ce que c&rsquo;est ? Un lieu virtuel pour pr\u00e9senter les r\u00e9sultats du projet europ\u00e9en FOCAALE, o\u00f9 les formateurs\u00b7trices ont eu l\u2019occasion de d\u00e9couvrir une s\u00e9lection des meilleures ressources en ligne pour enseigner le fran\u00e7ais et de participer \u00e0 des ateliers [&hellip;]<\/p>\n","protected":false},"author":46,"featured_media":0,"parent":0,"menu_order":0,"comment_status":"closed","ping_status":"closed","template":"","meta":{"footnotes":"","_links_to":"","_links_to_target":""},"class_list":["post-9242","page","type-page","status-publish","hentry"],"aioseo_notices":[],"_links":{"self":[{"href":"https:\/\/devs.openbaz.be\/bruxellesfle\/wp-json\/wp\/v2\/pages\/9242","targetHints":{"allow":["GET"]}}],"collection":[{"href":"https:\/\/devs.openbaz.be\/bruxellesfle\/wp-json\/wp\/v2\/pages"}],"about":[{"href":"https:\/\/devs.openbaz.be\/bruxellesfle\/wp-json\/wp\/v2\/types\/page"}],"author":[{"embeddable":true,"href":"https:\/\/devs.openbaz.be\/bruxellesfle\/wp-json\/wp\/v2\/users\/46"}],"replies":[{"embeddable":true,"href":"https:\/\/devs.openbaz.be\/bruxellesfle\/wp-json\/wp\/v2\/comments?post=9242"}],"version-history":[{"count":27,"href":"https:\/\/devs.openbaz.be\/bruxellesfle\/wp-json\/wp\/v2\/pages\/9242\/revisions"}],"predecessor-version":[{"id":14141,"href":"https:\/\/devs.openbaz.be\/bruxellesfle\/wp-json\/wp\/v2\/pages\/9242\/revisions\/14141"}],"wp:attachment":[{"href":"https:\/\/devs.openbaz.be\/bruxellesfle\/wp-json\/wp\/v2\/media?parent=9242"}],"curies":[{"name":"wp","href":"https:\/\/api.w.org\/{rel}","templated":true}]}}