{"id":12203,"date":"2025-08-07T14:40:54","date_gmt":"2025-08-07T12:40:54","guid":{"rendered":"https:\/\/devs.openbaz.be\/bruxellesfle\/?page_id=12203"},"modified":"2025-08-12T13:05:05","modified_gmt":"2025-08-12T11:05:05","slug":"certificat-en-didactique-du-fle","status":"publish","type":"page","link":"https:\/\/devs.openbaz.be\/bruxellesfle\/certificat-en-didactique-du-fle\/","title":{"rendered":"Certificat en didactique du FLE"},"content":{"rendered":"\t\t<div data-elementor-type=\"wp-page\" data-elementor-id=\"12203\" class=\"elementor elementor-12203\" data-elementor-post-type=\"page\">\n\t\t\t\t<div class=\"elementor-element elementor-element-59ae73b2 e-flex e-con-boxed e-con e-parent\" data-id=\"59ae73b2\" data-element_type=\"container\" data-e-type=\"container\">\n\t\t\t\t\t<div class=\"e-con-inner\">\n\t\t\t\t<div class=\"elementor-element elementor-element-4e9b677 elementor-widget elementor-widget-heading\" data-id=\"4e9b677\" data-element_type=\"widget\" data-e-type=\"widget\" data-widget_type=\"heading.default\">\n\t\t\t\t<div class=\"elementor-widget-container\">\n\t\t\t\t\t<h2 class=\"elementor-heading-title elementor-size-default\">Certificat universitaire en didactique du FLE<\/h2>\t\t\t\t<\/div>\n\t\t\t\t<\/div>\n\t\t\t\t<div class=\"elementor-element elementor-element-64f4dadb elementor-widget elementor-widget-text-editor\" data-id=\"64f4dadb\" data-element_type=\"widget\" data-e-type=\"widget\" data-widget_type=\"text-editor.default\">\n\t\t\t\t<div class=\"elementor-widget-container\">\n\t\t\t\t\t\t\t\t\t<div class=\"fusion-title title fusion-title-2 fusion-sep-none fusion-title-text fusion-title-size-six fusion-border-below-title\"><p>L\u2019<a href=\"https:\/\/uclouvain.be\/prog-2025-difl2fc\" target=\"_blank\" rel=\"noopener\">UCLouvain<\/a> et <a href=\"https:\/\/proforal.be\/\" target=\"_blank\" rel=\"noopener\">Proforal asbl<\/a> vous proposent une formation de formateurs FLE.<\/p><p>Cette formation continue s\u2019adresse \u00e0 toute personne, ayant ou non une exp\u00e9rience de formateur en fran\u00e7ais langue \u00e9trang\u00e8re, d\u00e9sireuse d\u2019\u00e9largir son champ de comp\u00e9tences par une formation sp\u00e9cifique en didactique du FLE.<\/p><p>Cette formation est accessible \u00e0 toute personne d\u00e9tentrice d\u2019un dipl\u00f4me en sciences humaines de l\u2019enseignement sup\u00e9rieur (de type long ou court) ou universitaire (id\u00e9alement porteuse d\u2019un titre p\u00e9dagogique). Il est \u00e9galement possible d\u2019introduire un dossier de valorisation des acquis d\u2019exp\u00e9rience (VAE) si les conditions ne sont pas remplies.<\/p><p>Pour les personnes francophones non natives, un niveau C1 est requis.<\/p><\/div>\t\t\t\t\t\t\t\t<\/div>\n\t\t\t\t<\/div>\n\t\t\t\t\t<\/div>\n\t\t\t\t<\/div>\n\t\t<div class=\"elementor-element elementor-element-d9e8fb5 e-flex e-con-boxed e-con e-parent\" data-id=\"d9e8fb5\" data-element_type=\"container\" data-e-type=\"container\">\n\t\t\t\t\t<div class=\"e-con-inner\">\n\t\t<div class=\"elementor-element elementor-element-209ff85 e-con-full e-flex e-con e-child\" data-id=\"209ff85\" data-element_type=\"container\" data-e-type=\"container\">\n\t\t\t\t<div class=\"elementor-element elementor-element-cad4545 elementor-widget elementor-widget-image\" data-id=\"cad4545\" data-element_type=\"widget\" data-e-type=\"widget\" data-widget_type=\"image.default\">\n\t\t\t\t<div class=\"elementor-widget-container\">\n\t\t\t\t\t\t\t\t\t\t\t\t\t\t\t<img decoding=\"async\" width=\"200\" height=\"200\" src=\"https:\/\/devs.openbaz.be\/bruxellesfle\/wp-content\/uploads\/2022\/06\/miniature-proforal-e1655818324233.png\" class=\"attachment-full size-full wp-image-10395\" alt=\"\" \/>\t\t\t\t\t\t\t\t\t\t\t\t\t\t\t<\/div>\n\t\t\t\t<\/div>\n\t\t\t\t<\/div>\n\t\t<div class=\"elementor-element elementor-element-df507ab e-con-full e-flex e-con e-child\" data-id=\"df507ab\" data-element_type=\"container\" data-e-type=\"container\">\n\t\t\t\t<div class=\"elementor-element elementor-element-c74eb87 elementor-widget elementor-widget-image\" data-id=\"c74eb87\" data-element_type=\"widget\" data-e-type=\"widget\" data-widget_type=\"image.default\">\n\t\t\t\t<div class=\"elementor-widget-container\">\n\t\t\t\t\t\t\t\t\t\t\t\t\t\t\t<img fetchpriority=\"high\" decoding=\"async\" width=\"300\" height=\"300\" src=\"https:\/\/devs.openbaz.be\/bruxellesfle\/wp-content\/uploads\/2022\/06\/miniature-ucl.jpg\" class=\"attachment-full size-full wp-image-10384\" alt=\"\" srcset=\"https:\/\/devs.openbaz.be\/bruxellesfle\/wp-content\/uploads\/2022\/06\/miniature-ucl.jpg 300w, https:\/\/devs.openbaz.be\/bruxellesfle\/wp-content\/uploads\/2022\/06\/miniature-ucl-150x150.jpg 150w, https:\/\/devs.openbaz.be\/bruxellesfle\/wp-content\/uploads\/2022\/06\/miniature-ucl-250x250.jpg 250w, https:\/\/devs.openbaz.be\/bruxellesfle\/wp-content\/uploads\/2022\/06\/miniature-ucl-66x66.jpg 66w, https:\/\/devs.openbaz.be\/bruxellesfle\/wp-content\/uploads\/2022\/06\/miniature-ucl-200x200.jpg 200w, https:\/\/devs.openbaz.be\/bruxellesfle\/wp-content\/uploads\/2022\/06\/miniature-ucl-45x45.jpg 45w\" sizes=\"(max-width: 300px) 100vw, 300px\" \/>\t\t\t\t\t\t\t\t\t\t\t\t\t\t\t<\/div>\n\t\t\t\t<\/div>\n\t\t\t\t<\/div>\n\t\t\t\t\t<\/div>\n\t\t\t\t<\/div>\n\t\t<div class=\"elementor-element elementor-element-05c7758 e-flex e-con-boxed e-con e-parent\" data-id=\"05c7758\" data-element_type=\"container\" data-e-type=\"container\">\n\t\t\t\t\t<div class=\"e-con-inner\">\n\t\t\t\t<div class=\"elementor-element elementor-element-e37fcf9 elementor-widget elementor-widget-heading\" data-id=\"e37fcf9\" data-element_type=\"widget\" data-e-type=\"widget\" data-widget_type=\"heading.default\">\n\t\t\t\t<div class=\"elementor-widget-container\">\n\t\t\t\t\t<h2 class=\"elementor-heading-title elementor-size-default\">Objectifs de la formation<\/h2>\t\t\t\t<\/div>\n\t\t\t\t<\/div>\n\t\t\t\t<div class=\"elementor-element elementor-element-c6685d9 elementor-widget elementor-widget-text-editor\" data-id=\"c6685d9\" data-element_type=\"widget\" data-e-type=\"widget\" data-widget_type=\"text-editor.default\">\n\t\t\t\t<div class=\"elementor-widget-container\">\n\t\t\t\t\t\t\t\t\t<div class=\"fusion-title title fusion-title-2 fusion-sep-none fusion-title-text fusion-title-size-six fusion-border-below-title\"><p>La formation se veut \u00e0 l\u2019\u00e9coute des besoins de la pratique et cherche \u00e0 valoriser les acquis th\u00e9oriques.<\/p><ul><li>Donner un cadre th\u00e9orique sp\u00e9cifique aux formateurs ou futurs formateurs<\/li><li>Dynamiser la r\u00e9flexion critique en didactique du FLE<\/li><li>Ma\u00eetriser des techniques p\u00e9dagogiques en FLE adapt\u00e9es aux publics et leurs sp\u00e9cificit\u00e9s<\/li><li>Stimuler la production d\u2019outils<\/li><li>Encourager le partage d\u2019exp\u00e9riences pratiques et d\u2019informations th\u00e9oriques<\/li><li>Valoriser son exp\u00e9rience professionnelle<\/li><\/ul><p>\u00a0<\/p><p>Ce programme est mis en \u0153uvre \u00e0 travers des cours th\u00e9oriques organis\u00e9s par l\u2019<strong>UCLouvain<\/strong> et des ateliers pratiques par <strong>Proforal, <\/strong>op\u00e9rateur de terrain sp\u00e9cialis\u00e9 dans l\u2019appui p\u00e9dagogique.<\/p><p>Tous les acquis sont ensuite r\u00e9investis lors de deux p\u00e9riodes de stages.<\/p><\/div>\t\t\t\t\t\t\t\t<\/div>\n\t\t\t\t<\/div>\n\t\t\t\t<div class=\"elementor-element elementor-element-c227aa4 elementor-widget elementor-widget-heading\" data-id=\"c227aa4\" data-element_type=\"widget\" data-e-type=\"widget\" data-widget_type=\"heading.default\">\n\t\t\t\t<div class=\"elementor-widget-container\">\n\t\t\t\t\t<h2 class=\"elementor-heading-title elementor-size-default\">Organisation<\/h2>\t\t\t\t<\/div>\n\t\t\t\t<\/div>\n\t\t\t\t<div class=\"elementor-element elementor-element-49fe7df elementor-widget elementor-widget-text-editor\" data-id=\"49fe7df\" data-element_type=\"widget\" data-e-type=\"widget\" data-widget_type=\"text-editor.default\">\n\t\t\t\t<div class=\"elementor-widget-container\">\n\t\t\t\t\t\t\t\t\t<div class=\"fusion-title title fusion-title-2 fusion-sep-none fusion-title-text fusion-title-size-six fusion-border-below-title\">Les modules sont organis\u00e9s afin d\u2019\u00eatre compatibles avec une activit\u00e9 professionnelle. Les cours et ateliers se d\u00e9roulent \u00e0 Louvain-la-Neuve et Bruxelles les mercredis apr\u00e8s-midi et les samedis.<\/div>\t\t\t\t\t\t\t\t<\/div>\n\t\t\t\t<\/div>\n\t\t\t\t<div class=\"elementor-element elementor-element-ae1994a elementor-widget elementor-widget-image\" data-id=\"ae1994a\" data-element_type=\"widget\" data-e-type=\"widget\" data-widget_type=\"image.default\">\n\t\t\t\t<div class=\"elementor-widget-container\">\n\t\t\t\t\t\t\t\t\t\t\t\t\t\t\t<img decoding=\"async\" width=\"600\" height=\"339\" src=\"https:\/\/devs.openbaz.be\/bruxellesfle\/wp-content\/uploads\/2025\/08\/Schema-certif-2.jpg\" class=\"attachment-large size-large wp-image-12206\" alt=\"\" srcset=\"https:\/\/devs.openbaz.be\/bruxellesfle\/wp-content\/uploads\/2025\/08\/Schema-certif-2.jpg 600w, https:\/\/devs.openbaz.be\/bruxellesfle\/wp-content\/uploads\/2025\/08\/Schema-certif-2-300x170.jpg 300w\" sizes=\"(max-width: 600px) 100vw, 600px\" \/>\t\t\t\t\t\t\t\t\t\t\t\t\t\t\t<\/div>\n\t\t\t\t<\/div>\n\t\t\t\t<div class=\"elementor-element elementor-element-fb99104 elementor-widget elementor-widget-heading\" data-id=\"fb99104\" data-element_type=\"widget\" data-e-type=\"widget\" data-widget_type=\"heading.default\">\n\t\t\t\t<div class=\"elementor-widget-container\">\n\t\t\t\t\t<h2 class=\"elementor-heading-title elementor-size-default\">Co\u00fbt<\/h2>\t\t\t\t<\/div>\n\t\t\t\t<\/div>\n\t\t\t\t<div class=\"elementor-element elementor-element-f1d3ef8 elementor-widget elementor-widget-text-editor\" data-id=\"f1d3ef8\" data-element_type=\"widget\" data-e-type=\"widget\" data-widget_type=\"text-editor.default\">\n\t\t\t\t<div class=\"elementor-widget-container\">\n\t\t\t\t\t\t\t\t\t<div class=\"fusion-title title fusion-title-2 fusion-sep-none fusion-title-text fusion-title-size-six fusion-border-below-title\"><p>Le co\u00fbt de la formation s\u2019\u00e9l\u00e8ve \u00e0 <strong>1115\u00a0euros<\/strong>.<\/p><p>Selon les conditions, vous pouvez vous renseigner aupr\u00e8s des offices de l\u2019emploi r\u00e9gionaux comme Actiris et le Forem pour de possibles <strong>aides financi\u00e8res \u00e0 la formation<\/strong>.<\/p><p>Pour les formateurs\u00b7rices FLE du <strong>secteur associatif bruxellois<\/strong>, un financement des frais d\u2019inscription est possible sous r\u00e9serve d\u2019acceptation du dossier.<\/p><\/div>\t\t\t\t\t\t\t\t<\/div>\n\t\t\t\t<\/div>\n\t\t\t\t<div class=\"elementor-element elementor-element-ca1446e elementor-widget elementor-widget-heading\" data-id=\"ca1446e\" data-element_type=\"widget\" data-e-type=\"widget\" data-widget_type=\"heading.default\">\n\t\t\t\t<div class=\"elementor-widget-container\">\n\t\t\t\t\t<h2 class=\"elementor-heading-title elementor-size-default\">Int\u00e9ress\u00e9\u00b7e ?<\/h2>\t\t\t\t<\/div>\n\t\t\t\t<\/div>\n\t\t\t\t<div class=\"elementor-element elementor-element-810013c elementor-widget elementor-widget-text-editor\" data-id=\"810013c\" data-element_type=\"widget\" data-e-type=\"widget\" data-widget_type=\"text-editor.default\">\n\t\t\t\t<div class=\"elementor-widget-container\">\n\t\t\t\t\t\t\t\t\t<div class=\"fusion-title title fusion-title-2 fusion-sep-none fusion-title-text fusion-title-size-six fusion-border-below-title\"><div class=\"fusion-text\"><p>Toutes les informations sont \u00e0 retrouver sur : <a href=\"https:\/\/uclouvain.be\/prog-2025-difl2fc\" target=\"_blank\" rel=\"noopener\">uclouvain.be\/prog-2025-difl2fc<\/a><\/p><p>Les admissions sont ouvertes.<\/p><p>Contactez\u00a0C\u00e9line Giraudeau\u00a0(<a href=\"mailto:c.giraudeau@proforal.be\" target=\"_blank\" rel=\"noopener\">c.giraudeau@proforal.be<\/a>) pour plus d\u2019informations.<\/p><\/div><\/div>\t\t\t\t\t\t\t\t<\/div>\n\t\t\t\t<\/div>\n\t\t\t\t\t<\/div>\n\t\t\t\t<\/div>\n\t\t<div class=\"elementor-element elementor-element-eeaa2f3 e-flex e-con-boxed e-con e-parent\" data-id=\"eeaa2f3\" data-element_type=\"container\" data-e-type=\"container\">\n\t\t\t\t\t<div class=\"e-con-inner\">\n\t\t\t\t<div class=\"elementor-element elementor-element-1f8a940 elementor-widget elementor-widget-heading\" data-id=\"1f8a940\" data-element_type=\"widget\" data-e-type=\"widget\" data-widget_type=\"heading.default\">\n\t\t\t\t<div class=\"elementor-widget-container\">\n\t\t\t\t\t<h2 class=\"elementor-heading-title elementor-size-default\">T\u00e9moignages<\/h2>\t\t\t\t<\/div>\n\t\t\t\t<\/div>\n\t\t\t\t<div class=\"elementor-element elementor-element-0708071 elementor-testimonial--skin-default elementor-testimonial--layout-image_inline elementor-testimonial--align-center elementor-arrows-yes elementor-pagination-type-bullets elementor-widget elementor-widget-testimonial-carousel\" data-id=\"0708071\" data-element_type=\"widget\" data-e-type=\"widget\" data-settings=\"{&quot;show_arrows&quot;:&quot;yes&quot;,&quot;pagination&quot;:&quot;bullets&quot;,&quot;speed&quot;:500,&quot;autoplay&quot;:&quot;yes&quot;,&quot;autoplay_speed&quot;:5000,&quot;loop&quot;:&quot;yes&quot;,&quot;pause_on_hover&quot;:&quot;yes&quot;,&quot;pause_on_interaction&quot;:&quot;yes&quot;,&quot;space_between&quot;:{&quot;unit&quot;:&quot;px&quot;,&quot;size&quot;:10,&quot;sizes&quot;:[]},&quot;space_between_tablet&quot;:{&quot;unit&quot;:&quot;px&quot;,&quot;size&quot;:10,&quot;sizes&quot;:[]},&quot;space_between_mobile&quot;:{&quot;unit&quot;:&quot;px&quot;,&quot;size&quot;:10,&quot;sizes&quot;:[]}}\" data-widget_type=\"testimonial-carousel.default\">\n\t\t\t\t<div class=\"elementor-widget-container\">\n\t\t\t\t\t\t\t\t\t<div class=\"elementor-swiper\">\n\t\t\t\t\t<div class=\"elementor-main-swiper swiper\" role=\"region\" aria-roledescription=\"carousel\" aria-label=\"Diapositives\">\n\t\t\t\t<div class=\"swiper-wrapper\">\n\t\t\t\t\t\t\t\t\t\t\t<div class=\"swiper-slide\" role=\"group\" aria-roledescription=\"slide\">\n\t\t\t\t\t\t\t\t\t<div class=\"elementor-testimonial\">\n\t\t\t\t\t\t\t<div class=\"elementor-testimonial__content\">\n\t\t\t\t\t<div class=\"elementor-testimonial__text\">\n\t\t\t\t\t\t\u00ab Le certificat permet de mettre un cadre th\u00e9orique autour de pratiques que plusieurs d\u2019entre nous avaient d\u00e9j\u00e0 sur le terrain.\nJe garde un bon souvenir de plusieurs cours. Le but pour moi c\u2019\u00e9tait aussi de valoriser le travail d\u2019enseignant\u00b7e en FLE. Par ailleurs j\u2019ai trouv\u00e9 chouette que le certificat rassemble des personnes de formations, bagages et cultures p\u00e9dagogiques diversifi\u00e9es. \u00bb\t\t\t\t\t<\/div>\n\t\t\t\t\t\t\t\t\t<\/div>\n\t\t\t\t\t\t<div class=\"elementor-testimonial__footer\">\n\t\t\t\t\t\t\t\t\t<div class=\"elementor-testimonial__image\">\n\t\t\t\t\t\t<img decoding=\"async\" src=\"https:\/\/devs.openbaz.be\/bruxellesfle\/wp-content\/plugins\/elementor\/assets\/images\/placeholder.png\" alt=\"Diana\">\n\t\t\t\t\t\t\t\t\t\t\t<\/div>\n\t\t\t\t\t\t\t\t<cite class=\"elementor-testimonial__cite\"><span class=\"elementor-testimonial__name\">Diana<\/span><span class=\"elementor-testimonial__title\">Formatrice en FLE et en alphab\u00e9tisation (secteur associatif) <br>dans le cadre de la formation linguistique du parcours d\u2019accueil bruxellois<\/span><\/cite>\t\t\t<\/div>\n\t\t<\/div>\n\t\t\t\t\t\t\t\t<\/div>\n\t\t\t\t\t\t\t\t\t\t\t<div class=\"swiper-slide\" role=\"group\" aria-roledescription=\"slide\">\n\t\t\t\t\t\t\t\t\t<div class=\"elementor-testimonial\">\n\t\t\t\t\t\t\t<div class=\"elementor-testimonial__content\">\n\t\t\t\t\t<div class=\"elementor-testimonial__text\">\n\t\t\t\t\t\t\u00ab On ne s\u2019improvise pas enseignant. Le certificat en didactique du FLE m\u2019a permis de d\u00e9couvrir ce m\u00e9tier, dans une atmosph\u00e8re conviviale et cr\u00e9ative. \u00bb\t\t\t\t\t<\/div>\n\t\t\t\t\t\t\t\t\t<\/div>\n\t\t\t\t\t\t<div class=\"elementor-testimonial__footer\">\n\t\t\t\t\t\t\t\t\t<div class=\"elementor-testimonial__image\">\n\t\t\t\t\t\t<img decoding=\"async\" src=\"https:\/\/devs.openbaz.be\/bruxellesfle\/wp-content\/plugins\/elementor\/assets\/images\/placeholder.png\" alt=\"Lucinda\">\n\t\t\t\t\t\t\t\t\t\t\t<\/div>\n\t\t\t\t\t\t\t\t<cite class=\"elementor-testimonial__cite\"><span class=\"elementor-testimonial__name\">Lucinda<\/span><span class=\"elementor-testimonial__title\">Interpr\u00e8te de conf\u00e9rence retrait\u00e9e, <br>b\u00e9n\u00e9vole dans l\u2019enseignement du FLE<\/span><\/cite>\t\t\t<\/div>\n\t\t<\/div>\n\t\t\t\t\t\t\t\t<\/div>\n\t\t\t\t\t\t\t\t\t\t\t<div class=\"swiper-slide\" role=\"group\" aria-roledescription=\"slide\">\n\t\t\t\t\t\t\t\t\t<div class=\"elementor-testimonial\">\n\t\t\t\t\t\t\t<div class=\"elementor-testimonial__content\">\n\t\t\t\t\t<div class=\"elementor-testimonial__text\">\n\t\t\t\t\t\t\u00ab Si je n\u2019avais qu\u2019un mot pour parler du certificat FLE, ce serait : enrichissant. En effet, autant les modules propos\u00e9s que le partage avec les autres \u00e9tudiants m\u2019ont permis d\u2019enrichir mon bagage en didactique du FLE. De plus, le cadre convivial et les comp\u00e9tences aiguis\u00e9es des formateurs m\u2019ont donn\u00e9 envie d\u2019assister \u00e0 chaque s\u00e9ance avec beaucoup d\u2019enthousiasme. \u00bb\t\t\t\t\t<\/div>\n\t\t\t\t\t\t\t\t\t<\/div>\n\t\t\t\t\t\t<div class=\"elementor-testimonial__footer\">\n\t\t\t\t\t\t\t\t\t<div class=\"elementor-testimonial__image\">\n\t\t\t\t\t\t<img decoding=\"async\" src=\"https:\/\/devs.openbaz.be\/bruxellesfle\/wp-content\/plugins\/elementor\/assets\/images\/placeholder.png\" alt=\"Isabelle\">\n\t\t\t\t\t\t\t\t\t\t\t<\/div>\n\t\t\t\t\t\t\t\t<cite class=\"elementor-testimonial__cite\"><span class=\"elementor-testimonial__name\">Isabelle<\/span><span class=\"elementor-testimonial__title\">Maitre assistante en langue fran\u00e7aise pour les \u00e9tudiants en bachelier AESI (agr\u00e9g\u00e9 de l\u2019enseignement secondaire inf\u00e9rieur), notamment pour les \u00e9tudiants de la section fran\u00e7ais-FLE<\/span><\/cite>\t\t\t<\/div>\n\t\t<\/div>\n\t\t\t\t\t\t\t\t<\/div>\n\t\t\t\t\t\t\t\t\t<\/div>\n\t\t\t\t\t\t\t\t\t\t\t\t\t\t\t<div class=\"elementor-swiper-button elementor-swiper-button-prev\" role=\"button\" tabindex=\"0\" aria-label=\"Pr\u00e9c\u00e9dent\">\n\t\t\t\t\t\t\t<svg aria-hidden=\"true\" class=\"e-font-icon-svg e-eicon-chevron-left\" viewBox=\"0 0 1000 1000\" xmlns=\"http:\/\/www.w3.org\/2000\/svg\"><path d=\"M646 125C629 125 613 133 604 142L308 442C296 454 292 471 292 487 292 504 296 521 308 533L604 854C617 867 629 875 646 875 663 875 679 871 692 858 704 846 713 829 713 812 713 796 708 779 692 767L438 487 692 225C700 217 708 204 708 187 708 171 704 154 692 142 675 129 663 125 646 125Z\"><\/path><\/svg>\t\t\t\t\t\t<\/div>\n\t\t\t\t\t\t<div class=\"elementor-swiper-button elementor-swiper-button-next\" role=\"button\" tabindex=\"0\" aria-label=\"Suivant\">\n\t\t\t\t\t\t\t<svg aria-hidden=\"true\" class=\"e-font-icon-svg e-eicon-chevron-right\" viewBox=\"0 0 1000 1000\" xmlns=\"http:\/\/www.w3.org\/2000\/svg\"><path d=\"M696 533C708 521 713 504 713 487 713 471 708 454 696 446L400 146C388 133 375 125 354 125 338 125 325 129 313 142 300 154 292 171 292 187 292 204 296 221 308 233L563 492 304 771C292 783 288 800 288 817 288 833 296 850 308 863 321 871 338 875 354 875 371 875 388 867 400 854L696 533Z\"><\/path><\/svg>\t\t\t\t\t\t<\/div>\n\t\t\t\t\t\t\t\t\t\t\t\t\t\t\t\t<div class=\"swiper-pagination\"><\/div>\n\t\t\t\t\t\t\t\t\t\t\t\t<\/div>\n\t\t\t\t<\/div>\n\t\t\t\t\t\t\t\t<\/div>\n\t\t\t\t<\/div>\n\t\t\t\t\t<\/div>\n\t\t\t\t<\/div>\n\t\t<div class=\"elementor-element elementor-element-fd1a43f e-flex e-con-boxed e-con e-parent\" data-id=\"fd1a43f\" data-element_type=\"container\" data-e-type=\"container\">\n\t\t\t\t\t<div class=\"e-con-inner\">\n\t\t\t\t<div class=\"elementor-element elementor-element-8037fb7 elementor-widget elementor-widget-text-editor\" data-id=\"8037fb7\" data-element_type=\"widget\" data-e-type=\"widget\" data-widget_type=\"text-editor.default\">\n\t\t\t\t<div class=\"elementor-widget-container\">\n\t\t\t\t\t\t\t\t\t<p>Formations cofinanc\u00e9es par l\u2019Union europ\u00e9enne.<\/p>\t\t\t\t\t\t\t\t<\/div>\n\t\t\t\t<\/div>\n\t\t\t\t\t<\/div>\n\t\t\t\t<\/div>\n\t\t<div class=\"elementor-element elementor-element-bf5665b e-flex e-con-boxed e-con e-parent\" data-id=\"bf5665b\" data-element_type=\"container\" data-e-type=\"container\">\n\t\t\t\t\t<div class=\"e-con-inner\">\n\t\t<div class=\"elementor-element elementor-element-02fe618 e-con-full e-flex e-con e-child\" data-id=\"02fe618\" data-element_type=\"container\" data-e-type=\"container\">\n\t\t\t\t<div class=\"elementor-element elementor-element-b8a1e5f elementor-widget elementor-widget-image\" data-id=\"b8a1e5f\" data-element_type=\"widget\" data-e-type=\"widget\" data-widget_type=\"image.default\">\n\t\t\t\t<div class=\"elementor-widget-container\">\n\t\t\t\t\t\t\t\t\t\t\t\t\t\t\t<img loading=\"lazy\" decoding=\"async\" width=\"400\" height=\"400\" src=\"https:\/\/devs.openbaz.be\/bruxellesfle\/wp-content\/uploads\/2023\/06\/miniature-europe-4-2.png\" class=\"attachment-medium_large size-medium_large wp-image-11261\" alt=\"\" srcset=\"https:\/\/devs.openbaz.be\/bruxellesfle\/wp-content\/uploads\/2023\/06\/miniature-europe-4-2.png 400w, https:\/\/devs.openbaz.be\/bruxellesfle\/wp-content\/uploads\/2023\/06\/miniature-europe-4-2-300x300.png 300w, https:\/\/devs.openbaz.be\/bruxellesfle\/wp-content\/uploads\/2023\/06\/miniature-europe-4-2-150x150.png 150w, https:\/\/devs.openbaz.be\/bruxellesfle\/wp-content\/uploads\/2023\/06\/miniature-europe-4-2-250x250.png 250w, https:\/\/devs.openbaz.be\/bruxellesfle\/wp-content\/uploads\/2023\/06\/miniature-europe-4-2-66x66.png 66w, https:\/\/devs.openbaz.be\/bruxellesfle\/wp-content\/uploads\/2023\/06\/miniature-europe-4-2-200x200.png 200w, https:\/\/devs.openbaz.be\/bruxellesfle\/wp-content\/uploads\/2023\/06\/miniature-europe-4-2-45x45.png 45w\" sizes=\"(max-width: 400px) 100vw, 400px\" \/>\t\t\t\t\t\t\t\t\t\t\t\t\t\t\t<\/div>\n\t\t\t\t<\/div>\n\t\t\t\t<\/div>\n\t\t<div class=\"elementor-element elementor-element-5dc08fc e-con-full e-flex e-con e-child\" data-id=\"5dc08fc\" data-element_type=\"container\" data-e-type=\"container\">\n\t\t\t\t<div class=\"elementor-element elementor-element-a2b6844 elementor-widget elementor-widget-image\" data-id=\"a2b6844\" data-element_type=\"widget\" data-e-type=\"widget\" data-widget_type=\"image.default\">\n\t\t\t\t<div class=\"elementor-widget-container\">\n\t\t\t\t\t\t\t\t\t\t\t\t\t\t\t<img loading=\"lazy\" decoding=\"async\" width=\"400\" height=\"400\" src=\"https:\/\/devs.openbaz.be\/bruxellesfle\/wp-content\/uploads\/2024\/04\/miniature-francophones-2.png\" class=\"attachment-medium_large size-medium_large wp-image-11914\" alt=\"\" srcset=\"https:\/\/devs.openbaz.be\/bruxellesfle\/wp-content\/uploads\/2024\/04\/miniature-francophones-2.png 400w, https:\/\/devs.openbaz.be\/bruxellesfle\/wp-content\/uploads\/2024\/04\/miniature-francophones-2-300x300.png 300w, https:\/\/devs.openbaz.be\/bruxellesfle\/wp-content\/uploads\/2024\/04\/miniature-francophones-2-150x150.png 150w\" sizes=\"(max-width: 400px) 100vw, 400px\" \/>\t\t\t\t\t\t\t\t\t\t\t\t\t\t\t<\/div>\n\t\t\t\t<\/div>\n\t\t\t\t<\/div>\n\t\t\t\t\t<\/div>\n\t\t\t\t<\/div>\n\t\t\t\t<\/div>\n\t\t","protected":false},"excerpt":{"rendered":"<p>Certificat universitaire en didactique du FLE L\u2019UCLouvain et Proforal asbl vous proposent une formation de formateurs FLE. Cette formation continue s\u2019adresse \u00e0 toute personne, ayant ou non une exp\u00e9rience de formateur en fran\u00e7ais langue \u00e9trang\u00e8re, d\u00e9sireuse d\u2019\u00e9largir son champ de comp\u00e9tences par une formation sp\u00e9cifique en didactique du FLE. Cette formation est accessible \u00e0 toute [&hellip;]<\/p>\n","protected":false},"author":46,"featured_media":0,"parent":0,"menu_order":0,"comment_status":"closed","ping_status":"closed","template":"","meta":{"footnotes":"","_links_to":"","_links_to_target":""},"class_list":["post-12203","page","type-page","status-publish","hentry"],"aioseo_notices":[],"_links":{"self":[{"href":"https:\/\/devs.openbaz.be\/bruxellesfle\/wp-json\/wp\/v2\/pages\/12203","targetHints":{"allow":["GET"]}}],"collection":[{"href":"https:\/\/devs.openbaz.be\/bruxellesfle\/wp-json\/wp\/v2\/pages"}],"about":[{"href":"https:\/\/devs.openbaz.be\/bruxellesfle\/wp-json\/wp\/v2\/types\/page"}],"author":[{"embeddable":true,"href":"https:\/\/devs.openbaz.be\/bruxellesfle\/wp-json\/wp\/v2\/users\/46"}],"replies":[{"embeddable":true,"href":"https:\/\/devs.openbaz.be\/bruxellesfle\/wp-json\/wp\/v2\/comments?post=12203"}],"version-history":[{"count":40,"href":"https:\/\/devs.openbaz.be\/bruxellesfle\/wp-json\/wp\/v2\/pages\/12203\/revisions"}],"predecessor-version":[{"id":12259,"href":"https:\/\/devs.openbaz.be\/bruxellesfle\/wp-json\/wp\/v2\/pages\/12203\/revisions\/12259"}],"wp:attachment":[{"href":"https:\/\/devs.openbaz.be\/bruxellesfle\/wp-json\/wp\/v2\/media?parent=12203"}],"curies":[{"name":"wp","href":"https:\/\/api.w.org\/{rel}","templated":true}]}}